-- Table structure for table `product_description`
--

CREATE TABLE `product_description` (
  `product_id` int(11) NOT NULL,
  `language_id` int(11) NOT NULL,
  `name` varchar(255) NOT NULL,
  `description` text NOT NULL,
  `tag` text NOT NULL,
  `meta_title` varchar(255) NOT NULL,
  `meta_description` varchar(255) NOT NULL,
  `meta_keyword` varchar(255) NOT NULL,
  `seo_keyword` varchar(255) NOT NULL,
  `seo_h1` varchar(255) NOT NULL,
  `seo_h2` varchar(255) NOT NULL,
  `seo_h3` varchar(255) NOT NULL,
  `image_title` varchar(255) NOT NULL,
  `image_alt` varchar(255) NOT NULL
) ENGINE=MyISAM DEFAULT CHARSET=utf8;

--
-- Dumping data for table `product_description`
--

INSERT INTO `product_description` (`product_id`, `language_id`, `name`, `description`, `tag`, `meta_title`, `meta_description`, `meta_keyword`, `seo_keyword`, `seo_h1`, `seo_h2`, `seo_h3`, `image_title`, `image_alt`) VALUES
(4, 1, 'UBox8 Pro Max 6K GEN8 TV Box by Unblock Tech | Worldwide Applicable', '&lt;h1&gt;&lt;span style=&quot;font-size:20px;&quot;&gt;Ubox8 Pro Max&amp;nbsp;6K GEN8&amp;nbsp;TV Box By Unblock Tech | Worldwide Applicable&lt;/span&gt;&lt;/h1&gt;\n\n&lt;h2&gt;&lt;span style=&quot;font-size:18px;&quot;&gt;&lt;strong&gt;8 Core | 4GB DDR3 | 64GB Flash&lt;/strong&gt;&lt;/span&gt;&lt;/h2&gt;\n\n&lt;p&gt;&lt;img alt=&quot;UBox8 Pro Max 6K GEN8 TV Box by Unblock Tech&quot; longdesc=&quot;UBox8 Pro Max 6K GEN8 TV Box by Unblock Tech&quot; src=&quot;/image/catalog/all/items/unblock-tech/ubox8-pro-max/content/unblock-ubox8-content-en-800x3193.jpg&quot; style=&quot;height:3793px; width:800px&quot; /&gt;&lt;/p&gt;\n', 'unblock,tech,ubox8,pro,max,6k,gen8,tv,box,by,unblock,tech,ubox8promax', 'BossTV V4 Voice Search TV Box | Worldwide Applicable - BOSSV4', 'UBox8 Pro Max 6K GEN8 TV Box by Unblock Tech - UBOX8PROMAX - Chinese New Year - Unblock Ubox Pro 2 GEN6 4K TV Box Designed for worldwide to use, with 1,500 channels. Features The latest upgrade in software and hardware,Four big independent servers UNBLOCK', 'unblock tech, ubox8 pro max 6k gen8 tv box by unblock tech, ubox8promax, chinese new year', 'unblock-tech-ubox8-pro-max', '', '', '', '', ''),
(6, 1, 'Boss TV V3 X Voice Search TV Box | Worldwide Applicable', '&lt;div class=&quot;embed-container&quot;&gt;\n&lt;video controls=&quot;&quot; muted=&quot;&quot; width=&quot;720&quot;&gt;&lt;source src=&quot;../image/catalog/all/items/bosstv/bossv3x/bosstv-v3x-video-00.mp4&quot; type=&quot;video/mp4&quot; /&gt;&lt;/video&gt;\n&lt;/div&gt;\n\n&lt;h1&gt;BossTV V3 X Voice Search TV Box | Worldwide Applicable - BOSSV3X&lt;/h1&gt;\n\n&lt;div&gt;&lt;img alt=&quot;BossTV V3 X Voice Search TV Box&quot; class=&quot;desc-banner&quot; src=&quot;../image/catalog/all/items/bosstv/bossv3x/content/bosstv-v3x-1360x2720_01.jpg&quot; style=&quot;width:100%&quot; /&gt; &lt;img alt=&quot;BossTV V3 X Voice Search TV Box&quot; class=&quot;desc-banner&quot; src=&quot;../image/catalog/all/items/bosstv/bossv3x/content/bosstv-v3x-1360x2720_02.jpg&quot; style=&quot;width:100%&quot; /&gt; &lt;img alt=&quot;BossTV V3 X Voice Search TV Box&quot; class=&quot;desc-banner&quot; src=&quot;../image/catalog/all/items/bosstv/bossv3x/content/bosstv-v3x-1360x2720_03.jpg&quot; style=&quot;width:100%&quot; /&gt;&lt;/div&gt;\n', 'bosstv,bosstv,v3,x,voice,search,tv,box,|,worldwide,applicable,bossv3x', 'UBox8 Pro Max 6K GEN8 TV Box by Unblock Tech - UBOX8PROMAX', 'BossTV V3 X Voice Search TV Box | Worldwide Applicable - BOSSV3X - Chinese New Year - BossTV V3 X Voice Search TV Box | International Version | Worldwide Applicable - BOSSV3X - Chinese New Year-', 'bosstv, bosstv v3x, bossv3x', 'bosstv-v3x-tv-box', '', '', '', '', ''),
(8, 1, 'EVPad 6P', '&lt;h1&gt;EVPad 6P&amp;nbsp;TV Box&lt;/h1&gt;', '', 'EVPad 6P 4GB+64GB with Voice Search', 'EVPad 6P 4GB+32GB Voice Search', '', '', '', '', '', '', ''),
(1, 1, 'Boss TV  Remote Control', '&lt;h1&gt;&lt;span style=&quot;font-size:20px;&quot;&gt;Boss TV set-top&amp;nbsp;box Remote Control&lt;/span&gt;&lt;/h1&gt;\n\n&lt;h2&gt;&lt;span style=&quot;font-size:18px;&quot;&gt;Support Bosstv v1, v2, and v3&lt;/span&gt;&lt;/h2&gt;\n', 'bosstv, boss tv remote control', 'boss tv remote control', 'boss tv remote control', 'boss tv remote control', 'boss-tv-remote-control', '', '', '', '', ''),
(10, 1, 'HKE360 Max', '&lt;h1&gt;HKE360 Max&amp;nbsp;TV Box&lt;/h1&gt;', '', 'HKE360 Max', 'HKE360 Max 4GB+128GB Voice Search', '', '', '', '', '', '', ''),
(2, 1, 'Boss TV  Version 3 Power Adapter', '&lt;h1&gt;Boss TV Version 3 Power Adapter&lt;/h1&gt;\n', 'bosstv,boss,tv,version,3,power,adapter,bosstv-remote', 'Boss TV  Version 3 Power Adapter - BOSSTV-REMOTE', 'Boss TV  Version 3 Power Adapter - BOSSTV-REMOTE - Chinese New Year - Boss TV set-op box Remote Control', 'bosstv, boss tv  version 3 power adapter, bosstv-remote, chinese new year', 'boss-tv-version-3-power-adapter', '', '', '', '', ''),
(3, 1, 'EVPad 5P 4GB+32GB Voice Search', '&lt;h1&gt;EVPad 5P&amp;nbsp;TV Box&lt;/h1&gt;\n', 'evpad,evpad,5p,4gb+32gb,voice,search,5p', 'BossTV V3 X Voice Search TV Box | Worldwide Applicable - BOSSV3X', 'EVPad 5P 4GB+32GB Voice Search - 5P - Chinese New Year - EVPad 5P TV Box', 'evpad, evpad 5p 4gb+32gb voice search, 5p, chinese new year', 'evpad-5p', '', '', '', '', ''),
(11, 1, 'Long Clamping Bolt | Peak Design', '&lt;p&gt;A set of 2 long clamping bolts for Capture&amp;reg; v2 and CapturePRO&amp;reg;, allowing Capture to fit around thicker straps. Recommended for straps that are thicker than 0.5 in (1.3 cm). Note that these are the same clamping bolts that come with the PROpad&amp;trade; and P.O.V. Kit.&lt;/p&gt;\n\n&lt;h2&gt;&amp;nbsp;&lt;/h2&gt;\n\n&lt;ul&gt;\n	&lt;li&gt;\n	&lt;h3&gt;Mount Capture on extra-thick straps&lt;/h3&gt;\n\n	&lt;p&gt;Replace Capture&amp;#39;s standard clamping bolts with these longer bolts and easily mount Capture onto straps thicker than 0.5 in (1.3 cm).&lt;/p&gt;\n	&lt;/li&gt;\n	&lt;li&gt;\n	&lt;h3&gt;Easily use Capture with PROpad and P.O.V. Kit&lt;/h3&gt;\n\n	&lt;p&gt;Some Capture accessories come with stabilizing pads that Capture clamps onto. These longer bolts (already included with PROpad and P.O.V. Kit) make it easier to mount Capture on these pads.&lt;/p&gt;\n	&lt;/li&gt;\n	&lt;li&gt;\n	&lt;h3&gt;Ultra-durable construction&lt;/h3&gt;\n\n	&lt;p&gt;Anodized aluminum heads with stainless steel shafts - weatherproof and built to last a lifetime.&lt;/p&gt;\n	&lt;/li&gt;\n	&lt;li&gt;\n	&lt;h3&gt;Superior locking ability&lt;/h3&gt;\n\n	&lt;p&gt;Our Capture v2 bolts are an improved design from our v1 bolts - they feature a special head geometry that prevents Capture from loosening on your backpack strap during use.&lt;/p&gt;\n	&lt;/li&gt;\n&lt;/ul&gt;\n', 'Long Clamping Bolt | Peak Design,CB-8L', 'Long Clamping Bolt | Peak Design - CB-8L', 'Long Clamping Bolt | Peak Design - CB-8L -  - A set of 2 long clamping bolts for Capture® v2 and CapturePRO®, allowing Capture to fit around thicker straps. Recommended for straps that are thicker than 0.5 in (1.3 cm). Note that these are the same clampin', 'long clamping bolt | peak design, cb-8l', 'long-clamping-bolt-peak-design', 'Long Clamping Bolt | Peak Design', 'Long Clamping Bolt | Peak Design', 'Long Clamping Bolt | Peak Design', 'Long Clamping Bolt | Peak Design', 'Long Clamping Bolt | Peak Design'),
(9, 1, 'UBox9 Pro Max 6K GEN9 TV Box by Unblock Tech | Worldwide Applicable', '&lt;h1&gt;Ubox9 Pro Max&amp;nbsp;6K GEN8&amp;nbsp;TV Box By Unblock Tech | Worldwide Applicable&lt;/h1&gt;\n\n&lt;h2&gt;&lt;strong&gt;8 Core | 4GB DDR3 | 64GB Flash&lt;/strong&gt;&lt;/h2&gt;\n', 'UBox9 Pro Max 6K GEN9 TV Box by Unblock Tech | Worldwide Applicable,UBOX9PROMAX,Streaming &amp; Home Media Players', 'UBox9 Pro Max 6K GEN9 TV Box by Unblock Tech | Worldwide Applicable - UBOX9PROMAX', 'UBox9 Pro Max 6K GEN9 TV Box by Unblock Tech | Worldwide Applicable - UBOX9PROMAX - Streaming &amp; Home Media Players - Ubox9 Pro Max 6K GEN8 TV Box By Unblock Tech | Worldwide Applicable 8 Core | 4GB DDR3 | 64GB Flash', 'ubox9 pro max 6k gen9 tv box by unblock tech | worldwide applicable, ubox9promax, streaming &amp; home media players', 'ubox9-pro-max-6k-gen9-tv-box-by-unblock-tech-worldwide-applicable', 'UBox9 Pro Max 6K GEN9 TV Box by Unblock Tech | Worldwide Applicable', 'UBox9 Pro Max 6K GEN9 TV Box by Unblock Tech | Worldwide Applicable', 'UBox9 Pro Max 6K GEN9 TV Box by Unblock Tech | Worldwide Applicable', 'UBox9 Pro Max 6K GEN9 TV Box by Unblock Tech | Worldwide Applicable', 'UBox9 Pro Max 6K GEN9 TV Box by Unblock Tech | Worldwide Applicable'),
(12, 1, 'Replacement Clamping Bolts (x2) | Peak Design', '&lt;p&gt;A replacement or backup set of 2 standard clamping bolts for Capture&amp;reg; v2 or CapturePRO&amp;reg;. Turned anodized aluminum heads with stainless steel shafts.&lt;/p&gt;\n\n&lt;h2&gt;&amp;nbsp;&lt;/h2&gt;\n\n&lt;ul&gt;\n	&lt;li&gt;\n	&lt;h3&gt;Ultra-durable construction&lt;/h3&gt;\n\n	&lt;p&gt;Anodized aluminum heads with stainless steel shafts - weatherproof and built to last a lifetime.&lt;/p&gt;\n	&lt;/li&gt;\n	&lt;li&gt;\n	&lt;h3&gt;Superior locking ability&lt;/h3&gt;\n\n	&lt;p&gt;Our Capture v2 bolts are an improved design from our v1 bolts - they feature a special head geometry that prevents Capture from loosening on your backpack strap during use.&lt;/p&gt;\n	&lt;/li&gt;\n&lt;/ul&gt;\n', 'clamping bolts', 'Peak Design Replacement Clamping Bolts (x2)', 'Peak Design Replacement Clamping Bolts (x2) - CB-8 - Chrismas (12/25) - A replacement or backup set of 2 standard clamping bolts for Capture® v2 or CapturePRO®. Turned anodized aluminum heads with stainless steel shafts.   Ultra-durable construction Anodi', ', Peak Design Replacement Clamping Bolts (x2), CB-8, Chrismas (12/25)', 'peak-design-clamping-bolts', '', '', '', '', ''),
(7, 1, 'Boss TV V4 Voice Search TV Box | Worldwide Applicable', '&lt;h1&gt;&lt;span style=&quot;font-size:20px;&quot;&gt;BossTV V4 Voice Search TV Box | Worldwide Applicable - BOSSV4&lt;/span&gt;&lt;/h1&gt;\n\n&lt;h2&gt;&lt;span style=&quot;font-size:18px;&quot;&gt;4GB+128GB&lt;/span&gt;&lt;/h2&gt;\n\n&lt;div&gt;&lt;img alt=&quot;BossTV V4 Voice Search TV Box&quot; class=&quot;desc-banner&quot; src=&quot;../image/catalog/all/items/bosstv/bossv4/content/bosstv-v4-1360x2720_01_en.jpg&quot; style=&quot;width:100%&quot; /&gt; &lt;img alt=&quot;BossTV V4 Voice Search TV Box - Boss TV V4 Features&quot; class=&quot;desc-banner&quot; src=&quot;../image/catalog/all/items/bosstv/bossv4/content/bosstv-v4-1360x2720_02.jpg&quot; style=&quot;width:100%&quot; /&gt; &lt;img alt=&quot;BossTV V4 Voice Search TV Box - Remote Control Features&quot; class=&quot;desc-banner&quot; src=&quot;../image/catalog/all/items/bosstv/bossv4/content/bosstv-v4-1360x2720_03.jpg&quot; style=&quot;width:100%&quot; /&gt; &lt;img alt=&quot;BossTV V4 Voice Search TV Box - Ports &amp;amp; Interfaces&quot; class=&quot;desc-banner&quot; src=&quot;../image/catalog/all/items/bosstv/bossv4/content/bosstv-v4-1360x2720_04.jpg&quot; style=&quot;width:100%&quot; /&gt; &lt;img alt=&quot;BossTV V4 Voice Search TV Box - Package Includes&quot; class=&quot;desc-banner&quot; src=&quot;../image/catalog/all/items/bosstv/bossv4/content/bosstv-v4-1360x2720_05.jpg&quot; style=&quot;width:100%&quot; /&gt; &lt;img alt=&quot;BossTV V4 Voice Search TV Box - System Requirement&quot; class=&quot;desc-banner&quot; src=&quot;../image/catalog/all/items/bosstv/bossv4/content/bosstv-v4-1360x2720_06.jpg&quot; style=&quot;width:100%&quot; /&gt;&lt;/div&gt;\n', 'bosstv,bosstv,v4,voice,search,tv,box,|,worldwide,applicable,bossv4', 'UBox8 Pro Max 6K GEN8 TV Box by Unblock Tech | International Version | Worldwide Applicable - UBOX8PROMAX-OS', 'BossTV V4 Voice Search TV Box | Worldwide Applicable - BOSSV4 - Chinese New Year - BossTV V3 X Voice Search TV Box | Worldwide Applicable - BOSSV3X', 'bosstv, bosstv v4 voice search tv box | worldwide applicable, bossv4, chinese new year', 'bosstv-v4-tv-box', '', '', '', '', ''),
(5, 1, 'UBox8 Pro Max 6K GEN8 TV Box by Unblock Tech | International Version | Worldwide Applicable', '&lt;h1&gt;&lt;span style=&quot;font-size:20px;&quot;&gt;Ubox8 Pro Max&amp;nbsp;6K GEN8&amp;nbsp;TV Box By Unblock Tech&lt;/span&gt;&lt;/h1&gt;\n\n&lt;h1&gt;&lt;span style=&quot;font-size:18px;&quot;&gt;International Version | Worldwide Applicable&lt;/span&gt;&lt;/h1&gt;\n\n&lt;h2&gt;&lt;span style=&quot;font-size:16px;&quot;&gt;&lt;strong&gt;8 Core | 4GB DDR3 | 64GB Flash&lt;/strong&gt;&lt;/span&gt;&lt;/h2&gt;\n\n&lt;p&gt;&lt;img alt=&quot;UBox8 Pro Max 6K GEN8 TV Box by Unblock Tech&quot; longdesc=&quot;UBox8 Pro Max 6K GEN8 TV Box by Unblock Tech&quot; src=&quot;/image/catalog/all/items/unblock-tech/ubox8-pro-max/content/unblock-ubox8-content-en-800x3193.jpg&quot; style=&quot;height:3793px; width:800px&quot; /&gt;&lt;/p&gt;\n', 'unblock,tech,ubox8,pro,max,6k,gen8,tv,box,by,unblock,tech,|,international,version,|,worldwide,applicable,ubox8promax-os', 'EVPad 5P 4GB+32GB with Voice Search', 'UBox8 Pro Max 6K GEN8 TV Box by Unblock Tech | International Version | Worldwide Applicable - UBOX8PROMAX-OS - Chinese New Year - Ubox8 Pro Max 6K GEN8 TV Box By Unblock Tech International Version | Worldwide Applicable 8 Core | 4GB DDR3 | 64GB Flash', 'unblock tech, ubox8 pro max 6k gen8 tv box by unblock tech | international version | worldwide applicable, ubox8promax-os, chinese new year', 'unblock-tech-ubox8-pro-max-os', '', '', '', '', ''),
(14, 1, 'Anchor Mount | Peak Design', '&lt;h1&gt;Peak Design Anchor Mount&lt;/h1&gt;\r\n\r\n&lt;p&gt;Attach your Peak Design strap (or any standard OEM neck/hand strap) directly to the bottom of your camera in the most low-profile, unobtrusive way possible.&lt;/p&gt;\r\n\r\n&lt;p&gt;Unlike a tripod plate, Anchor Mount is so small and slim that it won&amp;rsquo;t hinder access to battery compartments or flip screens. Plus, when you connect one end of your strap to Anchor Mount your camera will hang with the lens facing downward&amp;mdash;this gives you far more stability and comfort when using longer lenses.&lt;br /&gt;\r\nUltra-strong machined/anodized aluminum construction. Note that Anchor Mount is not tripod or Capture compatible.&lt;/p&gt;\r\n\r\n&lt;div class=&quot;ckebs-grid&quot;&gt;\r\n&lt;div class=&quot;row row-1&quot;&gt;\r\n&lt;div class=&quot;col-lg-6&quot; style=&quot;background:#ffffff;border:1px solid #fffff;padding:5px 10px;&quot;&gt;\r\n&lt;p&gt;&lt;b&gt;1 ON THE SIDE, 1 ON THE BOTTOM&lt;/b&gt;&lt;br /&gt;\r\nWe often recommend attaching 1 end of your&amp;nbsp;&lt;a href=&quot;https://www.peakdesign.com/collections/straps/&quot; title=&quot;Peak Design Straps&quot;&gt;Peak Design strap&lt;/a&gt;&amp;nbsp;to your camera&amp;#39;s side strap lug (opposite the grip) and the other end to the bottom. These 2 connection points let the camera hang with the lens facing down for greater comfort and stability, especially with longer primes and zooms.&lt;/p&gt;\r\n\r\n&lt;p&gt;Anchor Mount is the most low-profile, unobtrusive connection point available for&amp;nbsp;&lt;a href=&quot;https://www.peakdesign.com/products/anchor-4-pack&quot; title=&quot;Peak Design Anchors&quot;&gt;Peak Design Anchors&lt;/a&gt;&amp;nbsp;and standard camera straps.&lt;/p&gt;\r\n&lt;/div&gt;\r\n\r\n&lt;div class=&quot;col-lg-6&quot; style=&quot;background:#ffffff;border:1px solid #fffff;padding:5px 10px;&quot;&gt;\r\n&lt;p&gt;&lt;img alt=&quot;anchor mount&quot; src=&quot;https://www.isbestbuy.com/image/catalog/all/items/peak-design/anchor-mount/content/PL-AN-1-anchormount.webp&quot; /&gt;&lt;/p&gt;\r\n\r\n&lt;p&gt;&amp;nbsp;&lt;/p&gt;\r\n&lt;/div&gt;\r\n&lt;/div&gt;\r\n&lt;/div&gt;\r\n\r\n&lt;div class=&quot;ckebs-grid&quot;&gt;\r\n&lt;div class=&quot;row row-1&quot;&gt;\r\n&lt;div class=&quot;col-lg-4&quot;&gt;\r\n&lt;p&gt;&lt;b&gt;WORKS WITH ALL PD STRAPS&lt;/b&gt;&lt;br /&gt;\r\nAttach PD Anchors to increase your carry options with any of our straps. Compatible with all versions of our Anchors and straps.&lt;/p&gt;\r\n\r\n&lt;p&gt;&lt;b&gt;WORKS WITH OEM STRAPS&lt;/b&gt;&lt;br /&gt;\r\nAttach any standard camera neck strap or wrist strap. Works with strap ends up to 11mm wide.&lt;/p&gt;\r\n&lt;/div&gt;\r\n\r\n&lt;div class=&quot;col-lg-4&quot;&gt;\r\n&lt;div&gt;\r\n&lt;p&gt;&lt;b&gt;TWIST RESISTANT&lt;/b&gt;&lt;br /&gt;\r\nUltra-secure 4mm hex drive with anti-twist pad.&lt;/p&gt;\r\n\r\n&lt;p&gt;&lt;b&gt;FITS ANY CAMERA&lt;/b&gt;&lt;br /&gt;\r\nScrews into any standard 1/4&amp;quot;&amp;quot;-20 tripod socket.&lt;/p&gt;\r\n&lt;/div&gt;\r\n&lt;/div&gt;\r\n\r\n&lt;div class=&quot;col-lg-4&quot;&gt;\r\n&lt;div&gt;\r\n&lt;p&gt;&lt;b&gt;SUPER STRONG&lt;/b&gt;&lt;br /&gt;\r\nRugged, weatherproof machined/anodized aluminum construction.&lt;/p&gt;\r\n\r\n&lt;p&gt;&lt;b&gt;Note:&lt;/b&gt;&amp;nbsp;Anchor Mount is not compatible with tripods or Capture system. If you frequently use a tripod or Capture, check out our Standard Plate.&lt;/p&gt;\r\n&lt;/div&gt;\r\n&lt;/div&gt;\r\n&lt;/div&gt;\r\n&lt;/div&gt;\r\n\r\n&lt;p&gt;&amp;nbsp;&lt;/p&gt;\r\n', ', Peak Design Anchor Mount (New), PL-AN-1, Chrismas (12/25)', 'Peak Design Anchor Mount', 'Peak Design Anchor Mount (New)', 'Peak Design Anchor Mount (New)', 'peak-design-anchor-mount', '', '', '', '', ''),
(18, 1, 'Bolt Pack | Peak Design', '&lt;p&gt;Bolt Pack contains 2 replacement sets of clamping bolts for Capture: one pair of thumb-drive bolts which clamp to any strap up to 1.5 cm (0.6&amp;rdquo;) thick and one pair of hex-drive bolts which clamp to any strap up to 1.6 cm (0.7&amp;rdquo;) thick.&lt;/p&gt;\r\n', 'Bolt Pack | Peak Design,CB-XX-1:::cb-xx-1-silver,cb-xx-1-black', 'Bolt Pack | Peak Design - CB-XX-1', 'Bolt Pack | Peak Design - CB-XX-1 -  - Bolt Pack contains 2 replacement sets of clamping bolts for Capture: one pair of thumb-drive bolts which clamp to any strap up to 1.5 cm (0.6”) thick and one pair of hex-drive bolts which clamp to any strap up to 1', 'bolt pack | peak design, cb-xx-1', 'peak-design-bolt-pack', 'Bolt Pack | Peak Design', 'Bolt Pack | Peak Design', 'Bolt Pack | Peak Design', 'Bolt Pack | Peak Design', 'Bolt Pack | Peak Design'),
(42, 1, 'Field Pouch V2 | Peak Design', '&lt;h3&gt;FIELD POUCH V2&lt;/h3&gt;\r\n\r\n&lt;p&gt;Field Pouch is our only organizer that is truly 2 bags in 1: a minimalist carry-all sling bag, and compressible in-bag organizer.&amp;nbsp;A roll-top opening grants easy access, massive expansion (it doubles in volume), and quick compression to eliminate unused space. Inside you&amp;rsquo;ll find a thoughtful layout of stretch pockets and zip pockets to keep cords, cards, batteries, keys&amp;mdash;even small lenses or camera bodies&amp;mdash;organized and not jingling around. Included ultralight adjustable strap enables cross-body or shoulder carry, and integrated belt loops allow for waist carry. For a lightweight shooting setup, attach a&amp;nbsp;&lt;a href=&quot;http://peakdesign.com/capture&quot;&gt;Capture Clip&lt;/a&gt;&amp;nbsp;(sold separately) and keep your camera outside the pouch&amp;mdash;keep your rig at-the-ready, and increase storage space for accessories. All fabrics are recycled and Bluesign approved, including the soft internal felt liner and the 400D double poly-coated weatherproof nylon canvas shell.&lt;/p&gt;\r\n\r\n&lt;p data-mce-fragment=&quot;1&quot;&gt;Now in its 2nd generation, the Field Pouch V2 features tons of usability optimizations like an included strap, improved pocket layout, and dual Capture attachment points. Updated patterning integrates loads of functionality into single, sweeping seam lines for a timeless, minimal look.&lt;/p&gt;\r\n\r\n&lt;p data-mce-fragment=&quot;1&quot;&gt;Looking for a deal?&lt;br /&gt;\r\n- Pick up a discounted&amp;nbsp;&lt;a href=&quot;https://www.peakdesign.com/products/field-pouch-v1/&quot;&gt;Field Pouch V1&lt;/a&gt;&amp;nbsp;while supplies last&lt;br /&gt;\r\n- Find a used one on the&amp;nbsp;&lt;a href=&quot;https://market.peakdesign.com/collections/all/products/field-pouch-1&quot;&gt;PD Marketplace&lt;/a&gt;.&lt;/p&gt;\r\n\r\n&lt;div class=&quot;ckebs-grid&quot;&gt;\r\n&lt;div class=&quot;row row-1&quot;&gt;\r\n&lt;div class=&quot;col-md-6&quot;&gt;\r\n&lt;h4&gt;THE ULTIMATE WING BAG&lt;/h4&gt;\r\n\r\n&lt;p&gt;One moment it&amp;#39;s tucked away in your bag. The next moment, it&amp;#39;s replacing your bag. Wherever you are, Field Pouch lets you venture out from your home base with just the essentials.&lt;/p&gt;\r\n&lt;/div&gt;\r\n\r\n&lt;div class=&quot;col-md-6&quot;&gt;&lt;img alt=&quot;&quot; src=&quot;https://www.isbestbuy.com/image/catalog/all/items/peak-design/field-pouch-v2/content/2-FEATURES-1200x800-BP-2.webp&quot; /&gt;&lt;/div&gt;\r\n&lt;/div&gt;\r\n&lt;/div&gt;\r\n\r\n&lt;p&gt;&amp;nbsp;&lt;/p&gt;\r\n\r\n&lt;div class=&quot;ckebs-grid&quot;&gt;\r\n&lt;div class=&quot;row row-1&quot;&gt;\r\n&lt;div class=&quot;col-md-4&quot; style=&quot;padding-right: 5px&quot;&gt;\r\n&lt;h5&gt;IMPRESSIVE CAPACITY&lt;/h5&gt;\r\n\r\n&lt;ol&gt;\r\n	&lt;li&gt;Rolltop hook-and-loop closure for easy access and expandable capacity&lt;/li&gt;\r\n	&lt;li&gt;Expands from 1.5L to 3L&amp;mdash;increase your capacity or compress unused space&lt;/li&gt;\r\n&lt;/ol&gt;\r\n\r\n&lt;h5&gt;CARRY OPTIONS&lt;/h5&gt;\r\n\r\n&lt;ol&gt;\r\n	&lt;li&gt;Adjustable, stowable Cord Hook strap for shoulder or sling style carry&lt;/li&gt;\r\n	&lt;li&gt;Integrated belt loops for waist carry&amp;mdash;works with standard and photo belts&lt;/li&gt;\r\n&lt;/ol&gt;\r\n\r\n&lt;h5&gt;THOUGHTFUL STORAGE&lt;/h5&gt;\r\n\r\n&lt;ol&gt;\r\n	&lt;li&gt;1 internal zip pocket and 8 internal stretch pockets of varying sizes&lt;/li&gt;\r\n	&lt;li&gt;Internal felt liner protects contents from bumps and abrasion&lt;/li&gt;\r\n&lt;/ol&gt;\r\n&lt;/div&gt;\r\n\r\n&lt;div class=&quot;col-md-4&quot; style=&quot;padding-right: 5px&quot;&gt;\r\n&lt;h5&gt;WEATHERPROOF + DURABLE&lt;/h5&gt;\r\n\r\n&lt;ol&gt;\r\n	&lt;li&gt;Weatherproof 400D double poly-coated nylon canvas shell&lt;/li&gt;\r\n&lt;/ol&gt;\r\n\r\n&lt;h5&gt;SUSTAINABLE MATERIALS&lt;/h5&gt;\r\n\r\n&lt;ol&gt;\r\n	&lt;li&gt;All fabrics recycled and Bluesign approved&lt;/li&gt;\r\n	&lt;li&gt;Leather touchpoints (Gold rating from&amp;nbsp;&lt;a href=&quot;https://www.leatherworkinggroup.com/&quot;&gt;LWG&lt;/a&gt;) on Midnight and Charcoal pouches, Hypalon touchpoints on Black pouch (vegan)&lt;/li&gt;\r\n	&lt;li&gt;100% carbon neutral&lt;/li&gt;\r\n&lt;/ol&gt;\r\n\r\n&lt;h5&gt;CAPTURE COMPATIBLE&lt;/h5&gt;\r\n\r\n&lt;ol&gt;\r\n	&lt;li&gt;Carry a camera on the outside of your pouch via 2 attachment points for&amp;nbsp;&lt;a href=&quot;https://www.peakdesign.com/products/capture&quot;&gt;Capture Clip (not included)&lt;/a&gt;&lt;/li&gt;\r\n&lt;/ol&gt;\r\n&lt;/div&gt;\r\n\r\n&lt;div class=&quot;col-md-4&quot; style=&quot;padding-right: 5px&quot;&gt;\r\n&lt;h5&gt;WHAT&amp;#39;S NEW FOR V2&lt;/h5&gt;\r\n\r\n&lt;ol&gt;\r\n	&lt;li&gt;Included adjustable, removable carry strap&lt;/li&gt;\r\n	&lt;li&gt;Improved pocket layout&lt;/li&gt;\r\n	&lt;li&gt;Dual Capture attachment points&lt;/li&gt;\r\n	&lt;li&gt;Updated patterning integrates features into single, sweeping seam lines for a timeless &amp;amp; minimal look&lt;/li&gt;\r\n&lt;/ol&gt;\r\n&lt;/div&gt;\r\n&lt;/div&gt;\r\n&lt;/div&gt;\r\n\r\n&lt;p&gt;&amp;nbsp;&lt;/p&gt;\r\n', 'peak design,field pouch, pouches:::BP-BK-2,PD-BPBK2,818373022570,BP-CH-2,PD-BPCH2,818373022563,BP-MN-2,PD-BPMN2,818373022686', 'Peak Design Field Pouch V2 - BP', 'Peak Design Field Pouch V2 - BP - Chinese New Year - Every good bag needs a wing-bag. The Field Pouch is an expanding pouch for cords, accessories, batteries, hard drives, and even mirrorless cameras and lenses. Keep it in your bag, wear it on your belt o', 'peak design, peak design field pouch v2, bp, chinese new year', 'peak-design-field-pouch-v2', '', '', '', '', ''),
(22, 1, 'Capture v3 (Clip Only) | Peak Design ', '&lt;p&gt;The new Capture clip-only SKU is finally here, thanks to feedback and suggestions from our customers. It&amp;rsquo;s exactly what it sounds like&amp;mdash;a Capture clip without a camera plate&amp;mdash;for those only in need of an additional clip. Perhaps you have multiple backpacks or bags that you&amp;rsquo;re looking to outfit with Capture clips. Or maybe you&amp;rsquo;re looking to give yourself the convenience of instantly switching between shoulder strap and belt carry.&lt;/p&gt;\r\n\r\n&lt;p&gt;Recommended custom setups:&lt;br /&gt;\r\nFor Manfrotto RC2 tripod compatibility: get this + Dual Plate.&lt;br /&gt;\r\nFor lens carry &amp;amp; quick lens changes: get this + Lens Kit.&lt;br /&gt;\r\nFor binocular carry: get this + Bino Kit.&lt;br /&gt;\r\nFor GoPro mounting: get this + POV Kit.&lt;/p&gt;\r\n\r\n&lt;p&gt;Note that this is not a stand-alone product, it requires a Peak Design plate or kit for carrying devices. If you&amp;rsquo;re new to Capture, you&amp;rsquo;ll want to get the clip+plate SKU.&lt;/p&gt;\r\n', ', Peak Design Capture v3 (Clip Only), CP-XX-3, Chrismas (12/25):::cp-xx-3-silver,cp-xx-3-black', 'Peak Design Capture v3 Clip', 'Peak Design Capture v3 (Clip Only) - CP-XX-3 - Camera Clips - The new Capture clip-only SKU is finally here, thanks to feedback and suggestions from our customers. It’s exactly what it sounds like—a Capture clip without a camera plate—for those only in ne', 'Peak Design Capture v3 (Clip Only), CP-XX-3, Camera Clips', 'peak-design-capture-v3-clip-only', '', '', '', '', ''),
(20, 1, 'Anchor Links | Peak Design', '&lt;div class=&quot;embed-container&quot;&gt;&lt;iframe frameborder=&quot;0&quot; height=&quot;686&quot; src=&quot;https://www.youtube.com/embed/Q21lMlyT3fs&quot; width=&quot;781&quot;&gt;&lt;/iframe&gt;&lt;/div&gt;\n\n&lt;p&gt;Got a camera neck strap that you absolutely love? The all-new Anchor Links will make it even better. Anchor Links are quick-connectors that can be placed on the ends of any standard/OEM camera neck strap, giving it super-fast, ultra secure quick-connection capability. Place the low-profile Anchors on the strap loops of your camera, binoculars, or other devices. Features all-new hardware that&amp;#39;s been slimmed down for better performance in a smaller package.&lt;/p&gt;\n', 'peak design. peak design anchor links), al-4, camera clips', 'Peak Design Anchor Links', 'Peak Design Anchor Links (New) - AL-3 - Camera Clips - Got a camera neck strap that you absolutely love? The all-new Anchor Links will make it even better. Anchor Links are quick-connectors that can be placed on the ends of any standard/OEM camera neck st', 'peak design. peak design anchor links), al-3, camera clips', 'peak-design-anchor-links', '', '', '', '', ''),
(24, 1, 'Clutch - Hand Strap | Peak Design', '&lt;div class=&quot;ckebs-grid&quot;&gt;\r\n&lt;div class=&quot;row row-1&quot;&gt;\r\n&lt;div class=&quot;col-md-6&quot;&gt;\r\n&lt;h4&gt;DEVICE COMPATIBILITY&lt;/h4&gt;\r\n\r\n&lt;p&gt;&lt;b&gt;WORKS WITH ANY DSLR&lt;/b&gt;&lt;br /&gt;\r\nCompatible with any DSLR (or SLR) camera, including large full-frame bodies and cameras with battery grips. If you have a mirrorless camera please read&amp;nbsp;&lt;a href=&quot;https://support.peakdesign.com/hc/en-us/articles/203702665-Using-Clutch-with-mirrorless-other-small-cameras&quot;&gt;this article.&lt;/a&gt;&lt;/p&gt;\r\n&lt;/div&gt;\r\n\r\n&lt;div class=&quot;col-md-6&quot;&gt;&lt;img alt=&quot;&quot; src=&quot;https://www.isbestbuy.com/image/catalog/all/items/peak-design/clutch-v3/content/Features-Image-Clutch.webp&quot; /&gt;&lt;/div&gt;\r\n&lt;/div&gt;\r\n&lt;/div&gt;\r\n\r\n&lt;p&gt;&amp;nbsp;&lt;/p&gt;\r\n\r\n&lt;div class=&quot;ckebs-grid&quot;&gt;\r\n&lt;div class=&quot;row row-1&quot;&gt;\r\n&lt;div class=&quot;col-md-4&quot; style=&quot;padding-right:5px&quot;&gt;\r\n&lt;h4&gt;WEAR IT HOW YOU LIKE IT&lt;/h4&gt;\r\n\r\n&lt;p&gt;&lt;b&gt;QUICK-ADJUSTING&lt;/b&gt;&lt;br /&gt;\r\nCinch down on your hand for total security, or pull to loosen when accessing camera controls.&lt;/p&gt;\r\n\r\n&lt;p&gt;&lt;b&gt;QUICK-CONNECTING&lt;/b&gt;&lt;br /&gt;\r\nAttaches quickly with our Anchor connection system.&lt;/p&gt;\r\n\r\n&lt;p&gt;&lt;b&gt;USE WITH OTHER PD STRAPS&lt;/b&gt;&lt;br /&gt;\r\nFor total security, use in conjunction with other PD straps like Slide, Slide Lite, and Leash (sold separately).&lt;/p&gt;\r\n\r\n&lt;p&gt;&lt;b&gt;USE WITH CAPTURE V3&lt;/b&gt;&lt;br /&gt;\r\nWorks with Capture Camera Clip Version 3 Only.&lt;/p&gt;\r\n\r\n&lt;p&gt;&lt;b&gt;TRIPOD COMPATIBILITY WITH PEAK DESIGN PLATES&lt;/b&gt;&lt;br /&gt;\r\nWorks with our Standard Plate, Dual Plate, and Micro Plate (sold separately) for Arca and Manfrotto RC2 tripod compatibility.&lt;/p&gt;\r\n&lt;/div&gt;\r\n\r\n&lt;div class=&quot;col-md-4&quot; style=&quot;padding-right:0px&quot;&gt;\r\n&lt;div&gt;\r\n&lt;h4&gt;DEAD SEXY&lt;/h4&gt;\r\n\r\n&lt;p&gt;&lt;b&gt;SMALL AND SLEEK&lt;/b&gt;&lt;br /&gt;\r\nLow-profile and unobtrusive compared to other camera hand straps on the market.&lt;/p&gt;\r\n\r\n&lt;p&gt;&lt;b&gt;THOUGHTFUL AESTHETICS&lt;/b&gt;&lt;br /&gt;\r\nMade from premium materials and custom hardware inspired by high-end climbing gear.&lt;/p&gt;\r\n&lt;/div&gt;\r\n&lt;/div&gt;\r\n\r\n&lt;div class=&quot;col-md-4&quot; style=&quot;padding-right:0px&quot;&gt;\r\n&lt;div&gt;\r\n&lt;h4&gt;PREMIUM BUILD&lt;/h4&gt;\r\n\r\n&lt;p&gt;&lt;b&gt;SUPER STRONG&lt;/b&gt;&lt;br /&gt;\r\nStrong enough to hold any pro camera/lens/accessory combo.&lt;/p&gt;\r\n\r\n&lt;p&gt;&lt;b&gt;HYPALON CONSTRUCTION&lt;/b&gt;&lt;br /&gt;\r\nClutch&amp;#39;s exterior shell is made from the same material that whitewater rafts are made of.&lt;/p&gt;\r\n\r\n&lt;p&gt;&lt;b&gt;MICROFIBER PAD&lt;/b&gt;&lt;br /&gt;\r\nNever gets sweaty or sticky against your hand. Nobody likes a sweaty hand.&lt;/p&gt;\r\n\r\n&lt;p&gt;&lt;b&gt;ULTRA-STRONG ANCHORS&lt;/b&gt;&lt;br /&gt;\r\nAnti-abrasion thermoplastic-corded Anchors can withstand over 200 lbs (90 kg). Safe for use with the largest of professional cameras.&lt;/p&gt;\r\n&lt;/div&gt;\r\n&lt;/div&gt;\r\n&lt;/div&gt;\r\n&lt;/div&gt;\r\n', 'peak,design,peak,design,clutch,-,hand,strap,cl-3,chrismas,(12/25)', 'Peak Design Clutch - Hand Strap - CL-3', 'Peak Design Clutch - Hand Strap - CL-3 - Chrismas (12/25) - The world’s first camera hand strap that is quick-connecting and quick-adjusting. Clutch gives you access to your camera’s controls but quickly cinches down when you need security. Hypalon® exter', 'peak design, peak design clutch - hand strap, cl-3, chrismas (12/25)', 'peak-design-clutch-hand-strap', '', '', '', '', ''),
(25, 1, 'Cuff Version 3 | Peak Design', '&lt;div class=&quot;embed-container&quot;&gt;&lt;iframe frameborder=&quot;0&quot; src=&quot;https://www.youtube.com/embed/xKojw12egwg&quot;&gt;&lt;/iframe&gt;&lt;/div&gt;\r\n\r\n&lt;div class=&quot;embed-container&quot;&gt;Total peace of mind in a tiny, low-profile package. The all-new Cuff is the most elegant, unobtrusive way to protect your camera from accidental drops. Quickly and securely connects to any camera, binoculars, or other device using our unique Anchor Link system. Wrist loop magnetically locks in the open position, or comfortably cinches down on your wrist for added security. New all-custom aluminum hardware. When not in use, Cuff stores as a bracelet for quick accessibility.&lt;/div&gt;\r\n\r\n&lt;div class=&quot;embed-container&quot;&gt;&amp;nbsp;&lt;/div&gt;\r\n', 'camera accessories:::cf-xx-3-black,818373020057,CF-SG-3,818373022617,CF-MN-3,818373022709,CF-AS-3,818373020088', 'Peak Design Cuff', 'Peak Design Cuff (New)', ', Peak Design Cuff (New), CF-XX-3, Chrismas (12/25)', 'cuff-version-3-peak-design', '', '', '', '', ''),
(28, 1, 'Slide Camera Strap | Peak Design ', '&lt;h3 itemprop=&quot;name&quot;&gt;SLIDE&lt;/h3&gt;\r\n\r\n&lt;p&gt;The original Peak Design flagship camera strap, Slide is everything other pro camera straps aren&amp;#39;t: beautiful, low-profile, adjustable, quick-connecting, and configurable to your gear.&amp;nbsp;Wear Slide as a sling, neck, or shoulder strap. Internally-padded nylon webbing has a smooth side that glides over clothing in sling mode and a grippy side that prevents slipping in shoulder mode. Dual quick-adjusters provide instant access and easy reconfiguration. The unique Anchor Link system connects quickly and dual points of connection keep your camera more stable than traditional sling straps. Each Anchor holds over 200lbs (90kg), strong enough to keep the heaviest of pro rigs safe. As of 2018, Slide features an improved silicone grip, upgraded webbing, and lower profile strap/hardware transitions. Anchor connectors have been updated to be smaller, faster, and more secure.&lt;br /&gt;\r\n&lt;br /&gt;\r\nFor mirrorless carry, check out&amp;nbsp;&lt;b&gt;&lt;a href=&quot;https://www.peakdesign.com/slide-lite&quot;&gt;Slide Lite&lt;/a&gt;&lt;/b&gt;. You can also&amp;nbsp;&lt;b&gt;&lt;a href=&quot;https://www.peakdesign.com/compare?t=straps&quot;&gt;compare all straps&lt;/a&gt;.&lt;/b&gt;&lt;/p&gt;\r\n\r\n&lt;div class=&quot;ckebs-grid&quot;&gt;\r\n&lt;div class=&quot;row row-1&quot;&gt;\r\n&lt;div class=&quot;col-md-6&quot;&gt;\r\n&lt;h4&gt;3 STRAPS IN 1&lt;/h4&gt;\r\n\r\n&lt;p&gt;Our unique Anchor Link connection system lets you instantly reconfigure Slide as sling, neck, or shoulder strap.&lt;/p&gt;\r\n&lt;/div&gt;\r\n\r\n&lt;div class=&quot;col-md-6&quot;&gt;&lt;img alt=&quot;&quot; src=&quot;https://www.isbestbuy.com/image/catalog/all/items/peak-design/slide-v3/content/shrunken-straps.jpg&quot; /&gt;&lt;/div&gt;\r\n&lt;/div&gt;\r\n&lt;/div&gt;\r\n\r\n&lt;p&gt;&amp;nbsp;&lt;/p&gt;\r\n\r\n&lt;div class=&quot;ckebs-grid&quot;&gt;\r\n&lt;div class=&quot;row row-1&quot;&gt;\r\n&lt;div class=&quot;col-md-4&quot;&gt;\r\n&lt;h4&gt;HELLA COMFY&lt;/h4&gt;\r\n\r\n&lt;p&gt;Internally-padded webbing gives all-day comfort with no added bulk&lt;/p&gt;\r\n\r\n&lt;h4&gt;TOTAL STABILITY&lt;/h4&gt;\r\n\r\n&lt;p&gt;Highly stable camera carry via 2 configurable points of connection&lt;/p&gt;\r\n\r\n&lt;h4&gt;HOLDS ALL CAMERAS&lt;/h4&gt;\r\n\r\n&lt;p&gt;Works with heaviest of pro cameras or binoculars&lt;/p&gt;\r\n&lt;/div&gt;\r\n\r\n&lt;div class=&quot;col-md-4&quot;&gt;\r\n&lt;h4&gt;HYPER ADJUSTABLE&lt;/h4&gt;\r\n\r\n&lt;p&gt;Huge range of length adjustment, made possible by 2 quick-pull adjusters&lt;/p&gt;\r\n\r\n&lt;h4&gt;SO SMOOTH&lt;/h4&gt;\r\n\r\n&lt;p&gt;Webbing glides over clothing for quick camera access&lt;/p&gt;\r\n\r\n&lt;h4&gt;NO BULKY D-RINGS&lt;/h4&gt;\r\n\r\n&lt;p&gt;Connects to strap loops or bottom of camera body via ultra low-profile Anchor Mount hardware&lt;/p&gt;\r\n&lt;/div&gt;\r\n\r\n&lt;div class=&quot;col-md-4&quot;&gt;\r\n&lt;h4&gt;WHAT&amp;#39;S NEW (AS OF 2018)&lt;/h4&gt;\r\n\r\n&lt;h5&gt;REVAMPED ANCHORS&lt;/h5&gt;\r\n\r\n&lt;p&gt;More secure, fast, and lower profile than ever. New canted/angled Anchors for effortless 1-handed connection. 25% slimmer Anchor housing hardware.&lt;/p&gt;\r\n\r\n&lt;h5&gt;STILL STRONG AS EVER&lt;/h5&gt;\r\n\r\n&lt;p&gt;Anchors still hold 200lbs (90kg)&lt;/p&gt;\r\n\r\n&lt;h5&gt;ANCHOR MOUNT&lt;/h5&gt;\r\n\r\n&lt;p&gt;New low-profile Anchor Mount is strong, versatile, and leaves a tiny footprint&lt;/p&gt;\r\n\r\n&lt;h5&gt;WEBBING UPGRADE&lt;/h5&gt;\r\n\r\n&lt;p&gt;New ultra-smooth nylon webbing with tighter, more durable weave&lt;/p&gt;\r\n\r\n&lt;h5&gt;BETTER GRIP&lt;/h5&gt;\r\n\r\n&lt;p&gt;Upgraded silicone grip is more effective and durable&lt;/p&gt;\r\n\r\n&lt;h5&gt;OVERMOLDED HARDWARE&lt;/h5&gt;\r\n\r\n&lt;p&gt;Strap molded directly into adjustment hardware for significantly lower-profile design&lt;/p&gt;\r\n&lt;/div&gt;\r\n&lt;/div&gt;\r\n&lt;/div&gt;\r\n\r\n&lt;p&gt;&amp;nbsp;&lt;/p&gt;\r\n', 'Peak Design Slide Camera Strap, SL-XX-3, Camera Straps:::SL-BK-3,818373020484,SL-SG-3,818373022655,SL-MN-3,818373022662,SL-AS-3,818373020491', 'Peak Design Slide Camera Strap - SL-XX-3', 'Peak Design Slide Camera Strap - SL-XX-3 - Camera Straps - The most versatile pro camera strap in the world, the newly upgraded Slide can be worn as a sling, neck, or shoulder strap. Internally-padded nylon webbing has a smooth side that glides over cloth', 'peak design slide camera strap, sl-xx-3, camera straps', 'peak-design-slide-camera-strap', '', '', '', '', ''),
(29, 1, 'Everyday Messenger Bag 13L v2 | Peak Design', '&lt;h3 itemprop=&quot;name&quot;&gt;EVERYDAY MESSENGER 13L&lt;/h3&gt;\r\n\r\n&lt;p&gt;The all-new Everyday Messenger is the latest rev of our original award-winning everyday and photo carry workhorse&amp;mdash;the bag that we designed with renowned photographer Trey Ratcliff and honed with the feedback of thousands of customers.&lt;/p&gt;\r\n\r\n&lt;p&gt;Access, organization, expansion, and protection set this aesthetically beautiful bag far apart from run-of-the-mill messengers.&amp;nbsp;Access via the 1-handed, secure MagLatch closure hardware, which adjusts to allow up to 6L of internal expansion.&lt;/p&gt;\r\n\r\n&lt;p&gt;Customizable FlexFold dividers&amp;nbsp;brilliantly organize&amp;nbsp;camera, drone, and everyday gear. Dedicated sleeves for 13&amp;quot; laptop, tablet, or documents, plus stretchy internal pockets for smaller items like cords, batteries, water bottles, and lenses.&lt;/p&gt;\r\n\r\n&lt;p&gt;A weatherproof 100% recycled 400D shell keeps your gear safe. Huge external carry capacity made possible by a versatile&amp;nbsp;stowable strap system. External stash pockets with weatherproof zips. Carry via padded hand strap or removable, quick-adjusting padded shoulder strap.&amp;nbsp;Now in its 2nd generation, v2 boasts&amp;nbsp;&lt;a data-mce-fragment=&quot;1&quot; data-mce-href=&quot;https://support.peakdesign.com/hc/en-us/articles/360036482011&quot; href=&quot;https://support.peakdesign.com/hc/en-us/articles/360036482011&quot;&gt;aesthetic and functional updates&lt;/a&gt;&amp;nbsp;based on feedback from thousands of passionate customers.&lt;/p&gt;\r\n\r\n&lt;p&gt;Want more deets?&amp;nbsp;&lt;a href=&quot;https://youtu.be/4ZkaOSJid9w&quot; target=&quot;_blank&quot;&gt;Watch our Everyday Messenger Instructional.&lt;/a&gt;&amp;nbsp;Questions about sizing and what fits?&amp;nbsp;See Features below, or check out&amp;nbsp;&lt;a data-mce-fragment=&quot;1&quot; data-mce-href=&quot;https://support.peakdesign.com/hc/en-us/articles/360043010291-Comparing-Relative-Size-of-the-Everyday-Bag-Line&quot; href=&quot;https://support.peakdesign.com/hc/en-us/articles/360043010291-Comparing-Relative-Size-of-the-Everyday-Bag-Line&quot;&gt;exact dimensions&lt;/a&gt;.&lt;/p&gt;\r\n\r\n&lt;div class=&quot;ckebs-grid&quot;&gt;\r\n&lt;div class=&quot;row row-1&quot;&gt;\r\n&lt;div class=&quot;col-md-6&quot;&gt;\r\n&lt;h4&gt;OUR CLASSIC WORKHORSE&lt;/h4&gt;\r\n\r\n&lt;p&gt;Our everyday messenger bag adapts to any gear, lifestyle or environment.&lt;/p&gt;\r\n\r\n&lt;p&gt;&lt;a href=&quot;https://youtu.be/4ZkaOSJid9w&quot; target=&quot;_blank&quot;&gt;Watch our Everyday Messenger Instructional.&lt;/a&gt;&lt;/p&gt;\r\n&lt;/div&gt;\r\n\r\n&lt;div class=&quot;col-md-6&quot;&gt;&lt;img alt=&quot;&quot; src=&quot;https://www.isbestbuy.com/image/catalog/all/items/peak-design/messenger-v2/content/EDM-Feature.webp&quot; /&gt;&lt;/div&gt;\r\n&lt;/div&gt;\r\n&lt;/div&gt;\r\n\r\n&lt;p&gt;&amp;nbsp;&lt;/p&gt;\r\n\r\n&lt;div class=&quot;ckebs-grid&quot;&gt;\r\n&lt;div class=&quot;row row-1&quot;&gt;\r\n&lt;div class=&quot;col-md-4&quot; style=&quot;padding-right: 5px&quot;&gt;\r\n&lt;h4&gt;LOADOUTS&lt;/h4&gt;\r\n\r\n&lt;h5&gt;EXAMPLE CAMERA CARRY&lt;/h5&gt;\r\n\r\n&lt;ol&gt;\r\n	&lt;li&gt;Mirrorless camera body/lens + 1-2 extra lenses &amp;amp; accessories&lt;/li&gt;\r\n	&lt;li&gt;DJI Mavic drone + controller, batteries, charger&lt;/li&gt;\r\n	&lt;li&gt;Crop-sensor DSLR/lens + 1-2 extra lenses &amp;amp; accessories&lt;/li&gt;\r\n	&lt;li&gt;DLSR camera body/lens + 1-2 extra lens&lt;/li&gt;\r\n	&lt;li&gt;Fits a full-frame DSLR + 70-200 pro lens&lt;/li&gt;\r\n&lt;/ol&gt;\r\n\r\n&lt;h5&gt;EXAMPLE EVERYDAY CARRY&lt;/h5&gt;\r\n\r\n&lt;ol&gt;\r\n	&lt;li&gt;13&amp;quot; laptop, notebook, lunch, jacket, wallet, phone, keys, sunglasses, passport&lt;/li&gt;\r\n	&lt;li&gt;A solid 12-er of cold snacks (aka beer) + 2 white claws to boot&lt;/li&gt;\r\n&lt;/ol&gt;\r\n\r\n&lt;p&gt;For more example loadouts, check out&amp;nbsp;&lt;a href=&quot;https://www.youtube.com/watch?v=4ZkaOSJid9w&amp;amp;t=186s&quot;&gt;Elish&amp;#39;s Loadouts on Youtube.&lt;/a&gt;&lt;/p&gt;\r\n&lt;/div&gt;\r\n\r\n&lt;div class=&quot;col-md-4&quot; style=&quot;padding-right: 5px&quot;&gt;\r\n&lt;h4&gt;INSTANT ACCESS&lt;/h4&gt;\r\n\r\n&lt;p&gt;Fast, secure, one-handed access via patented MagLatch hardware&lt;/p&gt;\r\n\r\n&lt;h4&gt;CUSTOM ORGANIZATION&lt;/h4&gt;\r\n\r\n&lt;p&gt;Brilliantly organize and protect gear via easy-to-configure FlexFold dividers&lt;/p&gt;\r\n\r\n&lt;h4&gt;POCKETS FOR DAYS&lt;/h4&gt;\r\n\r\n&lt;ol&gt;\r\n	&lt;li&gt;Stretchy internal pockets for small items (cards, batteries) and larger items (water bottles, lenses)&lt;/li&gt;\r\n	&lt;li&gt;2 side external zipper pockets for phone, keys, wallet&lt;/li&gt;\r\n&lt;/ol&gt;\r\n\r\n&lt;h4&gt;LAPTOP SLEEVE&lt;/h4&gt;\r\n\r\n&lt;p&gt;Protective 13&amp;rdquo; laptop sleeve with pockets for tablets and documents&lt;/p&gt;\r\n&lt;/div&gt;\r\n\r\n&lt;div class=&quot;col-md-4&quot; style=&quot;padding-right: 5px&quot;&gt;\r\n&lt;h4&gt;DURABLE&lt;/h4&gt;\r\n\r\n&lt;p&gt;UltraZip external zippers built to withstand decades of use, thanks to abrasion-resistant thread&lt;/p&gt;\r\n\r\n&lt;h4&gt;TRAVEL-FRIENDLY&lt;/h4&gt;\r\n\r\n&lt;ol&gt;\r\n	&lt;li&gt;Luggage pass-through for easy and secure roller-top carry&lt;/li&gt;\r\n	&lt;li&gt;Padded briefcase carry handle&lt;/li&gt;\r\n&lt;/ol&gt;\r\n\r\n&lt;h4&gt;WEATHERPROOF&lt;/h4&gt;\r\n\r\n&lt;p&gt;Weatherproof, 100% recycled 400D nylon canvas shell is DWR impregnated, double PU-coated.&lt;/p&gt;\r\n\r\n&lt;h4&gt;EXTRA EXPANSION&lt;/h4&gt;\r\n\r\n&lt;p&gt;3 liters of internal expansion provided by MagLatch hardware&lt;/p&gt;\r\n\r\n&lt;h4&gt;DIVERSE CARRY OPTIONS&lt;/h4&gt;\r\n\r\n&lt;p&gt;Removable quick-adjusting padded shoulder strap for cross-body or single shoulder carry&lt;/p&gt;\r\n&lt;/div&gt;\r\n&lt;/div&gt;\r\n&lt;/div&gt;\r\n\r\n&lt;p&gt;&amp;nbsp;&lt;/p&gt;\r\n', 'peak,design,peak,design,everyday,messenger,bag,13l,v2,bedm-13:::BEDM-13-BK-2,818373021559,BEDM-13-AS-2,818373021566', 'Peak Design Everyday Messenger Bag 13L v2 - BEDM-13', 'Peak Design Everyday Messenger Bag 13L v2 - BEDM-13 - Singles Day (11/11) - Peak Design Everyday Messenger Bag 13L v2 The all-new Everyday Messenger is the latest rev of our original award-winning everyday and photo carry workhorse—the bag that we designe', 'peak design, peak design everyday messenger bag 13l v2, bedm-13, singles day (11/11)', 'peak-design-everyday-messenger-bag-13l-v2', '', '', '', '', ''),
(56, 1, 'Mobile Creator Kit | Peak Design', '&lt;h3&gt;MOBILE CREATOR KIT&lt;/h3&gt;\r\n\r\n&lt;h6&gt;SLIMLINK&amp;trade; PHONE ACCESSORY&lt;/h6&gt;\r\n\r\n&lt;p&gt;Unleash the full photography and filmmaking potential of your phone with Creator Kit, a brilliantly versatile phone mount that adapts to tripods, GoPro mounts, 1/4&amp;quot;-20 mounts, and the Peak Design Capture Camera Clip.&amp;nbsp;Leave the DSLR at home, and instead mount your phone onto any Arca-type tripod head to capture timelapses and long exposures. Forget the GoPro? Pop your phone directly onto any GoPro-style mount (like a helmet or chest mount) to capture and share POV video. Use the 1/4-20&amp;quot; adapter to mount your phone all sorts of vlogging and video rigs. And if you carry your camera in Capture, now you can carry/mount your phone in it, too. Features an ultra-strong magnetic/mechanical mounting technology (called SlimLink) that grabs and locks your phone so effortlessly, it feels like magic. Attach your phone in portrait or landscape, and remove it instantly with the press of a button. Rigid and secure enough for any activity.&lt;br data-mce-fragment=&quot;1&quot; /&gt;\r\n&lt;br data-mce-fragment=&quot;1&quot; /&gt;\r\nRequires your phone to have a&amp;nbsp;&lt;a data-mce-fragment=&quot;1&quot; data-mce-href=&quot;/products/everyday-case&quot; href=&quot;https://www.peakdesign.com/products/everyday-case&quot;&gt;Everyday Case&lt;/a&gt;&amp;nbsp;or&amp;nbsp;&lt;a data-mce-fragment=&quot;1&quot; data-mce-href=&quot;/products/universal-adapter&quot; href=&quot;https://www.peakdesign.com/products/universal-adapter&quot;&gt;Universal Adapter&lt;/a&gt;&amp;nbsp;(sold separately).&lt;/p&gt;\r\n\r\n&lt;div class=&quot;ckebs-grid&quot;&gt;\r\n&lt;div class=&quot;row row-1&quot;&gt;\r\n&lt;div class=&quot;col-md-6&quot;&gt;\r\n&lt;div&gt;\r\n&lt;h4&gt;Do More With Your Phone&lt;/h4&gt;\r\n\r\n&lt;p&gt;Smartphones have mind-blowing photo and video capabilities, and they&amp;#39;re only getting better. Creator Kit extends the benefits of Peak Design&amp;#39;s ultra-fast, ultra-strong phone mounting system to a vast array of creative rigs, making it easier than ever to capture pro-quality content with your phone.&lt;/p&gt;\r\n&lt;/div&gt;\r\n&lt;/div&gt;\r\n\r\n&lt;div class=&quot;col-md-6&quot;&gt;&lt;img alt=&quot;&quot; src=&quot;https://www.isbestbuy.com/image/catalog/all/items/peak-design/creator-kit/content/2-FEATURES-Creator-Kit-01.webp&quot; /&gt;&lt;/div&gt;\r\n&lt;/div&gt;\r\n&lt;/div&gt;\r\n\r\n&lt;p&gt;&amp;nbsp;&lt;/p&gt;\r\n\r\n&lt;div class=&quot;ckebs-grid&quot;&gt;\r\n&lt;div class=&quot;row row-1&quot;&gt;\r\n&lt;div class=&quot;col-md-4&quot; style=&quot;padding-right: 10px&quot;&gt;\r\n&lt;h5&gt;SLIMLINK: A MAGICAL CONNECTION SYSTEM&lt;/h5&gt;\r\n\r\n&lt;ol&gt;\r\n	&lt;li&gt;Magnetic locking technology (called SlimLink&amp;trade;) is ultra secure and feels like magic&lt;/li&gt;\r\n	&lt;li&gt;No-look, 1-handed phone attachment and removal&lt;/li&gt;\r\n	&lt;li&gt;Phone is held in place rigidly yet accessible with the press of a button&lt;/li&gt;\r\n&lt;/ol&gt;\r\n\r\n&lt;h5&gt;TOTAL SECURITY + ACCESS&lt;/h5&gt;\r\n\r\n&lt;ol&gt;\r\n	&lt;li&gt;Locking mechanism strong enough for any activity&lt;/li&gt;\r\n	&lt;li&gt;Remove/access your phone instantly and effortlessly&lt;/li&gt;\r\n&lt;/ol&gt;\r\n\r\n&lt;h5&gt;BUILT TO LAST&lt;/h5&gt;\r\n\r\n&lt;ol&gt;\r\n	&lt;li&gt;Durable, weatherproof aluminum &amp;amp; glass-reinforced polycarbonate construction&lt;/li&gt;\r\n	&lt;li&gt;Built to last for many phones to come&lt;/li&gt;\r\n	&lt;li&gt;&lt;a href=&quot;http://peakdesign.com/warranty&quot;&gt;Guaranteed for life&lt;/a&gt;, like all Peak Design products&lt;/li&gt;\r\n&lt;/ol&gt;\r\n&lt;/div&gt;\r\n\r\n&lt;div class=&quot;col-md-4&quot; style=&quot;padding-right: 5px&quot;&gt;\r\n&lt;h5&gt;CONNECT YOUR PHONE TO:&lt;/h5&gt;\r\n\r\n&lt;p&gt;ARCA tripods&lt;br /&gt;\r\nGoPro mounts&lt;br /&gt;\r\n1/4&amp;quot;-20 mounts&lt;br /&gt;\r\nCapture Camera Clip&lt;/p&gt;\r\n\r\n&lt;h5&gt;RECOMMENDED USES*&lt;/h5&gt;\r\n\r\n&lt;ol&gt;\r\n	&lt;li&gt;&lt;b&gt;Use your phone as a GoPro&amp;reg;&amp;nbsp;&lt;/b&gt;. Attach your phone to helmet and chest mounts to capture POV video.&lt;/li&gt;\r\n	&lt;li&gt;&lt;b&gt;Mobile photography&lt;/b&gt;. Mount your phone on any ARCA-compatible tripod.&lt;/li&gt;\r\n	&lt;li&gt;&lt;b&gt;Vlogging &amp;amp; mobile filmmaking&lt;/b&gt;. Mount your phone on filming rigs, ring lights, hotshoe adapters, and more.&lt;/li&gt;\r\n	&lt;li&gt;&lt;b&gt;Carry or film with Capture&lt;/b&gt;. Mount your phone in the Peak Design Capture Clip.&lt;/li&gt;\r\n&lt;/ol&gt;\r\n\r\n&lt;p&gt;&lt;i&gt;*All of these uses involve additional 3rd party hardware.&lt;/i&gt;&lt;/p&gt;\r\n&lt;/div&gt;\r\n\r\n&lt;div class=&quot;col-md-4&quot;&gt;\r\n&lt;h5&gt;PHONE/CASE COMPATIBILITY&lt;/h5&gt;\r\n\r\n&lt;ol&gt;\r\n	&lt;li&gt;Requires a&amp;nbsp;&lt;a href=&quot;https://www.peakdesign.com/products/everyday-case&quot;&gt;Peak Design Case&lt;/a&gt;&amp;nbsp;or&amp;nbsp;&lt;a href=&quot;https://www.peakdesign.com/products/universal-adapter&quot;&gt;Universal Adapter&lt;/a&gt;&amp;nbsp;(sold separately)&lt;/li&gt;\r\n&lt;/ol&gt;\r\n&lt;/div&gt;\r\n&lt;/div&gt;\r\n&lt;/div&gt;\r\n\r\n&lt;p&gt;&amp;nbsp;&lt;/p&gt;\r\n', 'peak,design,peak,design,mobile,creator,kit,m-ck-aa-bk-1', 'Peak Design Mobile Creator Kit - M-CK-AA-BK-1', 'Peak Design Mobile Creator Kit - M-CK-AA-BK-1 - Chinese New Year - Peak Design Everyday Case - Fabric Charcoal', 'peak design, peak design mobile creator kit, m-ck-aa-bk-1, chinese new year', 'peak-design-mobile-creator-kit', '', '', '', '', '');
INSERT INTO `product_description` (`product_id`, `language_id`, `name`, `description`, `tag`, `meta_title`, `meta_description`, `meta_keyword`, `seo_keyword`, `seo_h1`, `seo_h2`, `seo_h3`, `image_title`, `image_alt`) VALUES
(35, 1, 'Travel Backpack 30L | Peak Design ', '&lt;h3 itemprop=&quot;name&quot;&gt;TRAVEL BACKPACK 30L&lt;/h3&gt;\r\n\r\n&lt;p&gt;The smaller sibling of our iconic 45L Travel Backpack, the 30L is a rugged, expandable daypack ideal for shorter travel and everyday carry.&amp;nbsp;A big, beautiful&amp;nbsp;rear hatch provides total access for easy packing and unpacking. An enlarged top pocket is subdivided with stretch and zip pockets for keys, glasses, passport, etc. The weatherproof #10 UltraZip can withstand decades of use thanks to its proprietary abrasion-resistant thread. Meets international carry-on size requirements in expanded (33L) and compressed (27L) form. Expansive side pockets for water bottles, tripods, and more. Padded laptop + tablet sleeves. Tuck-away shoulder straps and optional hip belt accessory. 360-degree grab handles. Cleverly concealed external carry straps. All packed within a sleek, weatherproof 100% recycled 400D nylon canvas shell with 900D bottom liner. Fair Trade Certified and 100% carbon neutral.&lt;/p&gt;\r\n\r\n&lt;p&gt;Works seamlessly with Peak Design&amp;nbsp;&lt;a href=&quot;https://www.peakdesign.com/products/packing-cube/&quot;&gt;Packing Cubes&lt;/a&gt;&amp;nbsp;and&amp;nbsp;&lt;a href=&quot;https://www.peakdesign.com/collections/pouches-cubes&quot;&gt;Pouches&lt;/a&gt;, sold separately. Fits Peak Design Camera Cubes, but only in its expanded form. For optimal photo gear carry, we recommend the larger&amp;nbsp;&lt;a href=&quot;https://www.peakdesign.com/products/travel-backpack&quot;&gt;45L Travel Backpack&lt;/a&gt;.&lt;/p&gt;\r\n\r\n&lt;p&gt;Need help choosing the right bag? Try our&amp;nbsp;&lt;a href=&quot;https://www.peakdesign.com/pages/gear-finder&quot;&gt;Bag Finder&lt;/a&gt;.&lt;/p&gt;\r\n\r\n&lt;div class=&quot;ckebs-grid&quot;&gt;\r\n&lt;div class=&quot;row row-1&quot;&gt;\r\n&lt;div class=&quot;col-md-6&quot;&gt;\r\n&lt;h4&gt;ON-THE-GO PERFECTION&lt;/h4&gt;\r\n\r\n&lt;p&gt;Like our award-winning 45L Travel Backpack, the 30L is designed to bring you sanity amidst the strenuous pace of travel. But its smaller form makes the 30L perfect for everyday use as well.&lt;/p&gt;\r\n\r\n&lt;h4&gt;COMPARING TO THE 45L?&lt;/h4&gt;\r\n\r\n&lt;p&gt;The 30L pack is best suited for:&lt;/p&gt;\r\n\r\n&lt;ol&gt;\r\n	&lt;li&gt;1-bag-travel for trips 3 days and under.&lt;/li&gt;\r\n	&lt;li&gt;Day bag use: perfect for exploring, commuting, and working, in a new place, or in your hometown.&lt;/li&gt;\r\n	&lt;li&gt;Your carry-on personal item: fits more easily under airline seats.&lt;/li&gt;\r\n&lt;/ol&gt;\r\n&lt;/div&gt;\r\n\r\n&lt;div class=&quot;col-md-6&quot;&gt;&lt;img alt=&quot;&quot; src=&quot;https://www.isbestbuy.com/image/catalog/all/items/peak-design/travel-backpack-45l/content/travel-backpack-45.webp&quot; /&gt;&lt;/div&gt;\r\n&lt;/div&gt;\r\n&lt;/div&gt;\r\n\r\n&lt;p&gt;&amp;nbsp;&lt;/p&gt;\r\n\r\n&lt;div class=&quot;ckebs-grid&quot;&gt;\r\n&lt;div class=&quot;row row-1&quot;&gt;\r\n&lt;div class=&quot;col-md-4&quot; style=&quot;padding-right: 5px&quot;&gt;\r\n&lt;h5&gt;TRAVEL READY&lt;/h5&gt;\r\n\r\n&lt;ol&gt;\r\n	&lt;li&gt;International carry-on approved&lt;/li&gt;\r\n	&lt;li&gt;Theft-deterrent zipper pulls&lt;/li&gt;\r\n	&lt;li&gt;Protected luggage tag holder&lt;/li&gt;\r\n	&lt;li&gt;Luggage pass-through for roller bag carry&lt;/li&gt;\r\n	&lt;li&gt;Padded shoulder straps stow under magnetic flaps for worry-free bag-checking&lt;/li&gt;\r\n&lt;/ol&gt;\r\n\r\n&lt;h5&gt;IMPRESSIVE CAPACITY + EXPANSION&lt;/h5&gt;\r\n\r\n&lt;ol&gt;\r\n	&lt;li&gt;Huge rear access via burly #10 UltraZip&lt;/li&gt;\r\n	&lt;li&gt;Expansion zips for fitting more or compressing your load&lt;/li&gt;\r\n	&lt;li&gt;External carry straps stow beneath a magnetic flap&lt;/li&gt;\r\n&lt;/ol&gt;\r\n\r\n&lt;h5&gt;SPACE FOR EVERYTHING&lt;/h5&gt;\r\n\r\n&lt;ol&gt;\r\n	&lt;li&gt;Hugely expandable side pockets for water bottles, tripods, more&lt;/li&gt;\r\n	&lt;li&gt;Large soft-lined zippered top pocket with pockets for keys, glasses, passport, etc.&lt;/li&gt;\r\n	&lt;li&gt;Internal zippered mesh pockets&lt;/li&gt;\r\n	&lt;li&gt;Padded, dedicated laptop and tablet sleeves&lt;/li&gt;\r\n&lt;/ol&gt;\r\n&lt;/div&gt;\r\n\r\n&lt;div class=&quot;col-md-4&quot; style=&quot;padding-right: 5px&quot;&gt;\r\n&lt;h5&gt;ALL-DAY COMFORT&lt;/h5&gt;\r\n\r\n&lt;ol&gt;\r\n	&lt;li&gt;Axial strap attachments provide all-day comfort for all body types&lt;/li&gt;\r\n	&lt;li&gt;Stowable sternum strap&lt;/li&gt;\r\n	&lt;li&gt;360-degree grab handles&lt;/li&gt;\r\n&lt;/ol&gt;\r\n\r\n&lt;h5&gt;RUGGED PROTECTION&lt;/h5&gt;\r\n\r\n&lt;ol&gt;\r\n	&lt;li&gt;Weatherproof 100% recycled 400D nylon canvas shell&lt;/li&gt;\r\n	&lt;li&gt;Rugged 900D waterproof bottom liner&lt;/li&gt;\r\n	&lt;li&gt;Ultralight padded foam provides security and structure around entire bag&lt;/li&gt;\r\n	&lt;li&gt;High-visibility grey interior&lt;/li&gt;\r\n&lt;/ol&gt;\r\n\r\n&lt;h5&gt;SUSTAINABLY BUILT&lt;/h5&gt;\r\n\r\n&lt;ol&gt;\r\n	&lt;li&gt;Fair Trade Certified&lt;/li&gt;\r\n	&lt;li&gt;100% carbon neutral&lt;/li&gt;\r\n	&lt;li&gt;Lifetime guarantee&lt;/li&gt;\r\n&lt;/ol&gt;\r\n\r\n&lt;h5&gt;PD TRAVEL ECOSYSTEM&lt;/h5&gt;\r\n\r\n&lt;ol&gt;\r\n	&lt;li&gt;Designed to fit Peak Design Packing Cubes (fits 3 units)&lt;/li&gt;\r\n	&lt;li&gt;Note: only fits Peak Design Camera Cubes when fully expanded.&amp;nbsp;&lt;a href=&quot;https://www.peakdesign.com/products/travel-backpack&quot;&gt;45L Travel Backpack&lt;/a&gt;&amp;nbsp;recommended for carrying lots of camera gear.&lt;/li&gt;\r\n&lt;/ol&gt;\r\n&lt;/div&gt;\r\n\r\n&lt;div class=&quot;col-md-4&quot; style=&quot;padding-right: 5px&quot;&gt;\r\n&lt;h5&gt;DIFFERENCES VS. 45L&lt;/h5&gt;\r\n\r\n&lt;ol&gt;\r\n	&lt;li&gt;Simplified access: main access via single rear zip (45L also has side and front access)&lt;/li&gt;\r\n	&lt;li&gt;Larger top pocket: subdivided with internal stretch and zip pockets (45L has smaller, undivided pocket)&lt;/li&gt;\r\n	&lt;li&gt;Single volume: 45L has a removable internal divider not found on the 30L&lt;/li&gt;\r\n	&lt;li&gt;Hip belt not included: 45L has a built-in hip belt, 30L has optional hip belt accessory&lt;/li&gt;\r\n	&lt;li&gt;Less photo-oriented: the 30L only fits PD Camera Cubes when fully expanded. For frequent/heavy camera carry,&amp;nbsp;&lt;a href=&quot;https://www.peakdesign.com/products/travel-backpack&quot;&gt;45L is recommended&lt;/a&gt;&lt;/li&gt;\r\n&lt;/ol&gt;\r\n&lt;/div&gt;\r\n&lt;/div&gt;\r\n&lt;/div&gt;\r\n\r\n&lt;p&gt;&amp;nbsp;&lt;/p&gt;\r\n', 'peak,design,travel,backpack,30l,|,peak,design,btr-30-bk-1:::BTR-30-BK-1,818373022785,BTR-30-SG-1,818373022778,BTR-30-MN-1,818373022792', 'Travel Backpack 30L | Peak Design - BTR-30-BK-1', 'Travel Backpack 30L | Peak Design - BTR-30-BK-1 - Chinese New Year - Peak Design Travel Backpack 30L The smaller sibling of our iconic 45L Travel Backpack, the 30L is a rugged, expandable daypack ideal for shorter travel and everyday carry. A big, beautif', 'peak design, travel backpack 30l | peak design, btr-30-bk-1, chinese new year', 'peak-design-travel-backpack-30l', '', '', '', '', ''),
(30, 1, 'Everyday Backpack Version 2 | Peak Design', '&lt;h3 itemprop=&quot;name&quot;&gt;EVERYDAY BACKPACK&lt;/h3&gt;\r\n\r\n&lt;p&gt;An iconic, award-winning pack for everyday and photo carry, the newly revamped Everyday Backpack is built around access, organization, expansion, and protection.&amp;nbsp;Unique MagLatch hardware provides lightning fast top access, with dual side access via two weatherproof UltraZips.&lt;/p&gt;\r\n\r\n&lt;p&gt;Inside,&amp;nbsp;3 configurable FlexFold&amp;nbsp;dividers keep gear organized, protected, and not bunched at the bottom of your bag. Dedicated sleeves for up to 15&amp;rdquo; laptop (or 16&amp;quot; MacBook Pro), tablet,&amp;nbsp;or documents, plus a variety of internal slip pockets for small items. 100% recycled 400D weatherproof shell keeps everything safe.&lt;/p&gt;\r\n\r\n&lt;p&gt;Huge external carry capacity made possible by a versatile tuck-away strap system. Expandable side pockets for water bottles or tripods. Integrated luggage carry makes this bag equally suited for daily commutes and extended travel. All-custom hardware, minimal dangling straps.&amp;nbsp;Now in its 2nd generation, v2 boasts&amp;nbsp;&lt;a data-mce-fragment=&quot;1&quot; data-mce-href=&quot;https://support.peakdesign.com/hc/en-us/articles/360036482011&quot; href=&quot;https://support.peakdesign.com/hc/en-us/articles/360036482011&quot;&gt;aesthetic and functional updates&lt;/a&gt;&amp;nbsp;based on feedback from thousands of passionate customers.&lt;/p&gt;\r\n\r\n&lt;p&gt;Available in standard 20L and&amp;nbsp;larger 30L sizes. Want more deets?&amp;nbsp;&lt;a href=&quot;https://youtu.be/yxmcpOqrGnY&quot; target=&quot;_blank&quot; title=&quot;Watch our Everyday Backpack Instructional.&quot;&gt;Watch our Everyday Backpack Instructional.&lt;/a&gt;&amp;nbsp;Questions about sizing and what fits? See Features below, or check out&amp;nbsp;&lt;a href=&quot;https://support.peakdesign.com/hc/en-us/articles/360043010291-Comparing-Relative-Size-of-the-Everyday-Bag-Line&quot;&gt;exact dimensions&lt;/a&gt;.&lt;/p&gt;\r\n\r\n&lt;p&gt;Check out the&amp;nbsp;&lt;a href=&quot;https://www.peakdesign.com/products/everyday-backpack-zip&quot; title=&quot;Everyday Backpack Zip&quot;&gt;Everyday Backpack Zip&lt;/a&gt;&amp;nbsp;for many of the same features, but in an aesthetically simpler form.&lt;/p&gt;\r\n\r\n&lt;p&gt;&amp;nbsp;&lt;/p&gt;\r\n\r\n&lt;div class=&quot;ckebs-grid&quot;&gt;\r\n&lt;div class=&quot;row row-1&quot;&gt;\r\n&lt;div class=&quot;col-md-6&quot;&gt;\r\n&lt;h4&gt;VERSATILE&lt;/h4&gt;\r\n\r\n&lt;p&gt;Featuring a clean silhouette with minimal dangling straps, the all-new Everyday Backpack brilliantly adapts to your ever-changing gear, lifestyle, and environment.&lt;/p&gt;\r\n\r\n&lt;p&gt;&lt;a href=&quot;https://youtu.be/yxmcpOqrGnY&quot; target=&quot;_blank&quot;&gt;Watch our Everyday Backpack Instructional.&lt;/a&gt;&lt;/p&gt;\r\n&lt;/div&gt;\r\n\r\n&lt;div class=&quot;col-md-6&quot;&gt;&lt;img alt=&quot;&quot; src=&quot;https://www.isbestbuy.com/image/catalog/all/items/peak-design/everyday-backpack-v2/content/EDB-Feature.webp&quot; /&gt;&lt;/div&gt;\r\n&lt;/div&gt;\r\n&lt;/div&gt;\r\n\r\n&lt;p&gt;&amp;nbsp;&lt;/p&gt;\r\n\r\n&lt;div class=&quot;ckebs-grid&quot;&gt;\r\n&lt;div class=&quot;row row-1&quot;&gt;\r\n&lt;div class=&quot;col-md-4&quot; style=&quot;padding-right: 5px&quot;&gt;\r\n&lt;h4&gt;20L EVERYDAY BACKPACK&lt;/h4&gt;\r\n\r\n&lt;h5&gt;EXAMPLE CAMERA CARRY&lt;/h5&gt;\r\n\r\n&lt;ol&gt;\r\n	&lt;li&gt;Mirrorless camera body/lens + 4-5 extra lenses &amp;amp; accessories&lt;/li&gt;\r\n	&lt;li&gt;DJI Mavic drone + controller, batteries, charger &amp;amp; accessories&lt;/li&gt;\r\n	&lt;li&gt;Crop-sensor DSLR/lens + 3-4 extra lenses &amp;amp; accessories&lt;/li&gt;\r\n	&lt;li&gt;DSLR camera body/lens + 2-3 extra lens&lt;/li&gt;\r\n	&lt;li&gt;Fits a full-frame DSLR + 70-200 pro lens + another lens &amp;amp; accessories&lt;/li&gt;\r\n&lt;/ol&gt;\r\n\r\n&lt;h5&gt;EXAMPLE EVERYDAY CARRY&lt;/h5&gt;\r\n\r\n&lt;ol&gt;\r\n	&lt;li&gt;13-16&amp;quot; laptop, notebook, lunch, jacket, wallet, phone, keys, sunglasses, passport&lt;/li&gt;\r\n	&lt;li&gt;A solid 12-er of cold snacks (aka beer) + 4 white claws to boot&lt;/li&gt;\r\n&lt;/ol&gt;\r\n&amp;nbsp;\r\n\r\n&lt;h4&gt;30L EVERYDAY BACKPACK&lt;/h4&gt;\r\n\r\n&lt;h5&gt;EXAMPLE CAMERA CARRY&lt;/h5&gt;\r\n\r\n&lt;ol&gt;\r\n	&lt;li&gt;2 Mirrorless/DSLR camera bodies + 3-4 extra lenses &amp;amp; accessories&lt;/li&gt;\r\n	&lt;li&gt;DJI Mavic drone &amp;amp; controller + Mirrorless/DSLR camera body &amp;amp; lens&lt;/li&gt;\r\n	&lt;li&gt;DSLR camera body + 4-5 extra lenses &amp;amp; accessories&lt;/li&gt;\r\n	&lt;li&gt;Full-frame DSLR + 70-200 pro lens + Crop-sensor DSLR/lens + another lens &amp;amp; accessories&lt;/li&gt;\r\n&lt;/ol&gt;\r\n\r\n&lt;h5&gt;EXAMPLE EVERYDAY CARRY&lt;/h5&gt;\r\n\r\n&lt;ol&gt;\r\n	&lt;li&gt;13-16&amp;quot; laptop, tablet, 2-3 notebooks, lunch, jacket, shoes, wallet, phone, keys, sunglasses, passport&lt;/li&gt;\r\n	&lt;li&gt;A solid 12-er of cold snacks (aka beer) + 4 white claws to boot&lt;/li&gt;\r\n&lt;/ol&gt;\r\n\r\n&lt;p&gt;For more example loadouts, check out&amp;nbsp;&lt;a href=&quot;https://www.youtube.com/watch?v=yxmcpOqrGnY&amp;amp;t=1542s&quot;&gt;Law&amp;#39;s Loadouts on Youtube.&lt;/a&gt;&lt;/p&gt;\r\n&lt;/div&gt;\r\n\r\n&lt;div class=&quot;col-md-4&quot; style=&quot;padding-right: 5px&quot;&gt;\r\n&lt;h4&gt;INSTANT ACCESS&lt;/h4&gt;\r\n\r\n&lt;ol&gt;\r\n	&lt;li&gt;Fast, secure, one-handed top access via MagLatch hardware&lt;/li&gt;\r\n	&lt;li&gt;Dual side access via #8 weatherproof zips&lt;/li&gt;\r\n	&lt;li&gt;Extra-durable UltraZip design&lt;/li&gt;\r\n&lt;/ol&gt;\r\n\r\n&lt;h4&gt;EXPANDABLE&lt;/h4&gt;\r\n\r\n&lt;p&gt;MagLatch hardware provides internal expansion. +3L on the 20L bag, +8L on the 30L bag&lt;/p&gt;\r\n\r\n&lt;h4&gt;CUSTOM ORGANIZATION&lt;/h4&gt;\r\n\r\n&lt;p&gt;Brilliantly customizable and protective internal organization via 3 easy-to-configure FlexFold dividers&lt;/p&gt;\r\n\r\n&lt;h4&gt;POCKETS FOR DAYS&lt;/h4&gt;\r\n\r\n&lt;ol&gt;\r\n	&lt;li&gt;Stretchy internal side and top pockets for cards, cords, and more&lt;/li&gt;\r\n	&lt;li&gt;Internal slip pockets for wallet, passport, and other important items&lt;/li&gt;\r\n	&lt;li&gt;Dual external side pockets stretch to fit water bottles, tripods, etc&lt;/li&gt;\r\n&lt;/ol&gt;\r\n\r\n&lt;h4&gt;LAPTOP SLEEVE&lt;/h4&gt;\r\n\r\n&lt;ol&gt;\r\n	&lt;li&gt;Protective laptop sleeve with pockets for tablets and documents&lt;/li&gt;\r\n	&lt;li&gt;Adjustable for easy access to smaller laptops&lt;/li&gt;\r\n	&lt;li&gt;Fits 2021 Macbook Pro 14&amp;quot; and 16&amp;quot; models&lt;/li&gt;\r\n&lt;/ol&gt;\r\n\r\n&lt;h4&gt;EXTERNAL CARRY&lt;/h4&gt;\r\n\r\n&lt;ol&gt;\r\n	&lt;li&gt;4 external carry straps for cinching down bulky items via our Cord Hook system&lt;/li&gt;\r\n	&lt;li&gt;Straps stow beneath a magnetic sleeve&lt;/li&gt;\r\n	&lt;li&gt;Quick-connecting, stowable sternum strap&lt;/li&gt;\r\n&lt;/ol&gt;\r\n&lt;/div&gt;\r\n\r\n&lt;div class=&quot;col-md-4&quot; style=&quot;padding-right: 5px&quot;&gt;\r\n&lt;h4&gt;ULTIMATE COMFORT&lt;/h4&gt;\r\n\r\n&lt;ol&gt;\r\n	&lt;li&gt;Vented, quick-drying mesh back padding for breathable comfort&lt;/li&gt;\r\n	&lt;li&gt;Shoulder straps pivot at axial points to optimize comfort with all body types&lt;/li&gt;\r\n	&lt;li&gt;Quick-connecting, stowable sternum strap&lt;/li&gt;\r\n&lt;/ol&gt;\r\n\r\n&lt;h4&gt;TRAVEL-FRIENDLY&lt;/h4&gt;\r\n\r\n&lt;ol&gt;\r\n	&lt;li&gt;Luggage pass-through for easy and secure roller-top carry&lt;/li&gt;\r\n	&lt;li&gt;3 padded grab handles for upright or briefcase style hand carry&lt;/li&gt;\r\n	&lt;li&gt;Padded, stowable waist belt available (sold separately)&lt;/li&gt;\r\n&lt;/ol&gt;\r\n\r\n&lt;h4&gt;HIP BELT ACCESSORY&lt;/h4&gt;\r\n\r\n&lt;p&gt;A padded, stowable&amp;nbsp;&lt;a href=&quot;https://www.peakdesign.com/products/everyday-hip-belt&quot;&gt;Hip Belt accessory&lt;/a&gt;&amp;nbsp;is available for purchase for those who want added stability and comfort with heavy loads.&lt;/p&gt;\r\n\r\n&lt;h4&gt;DURABLE &amp;amp; WEATHERPROOF&lt;/h4&gt;\r\n\r\n&lt;p&gt;Weatherproof, 100% recycled 400D nylon canvas shell is DWR impregnated, double PU-coated.&lt;/p&gt;\r\n&lt;/div&gt;\r\n&lt;/div&gt;\r\n&lt;/div&gt;\r\n\r\n&lt;p&gt;&amp;nbsp;&lt;/p&gt;\r\n', 'Everyday Backpack Version 2 | Peak Design,BEDB-20,Camera Accessories:::BEDB-20-BK-2,818373021344,BEDB-30-BK-2,818373021450,BEDB-20-CH-2,818373021412,BEDB-30-CH-2,818373021467,BEDB-20-MN-2,818373021443,BEDB-30-MN-2,818373021474,BEDB-20-AS-2,818373021436', 'Everyday Backpack Version 2 | Peak Design - BEDB-20', 'Everyday Backpack Version 2 | Peak Design - BEDB-20 - Camera Accessories - A pack that adapts to your ever-changing gear, lifestyle and environment, the Everyday Backpack was created by a team of designers, engineers, and photographers to meet the needs o', 'everyday backpack version 2 | peak design, bedb-20, camera accessories', 'everyday-backpack-version-2-peak-design', 'Everyday Backpack Version 2 | Peak Design', 'Everyday Backpack Version 2 | Peak Design', 'Everyday Backpack Version 2 | Peak Design', 'Everyday Backpack Version 2 | Peak Design', 'Everyday Backpack Version 2 | Peak Design'),
(37, 1, 'Travel DuffelPack 65L | Peak Design ', '&lt;div class=&quot;embed-container&quot;&gt;&lt;iframe frameborder=&quot;0&quot; height=&quot;327&quot; src=&quot;https://www.youtube.com/embed/Nmivqvgye9k&quot; title=&quot;YouTube video player&quot; width=&quot;538&quot;&gt;&lt;/iframe&gt;&lt;/div&gt;\r\n\r\n&lt;p&gt;Travel Duffelpack 65L | Peak Design - BTRDP-65 - Camera Bags-&lt;/p&gt;\r\n', 'peak,design,travel,duffelpack,65l,|peak,design,btrdp-65:::BTRDP-65-BK-1,818373021238,BTRDP-65-SG-1,818373021245', 'Travel Duffelpack 65L |Peak Design - BTRDP-65', 'Travel Duffelpack 65L |Peak Design - BTRDP-65 - Camera Bags - Travel Duffelpack 65L |Peak Design - BTRDP-65 - Camera Bags-', 'peak design, travel duffelpack 65l |peak design, btrdp-65, camera bags', 'peak-design-travel-duffelpack-65l', '', '', '', '', ''),
(39, 1, 'Rain Fly | Peak Design ', '&lt;h3 itemprop=&quot;name&quot;&gt;RAIN FLY&lt;/h3&gt;\r\n\r\n&lt;div class=&quot;ckebs-grid&quot;&gt;\r\n&lt;div class=&quot;row row-1&quot;&gt;\r\n&lt;div class=&quot;col-md-6&quot;&gt;\r\n&lt;h5&gt;WEATHERPROOF DESIGN&lt;/h5&gt;\r\n\r\n&lt;p&gt;Drainage grommet releases moisture to keep items dry. Integrated sack fits in Travel Backpack&amp;#39;s magnetically sealed external sleeve.&lt;/p&gt;\r\n\r\n&lt;h5&gt;UNPARALLELED SECURITY&lt;/h5&gt;\r\n\r\n&lt;p&gt;Siliconized coating and fully taped seams for ultimate protection. One-handed cinch cord keeps Rainfly tight, secure, and snug.&lt;/p&gt;\r\n&lt;/div&gt;\r\n\r\n&lt;div class=&quot;col-md-6&quot;&gt;&lt;img alt=&quot;&quot; src=&quot;https://www.isbestbuy.com/image/catalog/all/items/peak-design/rain-fly/content/rain-fly.jpg&quot; /&gt;&lt;/div&gt;\r\n&lt;/div&gt;\r\n&lt;/div&gt;\r\n\r\n&lt;p&gt;&amp;nbsp;&lt;/p&gt;\r\n', 'peak,design,rain,fly,|,peak,design,btr-rf-45-bk-1', 'Rain Fly | Peak Design - BTR-RF-45-BK-1', 'Rain Fly | Peak Design - BTR-RF-45-BK-1 - Camera Bags - Rain Fly | Peak Design - BTR-RF-45-BK-1 - Camera Bags- Constructed from burly 200D siliconized ripstop nylon, the Rainfly packs into an integrated carry pouch. That pouch securely connects to exterio', 'peak design, rain fly | peak design, btr-rf-45-bk-1, camera bags', 'peak-design-rain-fly', '', '', '', '', ''),
(40, 1, 'Camera Cube | Peak Design', '&lt;div class=&quot;embed-container&quot;&gt;&lt;iframe frameborder=&quot;0&quot; height=&quot;327&quot; src=&quot;https://www.youtube.com/embed/-ZRbayaHg0Y&quot; title=&quot;YouTube video player&quot; width=&quot;538&quot;&gt;&lt;/iframe&gt;&lt;/div&gt;\r\n\r\n&lt;h1&gt;Camera Cube | Peak Design - BCC-L-BK-1 - Camera Bags&lt;/h1&gt;\r\n\r\n&lt;div&gt;\r\n&lt;p&gt;Ultra-protective yet easily accessible, Peak Design Camera Cubes take the pain and hassle out of traveling with photo, video, or drone gear. Designed to mount securely in any Peak Design Travel Bag, Camera Cubes give you custom organization and protection, whether you&amp;rsquo;re carrying a small mirrorless kit or a full professional creative setup. A range of different protective, low-profile FlexFold dividers give best-in-class customizability. A tear-away main opening has a tuck-away flap for faster access when the cubes are packed in your bag. Medium and Large cubes feature dual side zips, giving you additional access points. Movable pocket for filters, lens caps, and small stuff. A weatherproof recycled 400D nylon canvas shell with high-density foam sub-lining keep your gear safe and sound.&lt;/p&gt;\r\n&lt;/div&gt;\r\n\r\n&lt;div&gt;\r\n&lt;h3&gt;INSTANT ACCESS&lt;/h3&gt;\r\n\r\n&lt;p&gt;Tear-away main opening with tuck-away flap. Dual side access hatches for medium and large sizes.&lt;/p&gt;\r\n&lt;/div&gt;\r\n', 'peak design,camera cubes,large, bcc-l-bk-1:::BCC-S-BK-1,PD-BCCSBK1,818373020897,BCC-M-BK-1,PD-BCCMBK1,818373020903,BCC-L-BK-1,PD-BCCLBK1,818373020910', 'Camera Cube Large | Peak Design - BCC-L-BK-1', 'Camera Cube Large | Peak Design - BCC-L-BK-1 - Camera Bags - Camera Cube Medium | Peak Design - BCC-S-BK-1 - Camera Bags Ultra-protective yet easily accessible, Peak Design Camera Cubes take the pain and hassle out of traveling with photo, video, or drone', 'peak design, camera cube large | peak design, bcc-l-bk-1, camera bags', 'peak-design-camera-cube-large', '', '', '', '', ''),
(36, 1, 'Travel Backpack 45L |Peak Design ', '&lt;h3 itemprop=&quot;name&quot;&gt;TRAVEL BACKPACK 45L&lt;/h3&gt;\r\n\r\n&lt;p&gt;A rugged, expandable, and brilliantly accessible carry-on travel backpack driven by a simple truth: no two trips are the same.&amp;nbsp;Features top, side, front and rear access via weatherproof #8 and #10 UltraZips, which can withstand decades of use thanks to their proprietary abrasion-resistant thread. Meets international carry-on size requirements, but expands to be a 45L gear-hauler and collapses to be a 35L day bag, making it unmatched for 1-bag travel. Quick-access pockets for keys, glasses, passport, etc. Hugely expandable side pockets for water bottles, tripods, and more. Padded laptop + tablet sleeves. Main cavity is divisible into 2 compartments via a zippered mesh sleeve. Tuck-away shoulder straps and hip belt. 360-degree grab handles. Cleverly concealed external carry straps. All packed within a sleek, weatherproof 100% recycled 400D nylon canvas shell with 900D bottom liner. Fair Trade Certified and 100% carbon neutral.&lt;br data-mce-fragment=&quot;1&quot; /&gt;\r\n&lt;br data-mce-fragment=&quot;1&quot; /&gt;\r\nWorks seamlessly with Peak Design&amp;nbsp;&lt;a data-mce-fragment=&quot;1&quot; data-mce-href=&quot;https://pddevelopment.myshopify.com/products/packing-cube/&quot; href=&quot;https://www.peakdesign.com/products/packing-cube/&quot;&gt;Packing Cubes&lt;/a&gt;,&amp;nbsp;&lt;a data-mce-fragment=&quot;1&quot; data-mce-href=&quot;https://pddevelopment.myshopify.com/products/camera-cube/&quot; href=&quot;https://www.peakdesign.com/products/camera-cube/&quot;&gt;Camera Cubes&lt;/a&gt;, and&amp;nbsp;&lt;a data-mce-fragment=&quot;1&quot; data-mce-href=&quot;https://pddevelopment.myshopify.com/collections/pouches-cubes&quot; href=&quot;https://www.peakdesign.com/products/travel-backpack/collections/pouches-cubes&quot;&gt;Pouches&lt;/a&gt;, sold separately. For similar features in a smaller bag, check out the 30L Travel Backpack.&lt;/p&gt;\r\n\r\n&lt;p data-mce-fragment=&quot;1&quot;&gt;Need help choosing the right bag? Try our&amp;nbsp;&lt;a data-mce-fragment=&quot;1&quot; data-mce-href=&quot;https://pddevelopment.myshopify.com/pages/gear-finder&quot; href=&quot;https://www.peakdesign.com/pages/gear-finder&quot;&gt;Bag Finder&lt;/a&gt;&lt;/p&gt;\r\n\r\n&lt;div class=&quot;ckebs-grid&quot;&gt;\r\n&lt;div class=&quot;row row-1&quot;&gt;\r\n&lt;div class=&quot;col-md-6&quot;&gt;\r\n&lt;h4&gt;ONE BAG TO RULE THEM ALL&lt;/h4&gt;\r\n\r\n&lt;p&gt;The 45L Travel Backpack debuted at the Outdoor Retailer show in 2018 and promptly won three best-in-show awards. Why? Perhaps because it was designed to do everything for everyone. 2-week journey? Check. Weekend jaunt? Check. Daypack? Check. Camera bag? Check. No two trips are the same, so get a bag with the versatility to do them all.&lt;/p&gt;\r\n\r\n&lt;h4&gt;COMPARING TO THE 30L?&lt;/h4&gt;\r\n\r\n&lt;p&gt;The 45L is better for:&lt;/p&gt;\r\n\r\n&lt;ol&gt;\r\n	&lt;li&gt;1-bag-travel for trips 4 days and longer&lt;/li&gt;\r\n	&lt;li&gt;More access and organization options&lt;/li&gt;\r\n	&lt;li&gt;Trips where you need multiple jackets, pairs of shoes, or other bulky clothing&lt;/li&gt;\r\n	&lt;li&gt;Carrying camera gear: better compatibility with PD&amp;nbsp;&lt;a href=&quot;https://www.peakdesign.com/products/camera-cube/&quot;&gt;Camera Cubes&lt;/a&gt;, plus dual side access.&lt;/li&gt;\r\n&lt;/ol&gt;\r\n&lt;/div&gt;\r\n\r\n&lt;div class=&quot;col-md-6&quot;&gt;&lt;img alt=&quot;&quot; src=&quot;https://www.isbestbuy.com/image/catalog/all/items/peak-design/travel-backpack-45l/content/travel-backpack-45.webp&quot; /&gt;&lt;/div&gt;\r\n&lt;/div&gt;\r\n&lt;/div&gt;\r\n\r\n&lt;p&gt;&amp;nbsp;&lt;/p&gt;\r\n\r\n&lt;div class=&quot;ckebs-grid&quot;&gt;\r\n&lt;div class=&quot;row row-1&quot;&gt;\r\n&lt;div class=&quot;col-md-4&quot;&gt;\r\n&lt;h5&gt;TRAVEL READY&lt;/h5&gt;\r\n\r\n&lt;ol&gt;\r\n	&lt;li&gt;International carry-on approved&lt;/li&gt;\r\n	&lt;li&gt;Theft-deterrent zipper pulls&lt;/li&gt;\r\n	&lt;li&gt;Protected luggage tag holder&lt;/li&gt;\r\n	&lt;li&gt;Luggage pass-through for roller bag carry&lt;/li&gt;\r\n	&lt;li&gt;Padded shoulder &amp;amp; waist straps stow under magnetic flaps for worry-free bag-checking&lt;/li&gt;\r\n&lt;/ol&gt;\r\n\r\n&lt;h5&gt;ULTIMATE ACCESSIBILITY&lt;/h5&gt;\r\n\r\n&lt;ol&gt;\r\n	&lt;li&gt;Huge rear access via burly #10 UltraZip&lt;/li&gt;\r\n	&lt;li&gt;Dual side access via burly #10 UltraZips&lt;/li&gt;\r\n	&lt;li&gt;Front zip panel for additional access, storage, &amp;amp; organization&lt;/li&gt;\r\n&lt;/ol&gt;\r\n\r\n&lt;h5&gt;HUGE CAPACITY&lt;/h5&gt;\r\n\r\n&lt;ol&gt;\r\n	&lt;li&gt;Expansion zips for fitting more or compressing your load&lt;/li&gt;\r\n	&lt;li&gt;External carry straps stow beneath a magnetic flap&lt;/li&gt;\r\n&lt;/ol&gt;\r\n\r\n&lt;h5&gt;SPACE FOR EVERYTHING&lt;/h5&gt;\r\n\r\n&lt;ol&gt;\r\n	&lt;li&gt;Hugely expandable side pockets for water bottles, tripods, more&lt;/li&gt;\r\n	&lt;li&gt;Soft-lined zippered top pocket for keys, glasses, passport, etc.&lt;/li&gt;\r\n	&lt;li&gt;Internal zippered mesh pockets&lt;/li&gt;\r\n	&lt;li&gt;Padded, dedicated laptop and tablet sleeves&lt;/li&gt;\r\n&lt;/ol&gt;\r\n&lt;/div&gt;\r\n\r\n&lt;div class=&quot;col-md-4&quot;&gt;\r\n&lt;h5&gt;ALL-DAY COMFORT&lt;/h5&gt;\r\n\r\n&lt;ol&gt;\r\n	&lt;li&gt;Stowable hip belt&lt;/li&gt;\r\n	&lt;li&gt;Axial strap attachments provide all-day comfort for all body types&lt;/li&gt;\r\n	&lt;li&gt;Stowable sternum strap&lt;/li&gt;\r\n	&lt;li&gt;360-degree grab handles&lt;/li&gt;\r\n&lt;/ol&gt;\r\n\r\n&lt;h5&gt;RUGGED PROTECTION&lt;/h5&gt;\r\n\r\n&lt;ol&gt;\r\n	&lt;li&gt;Weatherproof 100% recycled 400D nylon canvas shell&lt;/li&gt;\r\n	&lt;li&gt;Rugged 900D waterproof bottom liner&lt;/li&gt;\r\n	&lt;li&gt;Ultralight padded foam provides security and structure around entire bag&lt;/li&gt;\r\n	&lt;li&gt;High-visibility grey interior&lt;/li&gt;\r\n&lt;/ol&gt;\r\n\r\n&lt;h5&gt;SUSTAINABLY BUILT&lt;/h5&gt;\r\n\r\n&lt;ol&gt;\r\n	&lt;li&gt;Fair Trade Certified&lt;/li&gt;\r\n	&lt;li&gt;100% carbon neutral&lt;/li&gt;\r\n	&lt;li&gt;Lifetime guarantee&lt;/li&gt;\r\n&lt;/ol&gt;\r\n\r\n&lt;h5&gt;PD TRAVEL ECOSYSTEM&lt;/h5&gt;\r\n\r\n&lt;p&gt;Designed to fit Peak Design Packing &amp;amp; Camera Cubes (fits 3 units with space for additional smaller things)&lt;/p&gt;\r\n&lt;/div&gt;\r\n\r\n&lt;div class=&quot;col-md-4&quot;&gt;\r\n&lt;h5&gt;DIFFERENCES VS. 30L&lt;/h5&gt;\r\n\r\n&lt;ol&gt;\r\n	&lt;li&gt;More access points: rear, side, and front access zips&lt;/li&gt;\r\n	&lt;li&gt;Dividable main volume: internal divider sleeve zips up to creates 2 compartments when needed&lt;/li&gt;\r\n	&lt;li&gt;Integrated hip belt: stowable padded hip belt for heavier loads&lt;/li&gt;\r\n	&lt;li&gt;Compressible: compression snaps slim down the profile for use as a day bag&lt;/li&gt;\r\n	&lt;li&gt;Hidden pockets: 2 hidden external zip pockets for cash, passport, etc.&lt;/li&gt;\r\n	&lt;li&gt;Room for more: room for 3 units of PD cubes, plus bonus space for pouches, jackets, shoes, etc.&lt;/li&gt;\r\n	&lt;li&gt;More photo-capable: fits camera cubes in un-expanded state, and allows quick side access to cameras and lenses&lt;/li&gt;\r\n&lt;/ol&gt;\r\n&lt;/div&gt;\r\n&lt;/div&gt;\r\n&lt;/div&gt;\r\n\r\n&lt;p&gt;&amp;nbsp;&lt;/p&gt;\r\n', 'peak design,travel backpack,45l,btr-45, travel backpack 45L:::BTR-45-BK-1,818373020859,BTR-45-SG-1,818373020866', 'Travel Backpack 45L |Peak Design - BTR-45', 'Travel Backpack 45L |Peak Design - BTR-45 - Camera Bags - Travel Backpack 45L |Peak Design - BTR-45 - Camera Bags-', 'peak design, travel backpack 45l |peak design, btr-45, camera bags', 'peak-design-travel-backpack-45l', '', '', '', '', ''),
(45, 1, 'Wash Pouch 2.5L | Peak Design', '&lt;p&gt;Wash Pouch 2.5L | Peak Design - BWP - Cyber Monday-&lt;/p&gt;\n', 'Peak Design, Wash Pouch, pouches, 2.5L, BWP', 'Peak Design Wash Pouch 2.5L', 'Wash Pouch 2.5L | Peak Design - BWP - Cyber Monday -', 'Peak Design, Wash Pouch 2.5L | Peak Design, BWP, Cyber Monday', '', '', '', '', '', ''),
(50, 1, 'Travel Tripod Phone Mount | Peak Design', '&lt;h3 itemprop=&quot;name&quot;&gt;Travel Tripod Phone Mount&lt;/h3&gt;\r\n\r\n&lt;p&gt;A replacement Phone Mount for the &lt;a href=&quot;https://www.peakdesign.com/tripod&quot;&gt;Travel Tripod&lt;/a&gt;. This universal phone mount fits up to up to a 9cm (3.54&amp;quot;) wide phone and stows away easily in the center column so you always have it on hand.&lt;/p&gt;\r\n\r\n&lt;p&gt;&lt;i&gt;(Works with both carbon and aluminum Peak Design Travel Tripod models. Tripod sold separately.)&lt;/i&gt;&lt;/p&gt;\r\n\r\n&lt;p&gt;&amp;nbsp;&lt;/p&gt;\r\n\r\n&lt;div class=&quot;ckebs-grid&quot;&gt;\r\n&lt;div class=&quot;row row-1&quot;&gt;\r\n&lt;div class=&quot;col-md-6&quot;&gt;\r\n&lt;h4&gt;Hold the phone&lt;/h4&gt;\r\n\r\n&lt;p&gt;Effortlessly use your mobile phone with your Travel Tripod.&lt;/p&gt;\r\n\r\n&lt;p&gt;The Phone Mount hides away in the center column. Just pull and twist the g-hook at the bottom to release or stow., and it&amp;#39;s held inside by a magnet so it won&amp;#39;t fall out.&lt;/p&gt;\r\n\r\n&lt;p&gt;Holds phones up to 3.5 inches wide. And yes, that includes the iPhone 11 Pro Max.&lt;/p&gt;\r\n\r\n&lt;p&gt;Pro-tip: With the lightweight Travel Tripod and the Phone Mount, you could use it as selfie stick.&lt;/p&gt;\r\n\r\n&lt;p&gt;Compatible with Peak Design Carbon and Aluminum Travel Tripod models. Tripod sold separately&lt;/p&gt;\r\n&lt;/div&gt;\r\n\r\n&lt;div class=&quot;col-md-6&quot;&gt;&lt;img alt=&quot;&quot; src=&quot;https://www.isbestbuy.com/image/catalog/all/items/peak-design/tripod-phone-mount/content/PM-5_1024x1024.webp&quot; /&gt;&lt;/div&gt;\r\n&lt;/div&gt;\r\n&lt;/div&gt;\r\n\r\n&lt;p&gt;&amp;nbsp;&lt;/p&gt;\r\n', 'Peak Design, Travel Tripod Phone Mount | Peak Design, TT-PM-5-150-1, Chrismas (12/25)', 'Peak Design Standard Plate', 'Travel Tripod Phone Mount | Peak Design - TT-PM-5-150-1 - Chrismas (12/25) -', 'Peak Design, Travel Tripod Phone Mount | Peak Design, TT-PM-5-150-1, Chrismas (12/25)', 'peak-design-travel-tripod-phone-mount', '', '', '', '', ''),
(51, 1, 'Universal Bar Mount for Mobile | Peak Design', '&lt;h3 itemprop=&quot;name&quot;&gt;UNIVERSAL BAR MOUNT&lt;/h3&gt;\r\n\r\n&lt;p&gt;SLIMLINK&amp;trade; PHONE ACCESSORY&lt;/p&gt;\r\n\r\n&lt;p&gt;Designed for a wide variety of mounting setups, the Universal Bar Mount securely holds your phone on the handlebars, stem, or frame of any bike, scooter, stroller, motorcycle, golf cart, and more.&amp;nbsp;Silicone band attaches snugly to wide range of standard bar diameters and can be repositioned easily. Features an ultra-strong magnetic/mechanical mounting technology (called SlimLink) that grabs and locks your phone so effortlessly, it feels like magic. Remove your phone instantly with the push of a button. Easily switch between portrait and landscape alignment without removing your phone. The mounting head clocks in 32 discreet positions so you can position your phone level on any handlebar style. Quickly move this mount from one place to another, or remove it at the end of your ride in places where theft is a concern.&lt;/p&gt;\r\n\r\n&lt;p&gt;Requires a&amp;nbsp;&lt;a data-mce-fragment=&quot;1&quot; data-mce-href=&quot;https://www.peakdesign.com/products/everyday-case&quot; href=&quot;https://www.peakdesign.com/products/everyday-case&quot;&gt;Peak Design Case&lt;/a&gt;&amp;nbsp;or&amp;nbsp;&lt;a data-mce-fragment=&quot;1&quot; data-mce-href=&quot;https://www.peakdesign.com/products/universal-adapter&quot; href=&quot;https://www.peakdesign.com/products/universal-adapter&quot;&gt;Universal Adapter&lt;/a&gt;&amp;nbsp;(sold separately).&lt;/p&gt;\r\n\r\n&lt;p&gt;&amp;nbsp;&lt;/p&gt;\r\n\r\n&lt;div class=&quot;ckebs-grid&quot;&gt;\r\n&lt;div class=&quot;row row-1&quot;&gt;\r\n&lt;div class=&quot;col-md-6&quot;&gt;\r\n&lt;h4&gt;MOUNT YOUR PHONE ON DANG-NEAR ANYTHING&lt;/h4&gt;\r\n\r\n&lt;p&gt;Bike handlebars, stems, and frames? Check. Scooters, motorcycles, and mopeds? Check. Strollers. Golf carts. Lawnmowers. Snow blowers. Sure, dude.&lt;/p&gt;\r\n&lt;/div&gt;\r\n\r\n&lt;div class=&quot;col-md-6&quot;&gt;&lt;img alt=&quot;&quot; src=&quot;https://www.isbestbuy.com/image/catalog/all/items/peak-design/universal-bar-mount/content/2-FEATURES-Bar-Universal-01.webp&quot; /&gt;&lt;/div&gt;\r\n&lt;/div&gt;\r\n&lt;/div&gt;\r\n\r\n&lt;p&gt;&amp;nbsp;&lt;/p&gt;\r\n\r\n&lt;div class=&quot;ckebs-grid&quot;&gt;\r\n&lt;div class=&quot;row row-1&quot;&gt;\r\n&lt;div class=&quot;col-md-4&quot;&gt;\r\n&lt;h5&gt;SLIMLINK: A MAGICAL CONNECTION SYSTEM&lt;/h5&gt;\r\n\r\n&lt;ol&gt;\r\n	&lt;li&gt;Magnetic locking technology (called SlimLink&amp;trade;) is ultra secure and feels like magic&lt;/li&gt;\r\n	&lt;li&gt;No-look, 1-handed phone attachment and removal&lt;/li&gt;\r\n	&lt;li&gt;Phone is held in place rigidly yet accessible with the press of a button&lt;/li&gt;\r\n&lt;/ol&gt;\r\n\r\n&lt;h5&gt;INSANELY VERSATILE&lt;/h5&gt;\r\n\r\n&lt;ol&gt;\r\n	&lt;li&gt;Mount on any handlebar or bar-like substrate: bikes, scooters, strollers, motorcycles, golf carts, and more&lt;/li&gt;\r\n	&lt;li&gt;Designed for use on bars 22mm-35mm in diameter (19mm-55mm max range)&lt;/li&gt;\r\n	&lt;li&gt;Also fits on non-round handlebars (like aerobars)&lt;/li&gt;\r\n	&lt;li&gt;Holds phone in portrait or landscape mode&lt;/li&gt;\r\n	&lt;li&gt;Mounting head clocks in 32 rotational positions&lt;/li&gt;\r\n&lt;/ol&gt;\r\n\r\n&lt;h5&gt;BUILT TO LAST&lt;/h5&gt;\r\n\r\n&lt;ol&gt;\r\n	&lt;li&gt;Premium materials and stout construction mean this mount will last for many phones to come&lt;/li&gt;\r\n	&lt;li&gt;&lt;a href=&quot;http://peakdesign.com/warranty&quot;&gt;Guaranteed for life&lt;/a&gt;, like all Peak Design products&lt;/li&gt;\r\n&lt;/ol&gt;\r\n&lt;/div&gt;\r\n\r\n&lt;div class=&quot;col-md-4&quot;&gt;\r\n&lt;h5&gt;EASY ON, EASY OFF&lt;/h5&gt;\r\n\r\n&lt;ol&gt;\r\n	&lt;li&gt;Instantly installs via silicone band&amp;mdash;secure connection with easy &amp;amp; quick removal&lt;/li&gt;\r\n	&lt;li&gt;Keeper hook keeps silicone band end neatly stowed&lt;/li&gt;\r\n	&lt;li&gt;Ideal for use with rental bikes or to prevent theft&lt;/li&gt;\r\n	&lt;li&gt;Also great for households with multiple bikes&lt;/li&gt;\r\n&lt;/ol&gt;\r\n\r\n&lt;h5&gt;RUGGED ENOUGH FOR ANYTHING&lt;/h5&gt;\r\n\r\n&lt;ol&gt;\r\n	&lt;li&gt;Locking mechanism strong enough for any cycling activity or terrain&lt;/li&gt;\r\n	&lt;li&gt;Solid machined/anodized aluminum and silicone construction&lt;/li&gt;\r\n	&lt;li&gt;Weatherproof, durable, and lightweight&lt;/li&gt;\r\n&lt;/ol&gt;\r\n&lt;/div&gt;\r\n\r\n&lt;div class=&quot;col-md-4&quot;&gt;\r\n&lt;h5&gt;PHONE/CASE COMPATIBILITY&lt;/h5&gt;\r\n\r\n&lt;ol&gt;\r\n	&lt;li&gt;Requires a&amp;nbsp;&lt;a href=&quot;https://www.peakdesign.com/products/everyday-case&quot;&gt;Peak Design Case&lt;/a&gt;&amp;nbsp;or&amp;nbsp;&lt;a href=&quot;https://www.peakdesign.com/products/universal-adapter&quot;&gt;Universal Adapter&lt;/a&gt;&amp;nbsp;(sold separately)&lt;/li&gt;\r\n&lt;/ol&gt;\r\n\r\n&lt;h5&gt;VEHICLE/HANDLEBAR COMPATIBILITY&lt;/h5&gt;\r\n\r\n&lt;ol&gt;\r\n	&lt;li&gt;Designed for bikes, scooters, strollers, motorcycles, golf carts, and more&lt;/li&gt;\r\n	&lt;li&gt;Recommended for use on bars 22mm-35mm in diameter&lt;/li&gt;\r\n	&lt;li&gt;19mm-55mm bar diameter max range&lt;/li&gt;\r\n	&lt;li&gt;Mount may be difficult to attacca/detach outside of recommended range&lt;/li&gt;\r\n	&lt;li&gt;Fits non-round handlebars&amp;mdash;square tubes, aerobars, etc&lt;/li&gt;\r\n&lt;/ol&gt;\r\n&lt;/div&gt;\r\n&lt;/div&gt;\r\n&lt;/div&gt;\r\n\r\n&lt;p&gt;&amp;nbsp;&lt;/p&gt;\r\n', 'peak,design,peak,design,universal,bar,mount,for,mobile,m-bm-ab-bk-1', 'Peak Design Universal Bar Mount for Mobile - M-BM-AB-BK-1', 'Peak Design Universal Bar Mount for Mobile - M-BM-AB-BK-1 - Chinese New Year - Peak Design Universal Bar Mount for Mobile Designed for a wide variety of mounting setups, the Universal Bar Mount securely holds your phone on the handlebars, stem, or frame o', 'peak design, peak design universal bar mount for mobile, m-bm-ab-bk-1, chinese new year', 'peak-design-universal-bar-mount-for-mobile', '', '', '', '', ''),
(52, 1, 'Universal Head Adapter for Tripod | Peak Design', '&lt;div class=&quot;embed-container&quot;&gt;&lt;iframe frameborder=&quot;0&quot; height=&quot;506&quot; src=&quot;https://www.youtube.com/embed/xV9Pcw0a0Jo&quot; title=&quot;YouTube video player&quot; width=&quot;900&quot;&gt;&lt;/iframe&gt;&lt;/div&gt;\n\n&lt;div&gt;\n&lt;p&gt;Use &lt;a href=&quot;https://www.ibizgift.com/en-gb/peak-design/peak-design-travel-tripod&quot; target=&quot;_blank&quot;&gt;&lt;strong&gt;Travel Tripod&lt;/strong&gt;&lt;/a&gt;&amp;#39;s ultra-compact legs with any standard 3rd party tripod head.&lt;/p&gt;\n\n&lt;p&gt;Ideal for users who require special tripod head functionality like fluid pan and tilt for video. Simply replace the Compact Ball Head with the Universal Head Adapter (using included hex wrench), and then screw your 3rd party tripod head on top.&lt;/p&gt;\n\n&lt;p&gt;Watch our video on Travel Tripod accessories and how to install them.&lt;/p&gt;\n\n&lt;p&gt;(Works with both carbon and aluminum Peak Design Travel Tripods. Works with or without the Travel Tripod center column. 3rd party tripod head and tripod sold separately.)&lt;/p&gt;\n&lt;/div&gt;\n\n&lt;p&gt;Universal Head Adapter for Tripod | Peak Design - TT-AD-5-150-1 - Chinese New Year-&lt;/p&gt;\n', 'peak,design,universal,head,adapter,for,tripod,|,peak,design,tt-ad-5-150-1', 'Universal Head Adapter for Tripod | Peak Design - TT-AD-5-150-1', 'Universal Head Adapter for Tripod | Peak Design - TT-AD-5-150-1 - Chinese New Year - Use Travel Tripod\'s ultra-compact legs with any standard 3rd party tripod head. Ideal for users who require special tripod head functionality like fluid pan and tilt for ', 'peak design, universal head adapter for tripod | peak design, tt-ad-5-150-1, chinese new year', '', '', '', '', '', ''),
(59, 1, 'Wall Mount for Mobile | Peak Design', '&lt;h1&gt;Peak Design Wall Mount for Mobile&lt;/h1&gt;\n\n&lt;div&gt;\n&lt;p&gt;Instantly and securely mount your phone to any wall, mirror, tile, or flat surface with the beautiful nylon canvas wrapped Wall Mount. Recipes in the kitchen, podcasts in the bathroom, video calls from the workshop...the potential for added utility with your phone at home is endless. Safely installs to a wide variety of walls with 3M E-series adhesive. Ultra-strong magnets grab your phone with a satisfying &amp;#39;pop&amp;#39; and hold it in portrait or landscape mode. The unique mounting system is called SlimLink and it&amp;#39;s so fast and secure, it borders on magic. Low-profile and aesthetically handsome, Wall Mount comes in light and dark color-ways to compliment any space in your home.&lt;/p&gt;\n\n&lt;p&gt;Requires a Peak Design Case or Universal Adapter (sold separately). Also works with MagSafe phones and phone cases. Best results when attached to flat, hard, non-porous, non-textured surfaces.&lt;/p&gt;\n&lt;/div&gt;\n', 'peak,design,peak,design,wall,mount,for,mobile,m-wm', 'Peak Design Wall Mount for Mobile - M-WM', 'Peak Design Wall Mount for Mobile - M-WM - Chinese New Year - Peak Design Wall Mount for Mobile Instantly and securely mount your phone to any wall, mirror, tile, or flat surface with the beautiful nylon canvas wrapped Wall Mount. Recipes in the kitchen, ', 'peak design, peak design wall mount for mobile, m-wm, chinese new year', '', '', '', '', '', ''),
(23, 1, 'ProPad version 2 | Peak Design', '&lt;p&gt;Drastically increase your comfort and stability when using Capture with even the heaviest of camera/lens/grip combinations. Works on the belt or backpack strap. When on the belt, Pro Pad enables top-loading Capture entry. The all-new Pro Pad is significantly smaller and slimmer than the original version, yet built from a semi-rigid high-density EVA that provides more stability than ever. The pad is seamlessly laminated with our weatherproof charcoal nylon canvas, giving it a complete aesthetic makeover. And, in response to Pro Pad v1 customer feedback, we&amp;rsquo;ve made the new Pro Pad even easier to setup and use.&lt;/p&gt;\r\n\r\n&lt;div class=&quot;ckebs-grid&quot;&gt;\r\n&lt;div class=&quot;row row-1&quot;&gt;\r\n&lt;div class=&quot;col-md-6&quot;&gt;\r\n&lt;h4&gt;GO BIG&lt;/h4&gt;\r\n\r\n&lt;p&gt;By itself, Capture is strong enough to hold any size camera. With Pro Pad, you hold even the largest of pro bodies and lenses comfortably all day.&lt;/p&gt;\r\n&lt;/div&gt;\r\n\r\n&lt;div class=&quot;col-md-6&quot;&gt;&lt;img alt=&quot;&quot; src=&quot;https://www.isbestbuy.com/image/catalog/all/items/peak-design/propad-v2/content/Features-Image-ProPad.webp&quot; /&gt;&lt;/div&gt;\r\n&lt;/div&gt;\r\n&lt;/div&gt;\r\n\r\n&lt;p&gt;&amp;nbsp;&lt;/p&gt;\r\n\r\n&lt;div class=&quot;ckebs-grid&quot;&gt;\r\n&lt;div class=&quot;row row-1&quot;&gt;\r\n&lt;div class=&quot;col-md-4&quot;&gt;\r\n&lt;p&gt;&lt;b&gt;COMFY AS HECK&lt;/b&gt;&lt;br /&gt;\r\nCompression molded EVA foam drastically increases comfort and stability with heavy cameras&lt;/p&gt;\r\n\r\n&lt;p&gt;&lt;b&gt;BELT OR BACKPACK&lt;/b&gt;&lt;br /&gt;\r\nWorks on belt or backpack strap&lt;/p&gt;\r\n&lt;/div&gt;\r\n\r\n&lt;div class=&quot;col-md-4&quot;&gt;\r\n&lt;div&gt;\r\n&lt;p&gt;&lt;b&gt;TOP LOADING CONFIGURATION&lt;/b&gt;&lt;br /&gt;\r\nEnables top-loading Capture access on belt, preferred by some folks for greater ease of access&lt;/p&gt;\r\n\r\n&lt;p&gt;&lt;b&gt;BACKWARDS COMPATIBILE&lt;/b&gt;&lt;/p&gt;\r\n&lt;/div&gt;\r\n&lt;/div&gt;\r\n\r\n&lt;div class=&quot;col-md-4&quot;&gt;\r\n&lt;div&gt;\r\n&lt;h5&gt;WHAT&amp;#39;S NEW&lt;/h5&gt;\r\n\r\n&lt;p&gt;&lt;b&gt;SMALLER + LOWER PROFILE&lt;/b&gt;&lt;br /&gt;\r\nSignificantly smaller and slimmer than v1&lt;/p&gt;\r\n\r\n&lt;p&gt;&lt;b&gt;SEAMLESS CONSTRUCTION&lt;/b&gt;&lt;br /&gt;\r\nSeamless laminated construction is ultra low-profile and handsome&lt;/p&gt;\r\n\r\n&lt;p&gt;&lt;b&gt;HASSLE FREE SETUP&lt;/b&gt;&lt;br /&gt;\r\nInstructions are printed directly on the inside of the pad, so you always have a stable, comfortable setup&lt;/p&gt;\r\n&lt;/div&gt;\r\n&lt;/div&gt;\r\n&lt;/div&gt;\r\n&lt;/div&gt;\r\n', 'propad, peak design', 'Peak Design ProPad version 2 PP-2', 'Peak Design ProPad version 2 - PP-2 - Chinese New Year - Drastically increase your comfort and stability when using Capture with even the heaviest of camera/lens/grip combinations. Works on the belt or backpack strap. When on the belt, Pro Pad enables top', 'propad, peak design', 'peak-design-propad-v2', '', '', '', '', ''),
(19, 1, 'Anchor 4-Pack | Peak Design', '&lt;h1&gt;Peak Design Anchor 4-Pack&lt;/h1&gt;\r\n\r\n&lt;p&gt;A pack of 4 of our newly updated Anchor attachments for use with any Peak Design camera strap. With spare Anchors you can use our straps with additional camera bodies, wearable POV video devices, binoculars, compasses, water bottles, toddlers - the possibilities are endless. Don&amp;#39;t use them with toddlers. That would be weird.&lt;br /&gt;\r\nKIT OUT ALL YOUR CAMERAS &amp;amp; MORE&lt;br /&gt;\r\nHaving extra Anchors on hand will let you use your Peak Design straps with additional camera bodies. But don&amp;#39;t stop there. Connect Anchors to binoculars, rangefinders, tripods, compasses, water bottles and more. Use your Peak Design straps to keep those items safe and accessible.&lt;/p&gt;\r\n\r\n&lt;h2&gt;TOTALLY REDESIGNED&lt;/h2&gt;\r\n\r\n&lt;p&gt;SLIMMER ANCHOR CORDS&lt;br /&gt;\r\nThinner Anchor cords fit through more camera strap eyelets, yet still hold 200lbs (90kg) each.&lt;/p&gt;\r\n\r\n&lt;h2&gt;NEW ANCHOR SHAPE&lt;/h2&gt;\r\n\r\n&lt;p&gt;Angled shape enables effortless 1-handed connection.&lt;/p&gt;\r\n\r\n&lt;h2&gt;SUPER FAST, SUPER TINY&lt;/h2&gt;\r\n\r\n&lt;p&gt;POP-IN, POP-OUT ACTION&lt;br /&gt;\r\nWant a strap? Pop it in. Don&amp;#39;t? Pop it out. No more fussing with annoying traditional strap attachments. Extra Anchors means you can enjoy this convenience with more cameras and devices.&lt;/p&gt;\r\n\r\n&lt;h2&gt;SMALL FOOTPRINT&lt;/h2&gt;\r\n\r\n&lt;p&gt;The lightweight thermoplastic-overmolded Anchor disks are smaller than a penny and will never scratch your camera body. They&amp;#39;re tiny in comparison to other strap quick-connection systems that use nylon buckles.&lt;/p&gt;\r\n\r\n&lt;h2&gt;SECURE &amp;amp; VERSATILE&lt;/h2&gt;\r\n\r\n&lt;p&gt;SUPER STRONG&lt;br /&gt;\r\nStrong enough to hold any pro camera/lens/accessory combo. Anchors each hold over 200lbs (90kg) and feature extreme abrasion resistance.&lt;/p&gt;\r\n\r\n&lt;h2&gt;COMPATIBLE WITH PD GEAR&lt;/h2&gt;\r\n\r\n&lt;p&gt;Anchors work with all Peak Design straps, pouch(es), and even the key tethers on our bags. Anchors can also attach to any Peak Design tripod plate.&lt;/p&gt;\r\n', 'Anchor 4-Pack | Peak Design,4PK-AN-3', 'Anchor 4-Pack | Peak Design - 4PK-AN-3', 'Anchor 4-Pack | Peak Design - 4PK-AN-3 -  - Peak Design Anchor 4-Pack A pack of 4 of our newly updated Anchor attachments for use with any Peak Design camera strap. With spare Anchors you can use our straps with additional camera bodies, wearable POV vide', 'anchor 4-pack | peak design, 4pk-an-3', 'peak-design-anchor-4-pack', 'Anchor 4-Pack | Peak Design', 'Anchor 4-Pack | Peak Design', 'Anchor 4-Pack | Peak Design', 'Anchor 4-Pack | Peak Design', 'Anchor 4-Pack | Peak Design'),
(13, 1, 'Camera Shell | Peak Design', '&lt;p&gt;Protect your camera from water, snow, dust and abrasion, whether it&amp;rsquo;s in your hands, on the tripod, on your backpack or in your bag. Shell&amp;rsquo;s unique form-fitting design uses stretchy fabric with a waterproof membrane to keep your camera safe without adding bulk or impeding your workflow. Use Shell with the Capture Camera Clip or any Peak Design strap (sold separately) to keep your camera accessible in any environment.&lt;/p&gt;\r\n\r\n&lt;div class=&quot;ckebs-grid&quot;&gt;\r\n&lt;div class=&quot;row row-1&quot;&gt;\r\n&lt;div class=&quot;col-md-6&quot; style=&quot;background:#ffffff;border:1px solid #fffff;padding:5px 10px;&quot;&gt;&lt;b&gt;ULTRALIGHT, FORM-FITTING RAIN AND DUST COVER FOR ALL CAMERAS&lt;/b&gt;&lt;br /&gt;\r\nAvailable in 3 sizes for a snug fit with almost any camera/lens combo&lt;/div&gt;\r\n\r\n&lt;div class=&quot;col-md-6&quot;&gt;&lt;img alt=&quot;&quot; border=&quot;0&quot; height=&quot;400&quot; hspace=&quot;0&quot; src=&quot;https://www.isbestbuy.com/image/catalog/all/items/peak-design/shell/content/Features-Image-Shell.webp&quot; style=&quot;margin-top:0px;margin-bottom:0px;margin-left:0px;margin-right:0px;border:0px solid black;&quot; vspace=&quot;0&quot; width=&quot;600&quot; /&gt;&lt;/div&gt;\r\n&lt;/div&gt;\r\n&lt;/div&gt;\r\n\r\n&lt;p&gt;&amp;nbsp;&lt;/p&gt;\r\n\r\n&lt;div class=&quot;ckebs-grid&quot;&gt;\r\n&lt;div class=&quot;row row-1&quot;&gt;\r\n&lt;div class=&quot;col-md-4&quot; style=&quot;background:#ffffff;border:5px solid #ffffff;padding:5px 10px;&quot;&gt;\r\n&lt;p&gt;&lt;b&gt;STRETCHABLE&lt;/b&gt;&lt;br /&gt;\r\n4-way stretch fabric is seam-taped to resist rain, snow, dust and abrasion&lt;/p&gt;\r\n&lt;/div&gt;\r\n\r\n&lt;div class=&quot;col-md-4&quot; style=&quot;background:#ffffff;border:5px solid #ffffff;padding:5px 10px;&quot;&gt;\r\n&lt;p&gt;&lt;b&gt;WORKS WITH CAPTURE&amp;reg; CAMERA CLIP OR STANDALONE&lt;/b&gt;&lt;/p&gt;\r\n\r\n&lt;p&gt;&lt;b&gt;ANCHOR PORTS&lt;/b&gt;&lt;br /&gt;\r\nAllow use with any Peak Design strap&lt;/p&gt;\r\n\r\n&lt;p&gt;&amp;nbsp;&lt;/p&gt;\r\n\r\n&lt;p&gt;&lt;b&gt;SECURE&lt;/b&gt;&lt;br /&gt;\r\nCompletely cinches closed for safe camera stowage&lt;/p&gt;\r\n&lt;/div&gt;\r\n\r\n&lt;div class=&quot;col-md-4&quot; style=&quot;background:#ffffff;border:1px solid #ffffff;padding:5px 10px;&quot;&gt;\r\n&lt;p&gt;&lt;b&gt;SMALL FOOTPRINT&lt;/b&gt;&lt;br /&gt;\r\nPacks down small into its built in storage pocket.&lt;/p&gt;\r\n\r\n&lt;p&gt;&lt;b&gt;WARRANTY&lt;/b&gt;&lt;br /&gt;\r\nLifetime guarantee&lt;/p&gt;\r\n&lt;/div&gt;\r\n&lt;/div&gt;\r\n&lt;/div&gt;\r\n', 'camera shell:::SH-S-1,PD-SHS1,855110003485,SH-M-1,PD-SHM1,855110003492,SH-L-1,PD-SHL1,855110003508', 'Peak Design Shell', 'Peak Design Shell', 'Peak Design Shell', 'peak-design-shell', '', '', '', '', '');
INSERT INTO `product_description` (`product_id`, `language_id`, `name`, `description`, `tag`, `meta_title`, `meta_description`, `meta_keyword`, `seo_keyword`, `seo_h1`, `seo_h2`, `seo_h3`, `image_title`, `image_alt`) VALUES
(57, 1, 'Car Mount | Peak Design', '&lt;p&gt;A phone mount that is so beautiful, secure, and intuitive, that once you install it in your car, you&amp;#39;ll feel like it was there from the start.&amp;nbsp;That&amp;#39;s because unlike flimsy, bulky plastic car mounts that stick out like sore thumbs, the Peak Design Car Mount is made from a beautiful machined/anodized aluminum and mounts directly to your dash or console via an ultra-durable 3M VHB pad. Ultra-strong MagSafe-compatible magnets hold your phone in place even during the most spirited driving&amp;sbquo; we call the mounting system SlimLink and it&amp;#39;s so fast and secure, it borders on magic. Adjust viewing angle with a buttery-smooth aluminum ballhead. Car Mount&amp;#39;s small footprint lets you mount your phone right where you want it without obstructing your view of the road.&lt;/p&gt;\r\n\r\n&lt;p&gt;Available in standard or wireless charging models. With the charging model, the mount&amp;#39;s magnetic connection system ensures perfect charging coil alignment every time. That means more consistent and efficient charging, and no more surprise battery outages.&lt;/p&gt;\r\n\r\n&lt;p&gt;Requires a&amp;nbsp;&lt;a data-mce-fragment=&quot;1&quot; data-mce-href=&quot;https://www.peakdesign.com/products/everyday-case&quot; href=&quot;https://www.peakdesign.com/products/everyday-case&quot;&gt;Peak Design Case&lt;/a&gt;&amp;nbsp;or&amp;nbsp;&lt;a data-mce-fragment=&quot;1&quot; data-mce-href=&quot;https://www.peakdesign.com/products/universal-adapter&quot; href=&quot;https://www.peakdesign.com/products/universal-adapter&quot;&gt;Universal Adapter&lt;/a&gt;&amp;nbsp;(sold separately). Also works with MagSafe phones and phone cases. Charging may not be possible or optimal when using the Universal Adapter. Best results when attached to flat, hard, non-porous, non-textured surfaces.&lt;/p&gt;\r\n', 'Car Mount | Peak Design,Mobile Phone Accessories:::m-cm-charging,m-cm-non-charging', 'Car Mount | Peak Design -', 'Car Mount | Peak Design -  - Mobile Phone Accessories - A phone mount that is so beautiful, secure, and intuitive, that once you install it in your car, you\'ll feel like it was there from the start. That\'s because unlike flimsy, bulky plastic car mounts t', 'car mount | peak design,  mobile phone accessories', 'peak-design-car-mount', 'Car Mount | Peak Design', 'Car Mount | Peak Design', 'Car Mount | Peak Design', 'Car Mount | Peak Design', 'Car Mount | Peak Design'),
(16, 1, 'Dual Plate | Peak Design', '&lt;p&gt;Dual Plate lets you remove your Camera from Capture (sold separately) and stick it directly into most Manfrotto&amp;not;&amp;AElig; RC2 tripod heads.&amp;nbsp;Dual Plate earns its name because it also works in most Arca-type tripod heads. Fits in Capture in 2 directions and contains 2 loops for Peak Design Anchors. Durable machined/anodized construction 2-way Capture compatibility. New connection screw slot allows more positioning options, preventing interference with lenses, screens, and battery compartments.&lt;br /&gt;\r\n&lt;br /&gt;\r\nNote: The dual plate blocks the battery door on Fujifilm X-T series.&lt;/p&gt;\r\n\r\n&lt;p&gt;&amp;nbsp;&lt;/p&gt;\r\n\r\n&lt;div class=&quot;ckebs-grid&quot;&gt;\r\n&lt;div class=&quot;row row-1&quot;&gt;\r\n&lt;div class=&quot;col-md-4&quot; style=&quot;padding-right: 5px&quot;&gt;\r\n&lt;h5&gt;FOR MANFROTTO RC2 ARCA&lt;/h5&gt;\r\n\r\n&lt;p&gt;Got a Manfrotto RC2 tripod head? This is plate for you. It&amp;#39;ll even fit in Arca tripods, too. Check out pkdsn.com/tripod for a more in-depth tripod compatibility list.&lt;/p&gt;\r\n\r\n&lt;h5&gt;2-WAY CAPTURE COMPATIBILITY&lt;/h5&gt;\r\n\r\n&lt;p&gt;Inserts into Capture in 2 directions&lt;/p&gt;\r\n\r\n&lt;h5&gt;WORKS WITH PD STRAPS&lt;/h5&gt;\r\n\r\n&lt;p&gt;2 loops for connecting Peak Design Anchors&lt;/p&gt;\r\n\r\n&lt;h5&gt;FITS ANY CAMERA&lt;/h5&gt;\r\n\r\n&lt;p&gt;Fits any camera with a standard 1/4&amp;rdquo;-20 tripod mount&lt;/p&gt;\r\n&lt;/div&gt;\r\n\r\n&lt;div class=&quot;col-md-4&quot; style=&quot;padding-right: 5px&quot;&gt;\r\n&lt;div&gt;\r\n&lt;h5&gt;ADJUSTABLE FOOTPRINT&lt;/h5&gt;\r\n\r\n&lt;p&gt;Connection screw slot allows you to position plate to avoid interference with lenses, screens, and battery compartments&lt;/p&gt;\r\n\r\n&lt;h5&gt;ANTI-TWIST&lt;/h5&gt;\r\n\r\n&lt;p&gt;Durable twist-resistant pad provides superior grip for heaviest of pro rigs&lt;/p&gt;\r\n&lt;/div&gt;\r\n&lt;/div&gt;\r\n\r\n&lt;div class=&quot;col-md-4&quot; style=&quot;padding-right: 5px&quot;&gt;\r\n&lt;div&gt;\r\n&lt;h5&gt;WHAT&amp;#39;S NEW&lt;/h5&gt;\r\n\r\n&lt;h5&gt;BETTER CONSTRUCTION&lt;/h5&gt;\r\n\r\n&lt;p&gt;Machined anodized aluminum for a smoother, stronger finish&lt;/p&gt;\r\n&lt;/div&gt;\r\n&lt;/div&gt;\r\n&lt;/div&gt;\r\n&lt;/div&gt;\r\n\r\n&lt;p&gt;&amp;nbsp;&lt;/p&gt;\r\n', 'Peak Design Dual Plate (New), PL-D-2, Camera Clips', 'Peak Design Dual Plate (New) - PL-D-2', 'Peak Design Dual Plate (New) - PL-D-2 - Camera Clips - Dual Plate lets you remove your Camera from Capture (sold separately) and stick it directly into most Manfrotto® RC2 tripod heads. Dual Plate earns its name because it also works in most Arca-type tri', 'peak design dual plate (new), pl-d-2, camera clips', 'peak-design-dual-plate-new', '', '', '', '', ''),
(58, 1, 'Out Front  Bike Mount for Mobile | Peak Design', '&lt;div&gt;\r\n&lt;h2 itemprop=&quot;name&quot;&gt;OUT FRONT BIKE MOUNT&lt;/h2&gt;\r\n\r\n&lt;p&gt;SLIMLINK&amp;trade; PHONE ACCESSORY&lt;/p&gt;\r\n\r\n&lt;p&gt;The streamlined yet rugged Out Front Bike Mount lets you rigidly mount your phone to your bike&amp;#39;s handlebars, access it instantly, and even flip it up to film your ride.&amp;nbsp;Built from ultralight machined/anodized aluminum, the Out Front Bike Mount features an ultra-strong magnetic/mechanical mounting technology (called SlimLink) that grabs and locks so effortlessly, it feels like magic. Remove your phone instantly with the press of a button. Designed to hold your phone in front of your handlebars for optimized viewing, it can also be configured to sit below or behind your handlebars to accommodate bike computers. An included thumbscrew lets you reposition your phone on-the-fly to film your ride. And an included accessory mount lets you attach a bike light or action camera. Whether it&amp;#39;s a quick commute or a century ride down gravel trails, the Out Front Bike Mount keeps your phone safe and viewable always.&lt;/p&gt;\r\n\r\n&lt;p&gt;Includes sizing collars to attach to the following bar diameters: 22.2mm (7/8&amp;quot;), 25.4mm (1&amp;quot;), 31.8mm (1-1/4&amp;quot;). Not compatible with 35mm bars, tapered bars, or non-round bars. See&amp;nbsp;&lt;a href=&quot;https://support.peakdesign.com/hc/en-us/articles/4414907065236&quot;&gt;this article&lt;/a&gt;&amp;nbsp;for more info on bar compatibility.&lt;/p&gt;\r\n\r\n&lt;p&gt;Requires a&amp;nbsp;&lt;a data-mce-fragment=&quot;1&quot; data-mce-href=&quot;https://www.peakdesign.com/products/everyday-case&quot; href=&quot;https://www.peakdesign.com/products/everyday-case&quot;&gt;Peak Design Case&lt;/a&gt;&amp;nbsp;or&amp;nbsp;&lt;a data-mce-fragment=&quot;1&quot; data-mce-href=&quot;https://www.peakdesign.com/products/universal-adapter&quot; href=&quot;https://www.peakdesign.com/products/universal-adapter&quot;&gt;Universal Adapter&lt;/a&gt;&amp;nbsp;(sold separately).&lt;/p&gt;\r\n&lt;/div&gt;\r\n\r\n&lt;p&gt;&amp;nbsp;&lt;/p&gt;\r\n\r\n&lt;div class=&quot;ckebs-grid&quot;&gt;\r\n&lt;div class=&quot;row row-1&quot;&gt;\r\n&lt;div class=&quot;col-md-6&quot;&gt;\r\n&lt;h4&gt;A PRO-GRADE UPGRADE&lt;/h4&gt;\r\n\r\n&lt;p&gt;We are a team of avid mountain bikers, road cyclists, and gravel junkies. We designed the Out Front Bike Mount to handle any trail or activity, while giving us additional functionality that we always wish we had.&lt;/p&gt;\r\n&lt;/div&gt;\r\n\r\n&lt;div class=&quot;col-md-6&quot;&gt;&lt;img alt=&quot;&quot; src=&quot;https://www.isbestbuy.com/image/catalog/all/items/peak-design/out-front-bike-mount/content/2-FEATURES-Bike-OF-01.webp&quot; /&gt;&lt;/div&gt;\r\n&lt;/div&gt;\r\n&lt;/div&gt;\r\n\r\n&lt;p&gt;&amp;nbsp;&lt;/p&gt;\r\n\r\n&lt;div class=&quot;ckebs-grid&quot;&gt;\r\n&lt;div class=&quot;row row-1&quot;&gt;\r\n&lt;div class=&quot;col-md-4&quot; style=&quot;padding-right: 5px&quot;&gt;\r\n&lt;h5&gt;SLIMLINK: A MAGICAL CONNECTION SYSTEM&lt;/h5&gt;\r\n\r\n&lt;ol&gt;\r\n	&lt;li&gt;Magnetic locking technology (called SlimLink&amp;trade;) is ultra secure and feels like magic&lt;/li&gt;\r\n	&lt;li&gt;No-look, 1-handed phone attachment and removal&lt;/li&gt;\r\n&lt;/ol&gt;\r\n\r\n&lt;h5&gt;RUGGED ENOUGH FOR ANYTHING&lt;/h5&gt;\r\n\r\n&lt;ol&gt;\r\n	&lt;li&gt;Rigidly installs onto your bike handlebars via included hex screw or thumb screw&lt;/li&gt;\r\n	&lt;li&gt;Locking mechanism strong enough for any cycling activity or terrain&lt;/li&gt;\r\n	&lt;li&gt;Solid machined/anodized aluminum construction&lt;/li&gt;\r\n	&lt;li&gt;Weatherproof, durable, and lightweight&lt;/li&gt;\r\n&lt;/ol&gt;\r\n\r\n&lt;h5&gt;BUILT TO LAST&lt;/h5&gt;\r\n\r\n&lt;ol&gt;\r\n	&lt;li&gt;Premium materials and stout construction mean this mount will last for many phones to come&lt;/li&gt;\r\n	&lt;li&gt;&lt;a href=&quot;https://www.peakdesign.com/pages/warranty&quot;&gt;Guaranteed for life&lt;/a&gt;, like all Peak Design products&lt;/li&gt;\r\n&lt;/ol&gt;\r\n&lt;/div&gt;\r\n\r\n&lt;div class=&quot;col-md-4&quot;&gt;\r\n&lt;h5&gt;FLIP TO FILM&lt;/h5&gt;\r\n\r\n&lt;ol&gt;\r\n	&lt;li&gt;Instantly turn your phone into a POV action camera&lt;/li&gt;\r\n	&lt;li&gt;Included thumb screw lets you quickly reposition phone for filming your ride&lt;/li&gt;\r\n	&lt;li&gt;Phone is held in place rigidly yet accessible with the press of a button&lt;/li&gt;\r\n&lt;/ol&gt;\r\n\r\n&lt;h5&gt;VERSATILE MOUNTING OPTIONS&lt;/h5&gt;\r\n\r\n&lt;ol&gt;\r\n	&lt;li&gt;Positions phone in front of your bars, in optimal viewing angle and away from your knees&lt;/li&gt;\r\n	&lt;li&gt;Holds phone in portrait or landscape mode&lt;/li&gt;\r\n	&lt;li&gt;Can be installed in reverse to be used in conjunction with an on-board cycling computer&lt;/li&gt;\r\n	&lt;li&gt;Includes GoPro-style accessory mount for attaching bike light or action camera below your phone&lt;/li&gt;\r\n&lt;/ol&gt;\r\n&lt;/div&gt;\r\n\r\n&lt;div class=&quot;col-md-4&quot;&gt;\r\n&lt;h5&gt;PHONE/CASE COMPATIBILITY&lt;/h5&gt;\r\n\r\n&lt;ol&gt;\r\n	&lt;li&gt;Requires a&amp;nbsp;&lt;a href=&quot;https://www.peakdesign.com/products/everyday-case&quot;&gt;Peak Design Case,&lt;/a&gt;&amp;nbsp;or&amp;nbsp;&lt;a href=&quot;https://www.peakdesign.com/products/universal-adapter&quot;&gt;Universal Adapter&lt;/a&gt;&amp;nbsp;(sold separately)&lt;/li&gt;\r\n&lt;/ol&gt;\r\n\r\n&lt;h5&gt;BIKE/HANDLEBAR COMPATIBILITY&lt;/h5&gt;\r\n\r\n&lt;ol&gt;\r\n	&lt;li&gt;Includes sizing collars to attach to the following bar diameters: 22.2mm (7/8&amp;quot;), 25.4mm (1&amp;quot;), 31.8mm (1-1/4&amp;quot;)&lt;/li&gt;\r\n	&lt;li&gt;Not compatible with 35mm handlebars, tapered handlebars, or non-round bars.&lt;/li&gt;\r\n	&lt;li&gt;See&amp;nbsp;&lt;a href=&quot;https://support.peakdesign.com/hc/en-us/articles/4414907065236&quot;&gt;this article&lt;/a&gt;&amp;nbsp;for more info on bar compatibility.&lt;/li&gt;\r\n&lt;/ol&gt;\r\n&lt;/div&gt;\r\n&lt;/div&gt;\r\n&lt;/div&gt;\r\n\r\n&lt;p&gt;&amp;nbsp;&lt;/p&gt;\r\n', 'peak,design,peak,design,out,door,bike,mount,for,mobile,m-bm-aa-bk-1', 'Peak Design Out Door Bike Mount for Mobile - M-BM-AA-BK-1', 'Peak Design Out Door Bike Mount for Mobile - M-BM-AA-BK-1 - Chinese New Year - Peak Design Out Door Bike Mount for Mobile The streamlined yet rugged Out Front Bike Mount lets you rigidly mount your phone to your bike\'s handlebars, access it instantly, and', 'peak design, peak design out door bike mount for mobile, m-bm-aa-bk-1, chinese new year', 'peak-design-out-door-bike-mount-for-mobile', '', '', '', '', ''),
(47, 1, 'Packable Tote 12L | Peak Design', '&lt;div class=&quot;youtube-embed-wrapper&quot; style=&quot;position:relative;padding-bottom:56.25%;padding-top:30px;height:0;overflow:hidden&quot;&gt;&lt;iframe allowfullscreen=&quot;&quot; frameborder=&quot;0&quot; height=&quot;360&quot; src=&quot;https://www.youtube.com/embed/1aEOLY_Perk?rel=0&amp;amp;controls=0&quot; style=&quot;position:absolute;top:0;left:0;width:100%;height:100%&quot; width=&quot;640&quot;&gt;&lt;/iframe&gt;&lt;/div&gt;\r\n\r\n&lt;p&gt;&amp;nbsp;&lt;/p&gt;\r\n\r\n&lt;div class=&quot;ckebs-grid&quot;&gt;\r\n&lt;div class=&quot;row row-1&quot;&gt;\r\n&lt;div class=&quot;col-md-6&quot;&gt;\r\n&lt;h4&gt;A GIANT LEAP FOR TOTE-KIND&lt;/h4&gt;\r\n\r\n&lt;p&gt;Packable tote bags have been around for a long time. When designing ours, we specifically aimed to improve on our pain points with the status quo.&lt;/p&gt;\r\n\r\n&lt;p&gt;&lt;a href=&quot;https://youtu.be/yxmcpOqrGnY&quot; target=&quot;_blank&quot;&gt;Watch our Everyday Backpack Instructional.&lt;/a&gt;&lt;/p&gt;\r\n&lt;/div&gt;\r\n\r\n&lt;div class=&quot;col-md-6&quot;&gt;&lt;img alt=&quot;&quot; src=&quot;https://www.isbestbuy.com/image/catalog/all/items/peak-design/packable-tote/content/2-FEATURES-Packable-Tote-02.webp&quot; /&gt;&lt;/div&gt;\r\n&lt;/div&gt;\r\n&lt;/div&gt;\r\n\r\n&lt;p&gt;&amp;nbsp;&lt;/p&gt;\r\n\r\n&lt;div class=&quot;ckebs-grid&quot;&gt;\r\n&lt;div class=&quot;row row-1&quot;&gt;\r\n&lt;div class=&quot;col-md-4&quot;&gt;\r\n&lt;h4&gt;MORE VERSATILE&lt;/h4&gt;\r\n\r\n&lt;ol&gt;\r\n	&lt;li&gt;Zip closure prevents spills and keeps sand/dirt out&lt;/li&gt;\r\n	&lt;li&gt;Use as stand-alone bag, or as a packing tool to organize items in a larger bag&lt;/li&gt;\r\n&lt;/ol&gt;\r\n\r\n&lt;h4&gt;EASIER HANDLING&lt;/h4&gt;\r\n\r\n&lt;ol&gt;\r\n	&lt;li&gt;Single-strap design makes bag easier to grab, carry, and stow&lt;/li&gt;\r\n	&lt;li&gt;Sewn-in microfiber pad on strap adds comfort for shoulder and hand carry&lt;/li&gt;\r\n&lt;/ol&gt;\r\n&lt;/div&gt;\r\n\r\n&lt;div class=&quot;col-md-4&quot;&gt;\r\n&lt;h4&gt;LONGER LASTING&lt;/h4&gt;\r\n\r\n&lt;ol&gt;\r\n	&lt;li&gt;Minimalist patterning&amp;mdash;main shell constructed from single piece of fabric to minimize seams and stress points&lt;/li&gt;\r\n	&lt;li&gt;Burly #5 UltraZip withstands decades of use due to proprietary abrasion-resistant thread&lt;/li&gt;\r\n	&lt;li&gt;100% recycled ripstop 70D nylon/poly shell can self-heal small abrasions&lt;/li&gt;\r\n	&lt;li&gt;Water-resistant coating on shell&lt;/li&gt;\r\n&lt;/ol&gt;\r\n\r\n&lt;h4&gt;ULTRA PORTABLE&lt;/h4&gt;\r\n\r\n&lt;ol&gt;\r\n	&lt;li&gt;Packs down to barely larger than a deck of cards, stuffs into built-in stuff sack&lt;/li&gt;\r\n	&lt;li&gt;When unpacked, stuff sack becomes an interior pocket that can hold a phone, wallet, or keys (max phone carry is iPhone 13 Pro - does not fit Pro Max models)&lt;/li&gt;\r\n	&lt;li&gt;Ultralight construction, weighs just 80g&lt;/li&gt;\r\n&lt;/ol&gt;\r\n&lt;/div&gt;\r\n\r\n&lt;div class=&quot;col-md-4&quot;&gt;\r\n&lt;h4&gt;SUSTAINABLY BUILT&lt;/h4&gt;\r\n\r\n&lt;ol&gt;\r\n	&lt;li&gt;Fair Trade Certified and 100% carbon neutral&lt;/li&gt;\r\n	&lt;li&gt;Lifetime guarantee&lt;/li&gt;\r\n&lt;/ol&gt;\r\n&lt;/div&gt;\r\n&lt;/div&gt;\r\n&lt;/div&gt;\r\n\r\n&lt;p&gt;&amp;nbsp;&lt;/p&gt;\r\n', 'peak,design,packable,tote,12l,|,peak,design,bpt-ch-1:::BPT-CH-1,818373022532,BPT-RW-1,818373022860', 'Packable Tote 12L | Peak Design - BPT-CH-1', 'Packable Tote 12L | Peak Design - BPT-CH-1 - Singles Day (11/11) - Everyday Totepack v2 20L | Peak Design', 'peak design, packable tote 12l | peak design, bpt-ch-1, singles day (11/11)', 'peak-design-packable-tote-12l', '', '', '', '', ''),
(15, 1, 'POV Kit Version 2 | Peak Design', '&lt;div class=&quot;youtube-embed-wrapper&quot; style=&quot;position:relative;padding-bottom:56.25%;padding-top:30px;height:0;overflow:hidden&quot;&gt;&lt;iframe allowfullscreen=&quot;&quot; frameborder=&quot;0&quot; height=&quot;360&quot; src=&quot;https://www.youtube.com/embed/k5k1IBRY32c?rel=0&quot; style=&quot;position:absolute;top:0;left:0;width:100%;height:100%&quot; width=&quot;640&quot;&gt;&lt;/iframe&gt;&lt;/div&gt;\r\n\r\n&lt;p&gt;&amp;nbsp;&lt;/p&gt;\r\n\r\n&lt;h3&gt;P.O.V. KIT&lt;/h3&gt;\r\n\r\n&lt;p&gt;The world&amp;#39;s most versatile and durable&amp;nbsp;GoPro&amp;reg;&amp;nbsp;mount.&amp;nbsp;P.O.V. Kit (along with the Capture clip -&amp;nbsp;&lt;a href=&quot;https://www.peakdesign.com/capture-clip-only&quot;&gt;sold separately&lt;/a&gt;) turns any backpack strap, belt or strap-like object into a rigid, stable mount for any&amp;nbsp;GoPro&amp;reg;&amp;nbsp;or other brand of action camera. Shoot video in ways you&amp;#39;ve never imagined. This item is not a stand-alone product,&amp;not;&amp;dagger;it requires one of our Capture clips to function.&lt;br /&gt;\r\n&lt;br /&gt;\r\nNote: As of Sept. 2018, POV Kit works with Capture v3 and all previous versions. If you purchased POV Kit before Sept. 2018, you can&amp;nbsp;&lt;a href=&quot;https://www.peakdesign.com/products/pov-update-kit&quot;&gt;get an update kit&lt;/a&gt;&amp;nbsp;to make it compatible with Capture v3.&lt;/p&gt;\r\n\r\n&lt;div class=&quot;ckebs-grid&quot;&gt;\r\n&lt;div class=&quot;row row-1&quot;&gt;\r\n&lt;div class=&quot;col-md-6&quot;&gt;\r\n&lt;h5&gt;HOLDS ALMOST ANY ACTION CAMERA:&lt;/h5&gt;\r\n\r\n&lt;p&gt;GoPro&amp;reg;, Sony&amp;reg; ActionCam, Contour&amp;reg; and more.&lt;/p&gt;\r\n&lt;/div&gt;\r\n\r\n&lt;div class=&quot;col-md-6&quot;&gt;&lt;img alt=&quot;&quot; src=&quot;https://www.isbestbuy.com/image/catalog/all/items/peak-design/pov-kit-v2/content/Features-Image-POVKit.webp&quot; /&gt;&lt;/div&gt;\r\n&lt;/div&gt;\r\n&lt;/div&gt;\r\n\r\n&lt;p&gt;&amp;nbsp;&lt;/p&gt;\r\n', 'peak,design,peak,design,pov,kit,version,2,pov-2', 'Peak Design POV Kit Version 2 - POV-2', 'Peak Design POV Kit Version 2 - POV-2 - Chinese New Year - The first ultra-versatile video mount of it\'s kind. P.O.V. Kit (along with the Capture Camera Clip - sold separately) turns any backpack strap, belt or strap-like object into a mount for a GoPro® ', 'peak design, peak design pov kit version 2, pov-2, chinese new year', 'peak-design-pov-kit-version-2', '', '', '', '', ''),
(44, 1, 'Shoe Pouch 9L | Peak Design', '&lt;h3 itemprop=&quot;name&quot;&gt;SHOE POUCH&lt;/h3&gt;\r\n\r\n&lt;p&gt;Strong, ultralight, and ultra-packable, Shoe Pouch (now in 3 colors) provides dedicated storage for shoes or clothes.&amp;nbsp;Works great with any suitcase or bag, and sized to fit perfectly into Peak Design Travel Bags. Uniquely patterned from a single piece of self-healing 70D nylon, the Shoe Pouch weighs in at a feathery 48g. When you&amp;rsquo;re not using Shoe Pouch, stow it in the integrated storage pouch. A perfect little bag to have on-hand in case you need more storage or organization mid-trip. The burly #5 UltraZip on the main opening can withstand decades of use thanks to it&amp;#39;s proprietary abrasion-resistant thread. Typically fits 1-2 pairs of shoes, depending on size. Fair Trade Certified and 100% carbon neutral. Fabric is solution-dyed for significant reduction in water use, and Raw color way is undyed for even greater water/energy savings.&lt;/p&gt;\r\n\r\n&lt;p&gt;&amp;nbsp;&lt;/p&gt;\r\n\r\n&lt;p data-mce-fragment=&quot;1&quot;&gt;Designed for use in any suitcase or bag, and sized to fit perfectly in any&amp;nbsp;&lt;a href=&quot;https://www.peakdesign.com/collections/travel-bags&quot;&gt;Peak Design Travel Bag&lt;/a&gt;. Bundle with our&amp;nbsp;&lt;a href=&quot;https://www.peakdesign.com/products/packing-cube/&quot;&gt;Packing Cubes&lt;/a&gt;&amp;nbsp;and save 10%.&lt;/p&gt;\r\n\r\n&lt;div class=&quot;ckebs-grid&quot;&gt;\r\n&lt;div class=&quot;row row-1&quot;&gt;\r\n&lt;div class=&quot;col-md-6&quot;&gt;\r\n&lt;h4&gt;SIMPLE &amp;amp; VERSATILE&lt;/h4&gt;\r\n\r\n&lt;p&gt;Sometimes you just need a place to put stuff so that it&amp;#39;s not touching your other stuff. With it&amp;#39;s self-healing shell, UltraZip opening, and integrated stuff sack, Shoe Pouch safely and conveniently stowes shoes, or anything else for that matter.&lt;/p&gt;\r\n&lt;/div&gt;\r\n\r\n&lt;div class=&quot;col-md-6&quot;&gt;&lt;img alt=&quot;&quot; src=&quot;https://www.isbestbuy.com/image/catalog/all/items/peak-design/shoe-pouch/content/shoe-pouch.jpg&quot; /&gt;&lt;/div&gt;\r\n&lt;/div&gt;\r\n&lt;/div&gt;\r\n\r\n&lt;p&gt;&amp;nbsp;&lt;/p&gt;\r\n\r\n&lt;div class=&quot;ckebs-grid&quot;&gt;\r\n&lt;div class=&quot;row row-1&quot;&gt;\r\n&lt;div class=&quot;col-md-4&quot;&gt;\r\n&lt;h5&gt;FILL UP, OR PACK DOWN&lt;/h5&gt;\r\n\r\n&lt;ol&gt;\r\n	&lt;li&gt;Fits 1-2 pairs of shoes, depending on size&lt;/li&gt;\r\n	&lt;li&gt;Also great for use as a general packing cube/organizer&lt;/li&gt;\r\n	&lt;li&gt;Packs into integrated storage pouch&lt;/li&gt;\r\n&lt;/ol&gt;\r\n&lt;/div&gt;\r\n\r\n&lt;div class=&quot;col-md-4&quot;&gt;\r\n&lt;h5&gt;USE IT FOR DECADES&lt;/h5&gt;\r\n\r\n&lt;ol&gt;\r\n	&lt;li&gt;Burly #5 UltraZip, designed to withstand decades of use thanks to proprietary abrasion-resistant thread&lt;/li&gt;\r\n	&lt;li&gt;Ultralight weatherproof ripstop 70D nylon/poly shell&lt;/li&gt;\r\n	&lt;li&gt;Self-healing nylon/poly shell automatically closes small punctures and abrasions&lt;/li&gt;\r\n	&lt;li&gt;Ultralight construction from a single piece of fabric minimizes seams &amp;amp; stress points&lt;/li&gt;\r\n	&lt;li&gt;Lifetime guarantee&lt;/li&gt;\r\n&lt;/ol&gt;\r\n\r\n&lt;h5&gt;ULTRALIGHT DAY BAG&lt;/h5&gt;\r\n\r\n&lt;ol&gt;\r\n	&lt;li&gt;External loops for carrying with any Peak Design strap (sold separately)&lt;/li&gt;\r\n&lt;/ol&gt;\r\n&lt;/div&gt;\r\n\r\n&lt;div class=&quot;col-md-4&quot;&gt;\r\n&lt;h5&gt;SUSTAINABLY BUILT&lt;/h5&gt;\r\n\r\n&lt;ol&gt;\r\n	&lt;li&gt;Fair Trade Certified&lt;/li&gt;\r\n	&lt;li&gt;100% carbon neutral&lt;/li&gt;\r\n	&lt;li&gt;100% recycled shell fabric&lt;/li&gt;\r\n&lt;/ol&gt;\r\n&lt;/div&gt;\r\n&lt;/div&gt;\r\n&lt;/div&gt;\r\n\r\n&lt;p&gt;&amp;nbsp;&lt;/p&gt;\r\n', 'Peak Design, Shoe Pouch 9L, Pouches, BSP-CH-1:::BSP-SG-1,818373022754,BPT-CH-1,818373022532,BSP-RW-1,818373022761', 'Peak Design Everyday Field Pouch', 'Shoe Pouch 9L| Peak Design - BSP-CH-1 - Chrismas (12/25) -', 'Peak Design, Shoe Pouch 9L| Peak Design, BSP-CH-1, Chrismas (12/25)', 'peak-design-shoe-pouch-9l', '', '', '', '', ''),
(33, 1, 'Everyday Tote v2 15L | Peak Design', '&lt;h3 itemprop=&quot;name&quot;&gt;EVERYDAY TOTE&lt;/h3&gt;\r\n\r\n&lt;p&gt;Peak Design&amp;rsquo;s take on the classic tote bag, the&amp;nbsp;newly revamped Everyday Tote 15L combines clean aesthetics with thoughtful functionality to protect, organize, and give quick access to your everyday or photo gear.&amp;nbsp;An extra-wide top access point seals via magnetic clasp or weatherproof UltraZip. Inside, FlexFold dividers give customizable and protective storage. Stretchy internal pocket for sunglasses, plus a 13&amp;rdquo; laptop sleeve. A 100% recycled 400D weatherproof shell keeps everything safe. Carry even more with external pockets and 2 stowable external carry cinch straps. Integrated luggage carry makes this a perfect personal item for travel.&amp;nbsp;Now in its 2nd generation, v2 boasts&amp;nbsp;&lt;a data-mce-fragment=&quot;1&quot; data-mce-href=&quot;https://support.peakdesign.com/hc/en-us/articles/360036482011&quot; href=&quot;https://support.peakdesign.com/hc/en-us/articles/360036482011&quot;&gt;aesthetic and functional updates&lt;/a&gt;&amp;nbsp;based on feedback from thousands of passionate customers.&lt;br /&gt;\r\n&lt;br /&gt;\r\nWant more deets?&amp;nbsp;&lt;a href=&quot;https://youtu.be/ZuAslv0c7gM&quot; target=&quot;_blank&quot;&gt;Watch our Everyday Tote Instructional.&lt;/a&gt;&amp;nbsp;Questions about sizing and what fits?&amp;nbsp;See Features below, or check out&amp;nbsp;&lt;a data-mce-fragment=&quot;1&quot; data-mce-href=&quot;https://support.peakdesign.com/hc/en-us/articles/360043010291-Comparing-Relative-Size-of-the-Everyday-Bag-Line&quot; href=&quot;https://support.peakdesign.com/hc/en-us/articles/360043010291-Comparing-Relative-Size-of-the-Everyday-Bag-Line&quot;&gt;exact dimensions&lt;/a&gt;.&lt;/p&gt;\r\n\r\n&lt;div class=&quot;ckebs-grid&quot;&gt;\r\n&lt;div class=&quot;row row-1&quot;&gt;\r\n&lt;div class=&quot;col-md-6&quot;&gt;\r\n&lt;h4&gt;CLASSICALLY STYLED, FEATURE-RICH&lt;/h4&gt;\r\n\r\n&lt;p&gt;Peak Design&amp;rsquo;s take on the classic tote bag, the all-new Everyday Tote 15L combines clean aesthetics with thoughtful functionality to protect, organize, and give quick access to your everyday or photo gear.&lt;/p&gt;\r\n\r\n&lt;p&gt;&lt;a href=&quot;https://youtu.be/ZuAslv0c7gM&quot; target=&quot;_blank&quot;&gt;Watch our Everyday Tote Instructional.&lt;/a&gt;&lt;/p&gt;\r\n&lt;/div&gt;\r\n\r\n&lt;div class=&quot;col-md-6&quot;&gt;&lt;img alt=&quot;&quot; src=&quot;https://www.isbestbuy.com/image/catalog/all/items/peak-design/everyday-tote-v2/content/EDT-Feature.webp&quot; /&gt;&lt;/div&gt;\r\n&lt;/div&gt;\r\n&lt;/div&gt;\r\n\r\n&lt;p&gt;&amp;nbsp;&lt;/p&gt;\r\n\r\n&lt;div class=&quot;ckebs-grid&quot;&gt;\r\n&lt;div class=&quot;row row-1&quot;&gt;\r\n&lt;div class=&quot;col-md-4&quot; style=&quot;padding-right: 5px&quot;&gt;\r\n&lt;h4&gt;LOADOUTS&lt;/h4&gt;\r\n\r\n&lt;h5&gt;EXAMPLE CAMERA CARRY&lt;/h5&gt;\r\n\r\n&lt;ol&gt;\r\n	&lt;li&gt;Mirrorless camera body/lens + 3-4 extra lenses &amp;amp; accessories&lt;/li&gt;\r\n	&lt;li&gt;DJI Mavic drone + controller, batteries, charger&lt;/li&gt;\r\n	&lt;li&gt;Crop-sensor DSLR/lens + 2-3 extra lenses &amp;amp; accessories&lt;/li&gt;\r\n	&lt;li&gt;DLSR camera body/lens + 1-2 extra lens&lt;/li&gt;\r\n	&lt;li&gt;Fits a full-frame DSLR + 70-200 pro lens + another lens and/or accessories&lt;/li&gt;\r\n&lt;/ol&gt;\r\n\r\n&lt;h5&gt;EXAMPLE EVERYDAY CARRY&lt;/h5&gt;\r\n\r\n&lt;ol&gt;\r\n	&lt;li&gt;13&amp;quot; laptop, notebook, lunch, jacket, wallet, phone, keys, sunglasses, passport&lt;/li&gt;\r\n	&lt;li&gt;A solid 12-er of cold snacks (aka beer) + 2 white claws to boot&lt;/li&gt;\r\n&lt;/ol&gt;\r\n\r\n&lt;p&gt;For more example loadouts, check out&amp;nbsp;&lt;a href=&quot;https://www.youtube.com/watch?v=ZuAslv0c7gM&amp;amp;t=1s&quot;&gt;Zona&amp;#39;s Loadouts on Youtube.&lt;/a&gt;&lt;/p&gt;\r\n&lt;/div&gt;\r\n\r\n&lt;div class=&quot;col-md-4&quot; style=&quot;padding-right: 5px&quot;&gt;\r\n&lt;h4&gt;FAST AND SECURE ACCESS&lt;/h4&gt;\r\n\r\n&lt;ol&gt;\r\n	&lt;li&gt;Quick access and closure made easy with a magnetic clasp&lt;/li&gt;\r\n	&lt;li&gt;Weatherproof top zip for more secure closure when needed&lt;/li&gt;\r\n&lt;/ol&gt;\r\n\r\n&lt;h4&gt;DIVERSE CARRY OPTIONS&lt;/h4&gt;\r\n\r\n&lt;ol&gt;\r\n	&lt;li&gt;Padded shoulder strap is removable &amp;amp; converts for cross-body sling carry&lt;/li&gt;\r\n	&lt;li&gt;Dual padded hand/shoulder carry straps&lt;/li&gt;\r\n&lt;/ol&gt;\r\n\r\n&lt;h4&gt;CUSTOM ORGANIZATION&lt;/h4&gt;\r\n\r\n&lt;p&gt;Brilliantly customizable and protective internal organization via 2 easy-to-configure FlexFold dividers&lt;/p&gt;\r\n\r\n&lt;h4&gt;POCKETS FOR DAYS&lt;/h4&gt;\r\n\r\n&lt;ol&gt;\r\n	&lt;li&gt;Stretchy internal pocket, ideal for sunglasses&lt;/li&gt;\r\n	&lt;li&gt;2 external organization pockets: 1 zip pocket, 1 magnet closure&lt;/li&gt;\r\n&lt;/ol&gt;\r\n&lt;/div&gt;\r\n\r\n&lt;div class=&quot;col-md-4&quot; style=&quot;padding-right: 5px&quot;&gt;\r\n&lt;h4&gt;LAPTOP SLEEVE&lt;/h4&gt;\r\n\r\n&lt;ol&gt;\r\n	&lt;li&gt;Padded laptop sleeve fits up to 13&amp;rdquo; laptops&lt;/li&gt;\r\n	&lt;li&gt;Dedicated sleeves for tablet &amp;amp; documents with magnetic seal&lt;/li&gt;\r\n&lt;/ol&gt;\r\n\r\n&lt;h4&gt;DURABLE&lt;/h4&gt;\r\n\r\n&lt;p&gt;UltraZip external zippers built to withstand decades of use, thanks to abrasion-resistant thread&lt;/p&gt;\r\n\r\n&lt;h4&gt;EXTERNAL CARRY&lt;/h4&gt;\r\n\r\n&lt;p&gt;2 stowable external carry straps allow you to cinch down bulky items (jackets, tripods) to the outside of your tote using our Cord Hook system&lt;/p&gt;\r\n\r\n&lt;h4&gt;TRAVEL-FRIENDLY&lt;/h4&gt;\r\n\r\n&lt;p&gt;Hand carry straps double as a luggage pass-through&lt;/p&gt;\r\n\r\n&lt;h4&gt;WEATHERPROOF&lt;/h4&gt;\r\n\r\n&lt;p&gt;Weatherproof, 100% recycled 400D nylon canvas shell is DWR impregnated, double PU-coated.&lt;/p&gt;\r\n&lt;/div&gt;\r\n&lt;/div&gt;\r\n&lt;/div&gt;\r\n\r\n&lt;p&gt;&amp;nbsp;&lt;/p&gt;\r\n', 'Peak Design, Everyday Tote v2 15L | Peak Design, BEDT-15-BK-2, Chrismas (12/25):::BEDT-15-BK-2,818373021573,BEDT-15-BO-2,818373021580', 'Peak Design Everyday Tote 15L', 'Everyday Tote v2 15L | Peak Design - BEDT-15-BK-2 - Chrismas (12/25) -', 'Peak Design, Everyday Tote v2 15L | Peak Design, BEDT-15-BK-2, Chrismas (12/25)', 'peak-design-everyday-tote-v2', '', '', '', '', ''),
(34, 1, 'Everyday Totepack v2 20L | Peak Design', '&lt;h3 itemprop=&quot;name&quot;&gt;EVERYDAY TOTEPACK 20L&lt;/h3&gt;\r\n\r\n&lt;p&gt;The clean look of a tote with the active carry convenience of a backpack, the Everyday Totepack is ideal for on-the-go everyday and photo carry.&lt;/p&gt;\r\n\r\n&lt;p&gt;Padded backpack straps quickly stow, leaving you with robust padded hand carry straps.&amp;nbsp;An extra-wide top access point seals via magnetic clasp or weatherproof zip. Dual zip access points on either side for grabbing your camera, water bottle, or other oft-used items. Inside, FlexFold dividers can mount horizontally or vertically to give customized, protective storage. Stretchy internal pockets for small items, plus dedicated laptop (15&amp;rdquo;) and tablet sleeves. Outside, a 100% recycled 400D weatherproof shell keeps everything safe. Carry even more with 2 stowable external carry cinch straps.&lt;/p&gt;\r\n\r\n&lt;p&gt;&amp;nbsp;&lt;/p&gt;\r\n\r\n&lt;p&gt;Want more deets?&amp;nbsp;&lt;a href=&quot;https://youtu.be/S0f7OWVGNQ4&quot; target=&quot;_blank&quot;&gt;Watch our Everyday Totepack Instructional.&lt;/a&gt;&amp;nbsp;Questions about sizing and what fits?&amp;nbsp;See Features below, or check out&amp;nbsp;&lt;a data-mce-fragment=&quot;1&quot; data-mce-href=&quot;https://support.peakdesign.com/hc/en-us/articles/360043010291-Comparing-Relative-Size-of-the-Everyday-Bag-Line&quot; href=&quot;https://support.peakdesign.com/hc/en-us/articles/360043010291-Comparing-Relative-Size-of-the-Everyday-Bag-Line&quot;&gt;exact dimensions&lt;/a&gt;.&lt;/p&gt;\r\n\r\n&lt;p&gt;&amp;nbsp;&lt;/p&gt;\r\n\r\n&lt;div class=&quot;ckebs-grid&quot;&gt;\r\n&lt;div class=&quot;row row-1&quot;&gt;\r\n&lt;div class=&quot;col-md-6&quot;&gt;\r\n&lt;h4&gt;SLEEK HYBRID&lt;/h4&gt;\r\n\r\n&lt;p&gt;With the clean look of a tote and the active carry convenience of a backpack, the Everyday Totepack is ideal for on-the-go everyday and photo carry.&lt;/p&gt;\r\n\r\n&lt;p&gt;&lt;a href=&quot;https://youtu.be/S0f7OWVGNQ4&quot; target=&quot;_blank&quot;&gt;Watch our Everyday Totepack Instructional.&lt;/a&gt;&lt;/p&gt;\r\n\r\n&lt;h4&gt;A NEW ARRIVAL&lt;/h4&gt;\r\n\r\n&lt;p&gt;The Everyday Totepack is one of several brand new bags in the Everyday Line V2. For a comprehensive view of the line,&amp;nbsp;&lt;a href=&quot;https://cdn.shopify.com/s/files/1/2986/1172/files/EDLv2-WhatsNew-All.pdf?v=1583965053&quot; target=&quot;_blank&quot;&gt;check out the What&amp;#39;s New PDF&lt;/a&gt;, which you can print out, laminate, and read in the shower. Or don&amp;#39;t do that.&lt;/p&gt;\r\n&lt;/div&gt;\r\n\r\n&lt;div class=&quot;col-md-6&quot;&gt;&lt;img alt=&quot;&quot; src=&quot;https://www.isbestbuy.com/image/catalog/all/items/peak-design/everyday-totepack-v2/content/EDTP-Feature.webp&quot; /&gt;&lt;/div&gt;\r\n&lt;/div&gt;\r\n&lt;/div&gt;\r\n\r\n&lt;p&gt;&amp;nbsp;&lt;/p&gt;\r\n\r\n&lt;div class=&quot;ckebs-grid&quot;&gt;\r\n&lt;div class=&quot;row row-1&quot;&gt;\r\n&lt;div class=&quot;col-md-4&quot; style=&quot;padding-right: 5px&quot;&gt;\r\n&lt;h4&gt;LOADOUTS&lt;/h4&gt;\r\n\r\n&lt;h5&gt;EXAMPLE CAMERA CARRY&lt;/h5&gt;\r\n\r\n&lt;ol&gt;\r\n	&lt;li&gt;Mirrorless camera body/lens + 4-5 extra lenses &amp;amp; accessories&lt;/li&gt;\r\n	&lt;li&gt;DJI Mavic drone + controller, batteries, charger &amp;amp; accessories&lt;/li&gt;\r\n	&lt;li&gt;Crop-sensor DSLR/lens + 3-4 extra lenses &amp;amp; accessories&lt;/li&gt;\r\n	&lt;li&gt;DLSR camera body/lens + 2-3 extra lens&lt;/li&gt;\r\n	&lt;li&gt;Fits a full-frame DSLR + 70-200 pro lens + another lens &amp;amp; accessories&lt;/li&gt;\r\n&lt;/ol&gt;\r\n\r\n&lt;h5&gt;EXAMPLE EVERYDAY CARRY&lt;/h5&gt;\r\n\r\n&lt;ol&gt;\r\n	&lt;li&gt;13-15&amp;quot; laptop, notebook, lunch, jacket, wallet, phone, keys, sunglasses, passport&lt;/li&gt;\r\n	&lt;li&gt;A solid 12-er of cold snacks (aka beer) + 4 white claws to boot&lt;/li&gt;\r\n&lt;/ol&gt;\r\n\r\n&lt;p&gt;For more example loadouts, check out&amp;nbsp;&lt;a href=&quot;https://www.youtube.com/watch?v=S0f7OWVGNQ4&amp;amp;t=1s&quot;&gt;Mariah&amp;#39;s Loadouts on Youtube.&lt;/a&gt;&lt;/p&gt;\r\n&amp;nbsp;\r\n\r\n&lt;h4&gt;DIFFERENCES VS. EVERYDAY TOTE&lt;/h4&gt;\r\n\r\n&lt;ol&gt;\r\n	&lt;li&gt;Dual side access&lt;/li&gt;\r\n	&lt;li&gt;Dedicated backpack carry straps&lt;/li&gt;\r\n	&lt;li&gt;No shoulder carry strap&lt;/li&gt;\r\n	&lt;li&gt;5L more carry capacity&lt;/li&gt;\r\n	&lt;li&gt;Fits 15&amp;rdquo; laptop (vs. 13&amp;rdquo; on Tote)&lt;/li&gt;\r\n	&lt;li&gt;No luggage carry strap&lt;/li&gt;\r\n	&lt;li&gt;Fewer small pockets (1 external, 0 internal)&lt;/li&gt;\r\n&lt;/ol&gt;\r\n&lt;/div&gt;\r\n\r\n&lt;div class=&quot;col-md-4&quot; style=&quot;padding-right: 5px&quot;&gt;\r\n&lt;h4&gt;FAST AND SECURE ACCESS&lt;/h4&gt;\r\n\r\n&lt;ol&gt;\r\n	&lt;li&gt;Dual side zips give instant internal access to both sides of the bag&lt;/li&gt;\r\n	&lt;li&gt;Wide top access quickly closes via magnetic clasp&lt;/li&gt;\r\n	&lt;li&gt;Weatherproof top zip for more secure closure when needed&lt;/li&gt;\r\n&lt;/ol&gt;\r\n\r\n&lt;h4&gt;VERSATILE AND COMFORTABLE CARRY&lt;/h4&gt;\r\n\r\n&lt;ol&gt;\r\n	&lt;li&gt;Padded backpack straps are quickly stowable&lt;/li&gt;\r\n	&lt;li&gt;Padded carry handles with magnetic clasp to keep handles together&lt;/li&gt;\r\n&lt;/ol&gt;\r\n\r\n&lt;h4&gt;EXPANDABLE&lt;/h4&gt;\r\n\r\n&lt;p&gt;Roll-top design allows for 5L of internal expansion (25L max)&lt;/p&gt;\r\n\r\n&lt;h4&gt;CUSTOM ORGANIZATION&lt;/h4&gt;\r\n\r\n&lt;p&gt;Brilliantly customizable and protective internal organization via 2 easy-to-configure FlexFold dividers&lt;/p&gt;\r\n\r\n&lt;p&gt;Dividers mount horizontally (creating shelves) or vertically (creating divided compartments with dedicated access)&lt;/p&gt;\r\n&lt;/div&gt;\r\n\r\n&lt;div class=&quot;col-md-4&quot; style=&quot;padding-right: 5px&quot;&gt;\r\n&lt;h4&gt;DURABLE&lt;/h4&gt;\r\n\r\n&lt;p&gt;UltraZip external zippers built to withstand decades of use, thanks to abrasion-resistant thread&lt;/p&gt;\r\n\r\n&lt;h4&gt;LAPTOP + TABLET STORAGE&lt;/h4&gt;\r\n\r\n&lt;ol&gt;\r\n	&lt;li&gt;Padded laptop sleeve holds up to 15 in laptops&lt;/li&gt;\r\n	&lt;li&gt;Dedicated tablet sleeve&lt;/li&gt;\r\n&lt;/ol&gt;\r\n\r\n&lt;h4&gt;EXTERNAL CARRY&lt;/h4&gt;\r\n\r\n&lt;p&gt;2 stowable external carry straps allow you to cinch down bulky items (jackets, tripods) to the outside of your tote using our Cord Hook system&lt;/p&gt;\r\n\r\n&lt;h4&gt;WEATHERPROOF&lt;/h4&gt;\r\n\r\n&lt;p&gt;Weatherproof, 100% recycled 400D nylon canvas shell is DWR impregnated, double PU-coated.&lt;/p&gt;\r\n&lt;/div&gt;\r\n&lt;/div&gt;\r\n&lt;/div&gt;\r\n\r\n&lt;p&gt;&amp;nbsp;&lt;/p&gt;\r\n', 'peak design, everyday totepack:::BEDTP-20-BK-2,818373021597,BEDTP-20-BO-2,818373021603', 'Peak Design Everyday Totepack v2 20L', 'Everyday Totepack v2 20L | Peak Design - BEDTP-20 - Chinese New Year - Everyday Totepack v2 20L | Peak Design', 'peak design, everyday totepack v2 20l | peak design, bedtp-20', 'peak-design-everyday-totepack-v2-20l', '', '', '', '', ''),
(27, 1, 'Slide Lite Version 3 | Peak Design', '&lt;h3 itemprop=&quot;name&quot;&gt;SLIDE LITE v3&lt;/h3&gt;\r\n\r\n&lt;p&gt;The most versatile pro camera strap in the world, Slide Lite packs the functionality of our flagship&amp;nbsp;&lt;a href=&quot;https://www.peakdesign.com/slide&quot;&gt;Slide&lt;/a&gt;&amp;nbsp;strap into a smaller package, perfectly suited for mirrorless and light DSLR cameras, yet fully capable of carrying larger cameras as well.&amp;nbsp;Wear Slide Lite as a sling, neck, or shoulder strap. Seatbelt-style nylon webbing has a smooth side that glides over clothing in sling mode and a grippy side that prevents slipping in shoulder mode. Dual quick-adjusters provide instant access and easy reconfiguration. Unique Anchor Link system connects quickly and dual points of connection keep your camera more stable than traditional sling straps. Each Anchor holds over 200lbs (90kg), strong enough to keep the heaviest of pro rigs safe. As of 2018, Slide Lite features an improved silicone grip, upgraded webbing, and lower profile strap/hardware transitions. Anchor connectors have been updated to be smaller, faster, and more secure.&lt;br /&gt;\r\n&lt;br /&gt;\r\nFor more comfortable carry, check out&amp;nbsp;&lt;b&gt;&lt;a href=&quot;https://www.peakdesign.com/slide&quot;&gt;Slide&lt;/a&gt;&lt;/b&gt;. You can also&amp;nbsp;&lt;strong&gt;&lt;a href=&quot;https://www.peakdesign.com/compare?t=straps&quot;&gt;compare all straps&lt;/a&gt;&lt;/strong&gt;.&lt;/p&gt;\r\n\r\n&lt;div class=&quot;ckebs-grid&quot;&gt;\r\n&lt;div class=&quot;row row-1&quot;&gt;\r\n&lt;div class=&quot;col-md-6&quot;&gt;\r\n&lt;h4&gt;3 STRAPS IN 1&lt;/h4&gt;\r\n\r\n&lt;p&gt;Our unique Anchor Link connection system lets you instantly reconfigure Slide as sling, neck, or shoulder strap.&lt;/p&gt;\r\n&lt;/div&gt;\r\n\r\n&lt;div class=&quot;col-md-6&quot;&gt;&lt;img alt=&quot;&quot; src=&quot;https://www.isbestbuy.com/image/catalog/all/items/peak-design/slide-lite-v3/content/Features-Image-slidelite.webp&quot; /&gt;&lt;/div&gt;\r\n&lt;/div&gt;\r\n&lt;/div&gt;\r\n\r\n&lt;p&gt;&amp;nbsp;&lt;/p&gt;\r\n\r\n&lt;div class=&quot;ckebs-grid&quot;&gt;\r\n&lt;div class=&quot;row row-1&quot;&gt;\r\n&lt;div class=&quot;col-md-4&quot;&gt;\r\n&lt;h4&gt;TOTAL STABILITY&lt;/h4&gt;\r\n\r\n&lt;p&gt;Highly stable camera carry via 2 configurable points of connection&lt;/p&gt;\r\n\r\n&lt;h4&gt;HOLDS ALL CAMERAS&lt;/h4&gt;\r\n\r\n&lt;p&gt;Works with heaviest of pro cameras or binoculars&lt;/p&gt;\r\n\r\n&lt;h4&gt;HYPER ADJUSTABLE&lt;/h4&gt;\r\n\r\n&lt;p&gt;Huge range of length adjustment, made possible by 2 quick-pull adjusters&lt;/p&gt;\r\n&lt;/div&gt;\r\n\r\n&lt;div class=&quot;col-md-4&quot;&gt;\r\n&lt;h4&gt;SO SMOOTH&lt;/h4&gt;\r\n\r\n&lt;p&gt;Webbing glides over clothing for quick camera access&lt;/p&gt;\r\n\r\n&lt;h4&gt;NO BULKY D-RINGS&lt;/h4&gt;\r\n\r\n&lt;p&gt;Connects to strap loops or bottom of camera body via ultra low-profile Anchor Mount hardware&lt;/p&gt;\r\n&lt;/div&gt;\r\n\r\n&lt;div class=&quot;col-md-4&quot;&gt;\r\n&lt;h4&gt;WHAT&amp;#39;S NEW (AS OF 2018)&lt;/h4&gt;\r\n\r\n&lt;h5&gt;REVAMPED ANCHORS&lt;/h5&gt;\r\n\r\n&lt;p&gt;More secure, fast, and lower profile than ever. New canted/angled Anchors for effortless 1-handed connection. 25% slimmer Anchor housing hardware.&lt;/p&gt;\r\n\r\n&lt;h5&gt;STILL STRONG AS EVER&lt;/h5&gt;\r\n\r\n&lt;p&gt;Anchors still hold 200lbs (90kg)&lt;/p&gt;\r\n\r\n&lt;h5&gt;ANCHOR MOUNT&lt;/h5&gt;\r\n\r\n&lt;p&gt;New low-profile Anchor Mount is strong, versatile, and leaves a tiny footprint&lt;/p&gt;\r\n\r\n&lt;h5&gt;WEBBING UPGRADE&lt;/h5&gt;\r\n\r\n&lt;p&gt;New ultra-smooth nylon webbing with tighter, more durable weave&lt;/p&gt;\r\n\r\n&lt;h5&gt;BETTER GRIP&lt;/h5&gt;\r\n\r\n&lt;p&gt;Upgraded silicone grip is more effective and durable&lt;/p&gt;\r\n\r\n&lt;h5&gt;OVERMOLDED HARDWARE&lt;/h5&gt;\r\n\r\n&lt;p&gt;Strap molded directly into adjustment hardware for significantly lower-profile design&lt;/p&gt;\r\n&lt;/div&gt;\r\n&lt;/div&gt;\r\n&lt;/div&gt;\r\n\r\n&lt;p&gt;&amp;nbsp;&lt;/p&gt;\r\n', 'slide lite, peak design:::SLL-BK-3,818373020514,SLL-SG-3,818373022693,SLL-MN-3,818373022648,SLL-AS-3,818373020507', 'Peak Design Slide Lite Version 3 SLL-XX-3', 'Peak Design Slide Lite Version 3 - SLL-XX-3 - Chinese New Year - The newly updated Slide Lite packs the unrivaled versatility of Slide into a smaller package, perfectly suited for mirrorless and light DSLR cameras. Wear Slide Lite as a sling, neck, or sho', 'slide lite, peak design', 'peak-design-slide-lite-v3', '', '', '', '', ''),
(46, 1, 'Small Wash Pouch | Peak Design', '&lt;h3 itemprop=&quot;name&quot;&gt;SMALL WASH POUCH&lt;/h3&gt;\r\n\r\n&lt;p&gt;The little sibling of our original award-winning&amp;nbsp;&lt;a data-mce-fragment=&quot;1&quot; data-mce-href=&quot;https://www.peakdesign.com/products/wash-pouch/&quot; href=&quot;https://www.peakdesign.com/products/wash-pouch/&quot;&gt;Wash Pouch&lt;/a&gt;, the Small Wash Pouch is a streamlined, yet full-featured toiletry bag designed for light packers or short trips where you just need to take the essentials.&amp;nbsp;Small Wash Pouch features the same unique materials and features as our larger version, but with fewer pockets and a slimmed-down, stow-anywhere size. Durable, weatherproof, easy-to-clean materials repel water and stains so your pouch can take a beating and will still look sparkling clean for years to come. A burly #8 weatherproof UltraZip allows the bag to open wide, giving you total visibility and access to your items. The UltraZip can withstand decades of use thanks to it&amp;#39;s proprietary abrasion-resistant thread. Sits upright on a counter or hangs via a stowable aluminum hook. 4 internal TPU-coated nylon mesh pockets, an internal zip pocket, and a magnetically-sealed toothbrush pocket keep items organized and clean. Plus, all pockets can turn inside out for deep cleaning in case of spills. Fair Trade Certified and 100% carbon neutral.&lt;/p&gt;\r\n\r\n&lt;p&gt;&amp;nbsp;&lt;/p&gt;\r\n\r\n&lt;p&gt;Looking for something better for longer trips, heavy packers, or more/larger items? Check out the original&amp;nbsp;&lt;a href=&quot;https://www.peakdesign.com/products/wash-pouch/&quot;&gt;Wash Pouch&lt;/a&gt;.&lt;/p&gt;\r\n\r\n&lt;div class=&quot;ckebs-grid&quot;&gt;\r\n&lt;div class=&quot;row row-1&quot;&gt;\r\n&lt;div class=&quot;col-md-6&quot;&gt;\r\n&lt;h4&gt;JUST THE ESSENTIALS&lt;/h4&gt;\r\n\r\n&lt;p&gt;If you&amp;#39;re not careful, your dopp kit can become a black hole for hotel soaps, lotion packets, and ointment tubes...none of which you actually use when you&amp;#39;re on the road. Small Wash Pouch forces you to be a minimalist, simplifying your carry to the things you need every day.&lt;/p&gt;\r\n\r\n&lt;h4&gt;SMALL V. ORIGINAL&lt;/h4&gt;\r\n\r\n&lt;ol&gt;\r\n	&lt;li&gt;Get the Small Wash Pouch for minimalist carry: toothbrush, deodorant, hand razor, and handful of small travel-size bottles.&lt;/li&gt;\r\n	&lt;li&gt;Get the original&amp;nbsp;&lt;a href=&quot;https://www.peakdesign.com/products/wash-pouch/&quot;&gt;Wash Pouch&lt;/a&gt;&amp;nbsp;if you&amp;rsquo;re carrying more, going on longer trips, or want a pouch that will work for a wider variety of travel.&lt;/li&gt;\r\n&lt;/ol&gt;\r\n&lt;/div&gt;\r\n\r\n&lt;div class=&quot;col-md-6&quot;&gt;&lt;img alt=&quot;&quot; src=&quot;https://www.isbestbuy.com/image/catalog/all/items/peak-design/small-wash-pouch/content/2-FEATURES-Small-Wash-Pouch-01.webp&quot; /&gt;&lt;/div&gt;\r\n&lt;/div&gt;\r\n&lt;/div&gt;\r\n\r\n&lt;p&gt;&amp;nbsp;&lt;/p&gt;\r\n\r\n&lt;div class=&quot;ckebs-grid&quot;&gt;\r\n&lt;div class=&quot;row row-1&quot;&gt;\r\n&lt;div class=&quot;col-md-4&quot; style=&quot;padding-right: 5px&quot;&gt;\r\n&lt;h5&gt;GOES ANYWHERE&lt;/h5&gt;\r\n\r\n&lt;ol&gt;\r\n	&lt;li&gt;Sits upright when open for easy access, small footprint fits in tight spaces&lt;/li&gt;\r\n	&lt;li&gt;Stowable aluminum hook for hanging&lt;/li&gt;\r\n	&lt;li&gt;Low-profile exterior grab handle&lt;/li&gt;\r\n&lt;/ol&gt;\r\n\r\n&lt;h5&gt;STAYS CLEAN&lt;/h5&gt;\r\n\r\n&lt;ol&gt;\r\n	&lt;li&gt;Interior and exterior materials designed to repel stains and easily wipe clean&lt;/li&gt;\r\n	&lt;li&gt;Interior pockets have pull-out lining for easy cleaning&lt;/li&gt;\r\n&lt;/ol&gt;\r\n&lt;/div&gt;\r\n\r\n&lt;div class=&quot;col-md-4&quot; style=&quot;padding-right: 5px&quot;&gt;\r\n&lt;h5&gt;SMART STORAGE&lt;/h5&gt;\r\n\r\n&lt;ol&gt;\r\n	&lt;li&gt;4 interior silicone-coated mesh dividers create 4 internal storage spaces&lt;/li&gt;\r\n	&lt;li&gt;Magnetically-sealed toothbrush pocket with pull-out lining for easy cleaning&lt;/li&gt;\r\n	&lt;li&gt;Interior zip pocket for razor or other items&lt;/li&gt;\r\n&lt;/ol&gt;\r\n\r\n&lt;h5&gt;USE IT FOR DECADES&lt;/h5&gt;\r\n\r\n&lt;ol&gt;\r\n	&lt;li&gt;Burly #8 weatherproof UltraZip can withstand decades of use thanks to proprietary abrasion-resistant thread&lt;/li&gt;\r\n	&lt;li&gt;Weatherproof 200D nylon DWR-impregnated shell&lt;/li&gt;\r\n	&lt;li&gt;Lifetime guarantee&lt;/li&gt;\r\n&lt;/ol&gt;\r\n&lt;/div&gt;\r\n\r\n&lt;div class=&quot;col-md-4&quot; style=&quot;padding-right: 5px&quot;&gt;\r\n&lt;h5&gt;SUSTAINABLY BUILT&lt;/h5&gt;\r\n\r\n&lt;ol&gt;\r\n	&lt;li&gt;Fair Trade Certified and 100% carbon neutral&lt;/li&gt;\r\n	&lt;li&gt;100% recycled shell fabric&lt;/li&gt;\r\n	&lt;li&gt;Sage fabric is Bluesign approved, Black fabric is solution-dyed&lt;/li&gt;\r\n&lt;/ol&gt;\r\n&lt;/div&gt;\r\n&lt;/div&gt;\r\n&lt;/div&gt;\r\n\r\n&lt;p&gt;&amp;nbsp;&lt;/p&gt;\r\n', 'Small Wash Pouch', 'Small Wash Pouch | Peak Design - BWP-S-1', 'Small Wash Pouch', 'Small Wash Pouch', 'peak-design-wash-pouch-small', '', '', '', '', ''),
(49, 1, 'Spike Feet Set for Travel Tripod | Peak Design', '&lt;h3 itemprop=&quot;name&quot;&gt;SPIKE FEET SET&lt;/h3&gt;\r\n\r\n&lt;p&gt;Achieve superior stability and grip with the&amp;nbsp;&lt;a href=&quot;https://www.peakdesign.com/tripod&quot;&gt;Travel Tripod&lt;/a&gt;&amp;nbsp;when shooting on slippery or loose terrain.&lt;/p&gt;\r\n\r\n&lt;p&gt;Ideal for using the Travel Tripod on ice, smooth rocks, and loose dirt or gravel.&amp;nbsp;Also great when using the Travel Tripod with heavier photo or video rigs. Simply remove the Travel Tripod&amp;rsquo;s standard rubber feet and attach these 3 spike feet. Mounts using 3 hex-drive screws, hex wrench included.&lt;/p&gt;\r\n\r\n&lt;p&gt;&amp;nbsp;&lt;/p&gt;\r\n\r\n&lt;p&gt;&lt;a href=&quot;https://youtu.be/xV9Pcw0a0Jo?t=1895&quot; rel=&quot;noopener noreferrer&quot; target=&quot;_blank&quot;&gt;Watch our video on Travel Tripod accessories and how to install them.&lt;/a&gt;&lt;/p&gt;\r\n\r\n&lt;p&gt;&lt;i&gt;(Works with both aluminum and carbon fiber Peak Design Travel Tripods. Tripod sold separately.)&amp;nbsp;&lt;/i&gt;&lt;/p&gt;\r\n\r\n&lt;div class=&quot;ckebs-grid&quot;&gt;\r\n&lt;div class=&quot;row row-1&quot;&gt;\r\n&lt;div class=&quot;col-md-6&quot;&gt;\r\n&lt;h4&gt;DIG IN&lt;/h4&gt;\r\n\r\n&lt;p&gt;Ideal for using the Travel Tripod in the elements- like ice, smooth rocks, and loose dirt or gravel.&lt;/p&gt;\r\n\r\n&lt;p&gt;Attach to Travel Tripod legs using hex-driven screw (included).&lt;/p&gt;\r\n\r\n&lt;p&gt;Watch our video on&amp;nbsp;&lt;a href=&quot;https://youtu.be/xV9Pcw0a0Jo?t=1895&quot; target=&quot;_blank&quot;&gt;how to install Spike Feet Set&lt;/a&gt;.&lt;/p&gt;\r\n\r\n&lt;p&gt;Compatible with Peak Design Carbon and Aluminum Travel Tripod models.&lt;/p&gt;\r\n&lt;/div&gt;\r\n\r\n&lt;div class=&quot;col-md-6&quot;&gt;&lt;img alt=&quot;&quot; src=&quot;https://www.isbestbuy.com/image/catalog/all/items/peak-design/spike-feet-set/content/SFS-Feature.webp&quot; /&gt;&lt;/div&gt;\r\n&lt;/div&gt;\r\n&lt;/div&gt;\r\n\r\n&lt;p&gt;&amp;nbsp;&lt;/p&gt;\r\n', 'peak,design,spike,feet,set,for,travel,tripod,|,peak,design,tt-sfs-5-150-1', 'Spike Feet Set for Travel Tripod | Peak Design - TT-SFS-5-150-1', 'Spike Feet Set for Travel Tripod | Peak Design - TT-SFS-5-150-1 - Chinese New Year - Achieve superior stability and grip with the Travel Tripod when shooting on slippery or loose terrain. Ideal for using the Travel Tripod on ice, smooth rocks, and loose d', 'peak design, spike feet set for travel tripod | peak design, tt-sfs-5-150-1, chinese new year', 'peak-design-spike-feet-set', '', '', '', '', '');
INSERT INTO `product_description` (`product_id`, `language_id`, `name`, `description`, `tag`, `meta_title`, `meta_description`, `meta_keyword`, `seo_keyword`, `seo_h1`, `seo_h2`, `seo_h3`, `image_title`, `image_alt`) VALUES
(17, 1, 'Standard Plate | Peak Design ', '&lt;h3 itemprop=&quot;name&quot;&gt;STANDARD PLATE&lt;/h3&gt;\r\n\r\n&lt;p&gt;Standard Plate is the camera tripod plate that comes with Capture, Travel Tripod, and Clutch camera strap.&amp;nbsp;If you plan to use our clips, tripods, or straps with multiple cameras, we recommend getting a Standard Plate for each camera body. Works with most ARCA-type tripods (including ours), fits in Capture in 4 directions, and contains 4 loops for connecting Peak Design Anchors. Newly upgraded with a durable machined/anodized construction and a 50% lower profile design. New connection screw slot allows more positioning options, preventing interference with lenses, screens, and battery compartments.&lt;/p&gt;\r\n\r\n&lt;div class=&quot;ckebs-grid&quot;&gt;\r\n&lt;div class=&quot;row row-1&quot;&gt;\r\n&lt;div class=&quot;col-md-4&quot;&gt;\r\n&lt;h4&gt;ARCA TRIPOD COMPATIBILITY&lt;/h4&gt;\r\n\r\n&lt;p&gt;Works with all Peak Design tripods, and fits in most 3rd party Arca tripod heads. Check out pkdsn.com/tripod for a more in-depth list.&lt;/p&gt;\r\n\r\n&lt;h4&gt;4-WAY CAPTURE COMPATIBILITY&lt;/h4&gt;\r\n\r\n&lt;p&gt;Inserts into Capture in 4 directions, allowing for faster lens changes.&lt;/p&gt;\r\n\r\n&lt;h4&gt;WORKS WITH PD STRAPS&lt;/h4&gt;\r\n\r\n&lt;p&gt;4 loops for connecting Peak Design Anchors&lt;/p&gt;\r\n\r\n&lt;h4&gt;FITS ANY CAMERA&lt;/h4&gt;\r\n\r\n&lt;p&gt;Fits any camera with a standard 1/4&amp;rdquo;-20 tripod mount&lt;/p&gt;\r\n&lt;/div&gt;\r\n\r\n&lt;div class=&quot;col-md-4&quot;&gt;\r\n&lt;h4&gt;ADJUSTABLE FOOTPRINT&lt;/h4&gt;\r\n\r\n&lt;p&gt;Connection screw slot allows you to position plate to avoid interference with lenses, screens, and battery compartments&lt;/p&gt;\r\n\r\n&lt;h4&gt;ANTI-TWIST&lt;/h4&gt;\r\n\r\n&lt;p&gt;Durable twist-resistant pad provides superior grip for heaviest of pro rigs&lt;/p&gt;\r\n&lt;/div&gt;\r\n\r\n&lt;div class=&quot;col-md-4&quot;&gt;\r\n&lt;h4&gt;WHAT&amp;#39;S NEW&lt;/h4&gt;\r\n\r\n&lt;h5&gt;BETTER CONSTRUCTION&lt;/h5&gt;\r\n\r\n&lt;p&gt;Machined anodized aluminum for a smoother, stronger finish&lt;/p&gt;\r\n\r\n&lt;h5&gt;LOWER PROFILE&lt;/h5&gt;\r\n\r\n&lt;p&gt;50% thinner, yet still fits most Arca-type tripods&lt;/p&gt;\r\n&lt;/div&gt;\r\n&lt;/div&gt;\r\n&lt;/div&gt;\r\n\r\n&lt;p&gt;&amp;nbsp;&lt;/p&gt;\r\n', 'Peak Design, Peak Design Standard Plate (New), PL-S-2', 'Peak Design Standard Plate', 'Peak Design Standard Plate (New)', 'Peak Design Standard Plate (New)', 'standard-plate-peak-design', '', '', '', '', ''),
(26, 1, 'Leash version 3 | Peak Design', '&lt;h3 itemprop=&quot;name&quot;&gt;LEASH&lt;/h3&gt;\r\n\r\n&lt;p&gt;Designed for gear minimalists or situations where packing space is limited, Leash is a full-featured pro camera strap that fits in any pocket or camera bag.&amp;nbsp;No chunky shoulder pads or bulky hardware...Leash sheds the superfluous bells and whistles found on other camera straps, yet still contains a ton of useful functionality that other straps can&amp;rsquo;t provide. In other words, it&amp;#39;s all the strap you need, and nothing you don&amp;#39;t.&lt;/p&gt;\r\n\r\n&lt;p&gt;&amp;nbsp;&lt;/p&gt;\r\n\r\n&lt;p&gt;Configurable as a sling strap, neck strap, safety tether, and more. Easily adjust length with dual aluminum and Hypalon quick-adjusters, designed to operate with just 1 finger. Connects and disconnects quickly using our unique Anchor Link system, and stows easily in your pocket or bag. Each Anchor holds over 200lbs (90kg), strong enough to keep the heaviest of pro rigs safe. As of 2018, Leash features upgraded webbing and totally revamped adjustment hardware. Anchor connectors have been updated to be smaller, faster, and more secure.&lt;br /&gt;\r\n&lt;br /&gt;\r\nFor more comfortable carry, check out&amp;nbsp;&lt;b&gt;&lt;a href=&quot;https://www.peakdesign.com/slide-lite&quot;&gt;Slide Lite&lt;/a&gt;&lt;/b&gt;. You can also&amp;nbsp;&lt;strong&gt;&lt;a href=&quot;https://www.peakdesign.com/compare?t=straps&quot;&gt;compare all straps&lt;/a&gt;&lt;/strong&gt;.&lt;/p&gt;\r\n\r\n&lt;div class=&quot;ckebs-grid&quot;&gt;\r\n&lt;div class=&quot;row row-1&quot;&gt;\r\n&lt;div class=&quot;col-md-6&quot; style=&quot;padding-right: 5px&quot;&gt;\r\n&lt;h4&gt;EVERYTHING YOU NEED, NOTHING YOU DON&amp;#39;T&lt;/h4&gt;\r\n\r\n&lt;p&gt;After observing some of the world&amp;#39;s greatest photographers use climbing rope and shoelaces to carry their cameras, we saw a need to create a camera strap with maximum utility in a minimalist package. Leash has incredible versatility, and more importantly, zero slop.&lt;/p&gt;\r\n&lt;/div&gt;\r\n\r\n&lt;div class=&quot;col-md-6&quot;&gt;&lt;img alt=&quot;&quot; src=&quot;https://www.isbestbuy.com/image/catalog/all/items/peak-design/leash-v3/content/Features-Image-L-BL-3.jpg&quot; /&gt;&lt;/div&gt;\r\n&lt;/div&gt;\r\n&lt;/div&gt;\r\n\r\n&lt;p&gt;&amp;nbsp;&lt;/p&gt;\r\n\r\n&lt;div class=&quot;ckebs-grid&quot;&gt;\r\n&lt;div class=&quot;row row-1&quot;&gt;\r\n&lt;div class=&quot;col-md-4&quot; style=&quot;padding-right: 5px&quot;&gt;\r\n&lt;h4&gt;UNRIVALED VERSATILITY&lt;/h4&gt;\r\n\r\n&lt;h5&gt;QUICK-CONNECTING AND REMOVING&lt;/h5&gt;\r\n\r\n&lt;p&gt;Attach and detach securely, instantly and one-handedly using our patent-pending Anchor Link&amp;trade; connection system.&lt;/p&gt;\r\n\r\n&lt;h5&gt;SLING, NECK OR SHOULDER STRAP&lt;/h5&gt;\r\n\r\n&lt;p&gt;Instantly reconfigure Leash to adapt to your camera/lens setup, activity, or environment.&lt;/p&gt;\r\n\r\n&lt;h5&gt;RAPID ADJUSTMENT&lt;/h5&gt;\r\n\r\n&lt;p&gt;Unique aluminum/Hypalon quick adjusters allow 1-finger adjustment. Shorten strap for stable carry during physical activity. Lengthen to access your camera for active shooting.&lt;/p&gt;\r\n\r\n&lt;h5&gt;HUGE RANGE OF LENGTH&lt;/h5&gt;\r\n\r\n&lt;p&gt;Quickly adjustable from 33 inches (83 cm) to 57 inches (145 cm) to fit all body types and carry styles. with dual aluminum/Hypalon quick-adjusters.&lt;/p&gt;\r\n&lt;/div&gt;\r\n\r\n&lt;div class=&quot;col-md-4&quot; style=&quot;padding-right: 5px&quot;&gt;\r\n&lt;h4&gt;WORKS WITH TONS-O-STUFF&lt;/h4&gt;\r\n\r\n&lt;h5&gt;SAFETY TETHER FOR CAPTURE&lt;/h5&gt;\r\n\r\n&lt;p&gt;Capture user? Use Leash to prevent accidental drops when your camera is unholstered. Attach Anchors directly to Capture&amp;#39;s quick-release plate.&lt;/p&gt;\r\n\r\n&lt;h5&gt;POUCH STRAP&lt;/h5&gt;\r\n\r\n&lt;p&gt;Connect Leash to Field Pouch or Range Pouch to create a lightweight, super-versatile sling bag for on-the-go carry.&lt;/p&gt;\r\n\r\n&lt;h5&gt;NOT JUST FOR CAMERAS&lt;/h5&gt;\r\n\r\n&lt;p&gt;Connect Leash to binoculars, rangefinders, tripods, tools, firearms, and more.&lt;/p&gt;\r\n&lt;/div&gt;\r\n\r\n&lt;div class=&quot;col-md-4&quot;&gt;\r\n&lt;h4&gt;TOTALLY REDESIGNED (AS OF 2018)&lt;/h4&gt;\r\n\r\n&lt;h5&gt;NEW ADJUSTERS&lt;/h5&gt;\r\n\r\n&lt;p&gt;Low-profile aluminum/Hypalon quick adjustment system with dual adjusters.&lt;/p&gt;\r\n\r\n&lt;h5&gt;ANCHOR MOUNT&lt;/h5&gt;\r\n\r\n&lt;p&gt;New hardware lets you attach Leash to the bottom of your camera for more configurations.&lt;/p&gt;\r\n\r\n&lt;h5&gt;UPDATED ANCHORS&lt;/h5&gt;\r\n\r\n&lt;p&gt;Comes with our newest V4 Anchor connectors, which hold 200lbs (90kg) each.&lt;/p&gt;\r\n\r\n&lt;h5&gt;NEW ANCHOR SHAPE&lt;/h5&gt;\r\n\r\n&lt;p&gt;Angled shape enables effortless 1-handed connection.&lt;/p&gt;\r\n\r\n&lt;h5&gt;SLIMMER LINKS&lt;/h5&gt;\r\n\r\n&lt;p&gt;Anchor housing hardware is 25% slimmer.&lt;/p&gt;\r\n\r\n&lt;h5&gt;UPGRADED WEBBING&lt;/h5&gt;\r\n\r\n&lt;p&gt;Strap has increased durability, smoothness, and twist resistance.&lt;/p&gt;\r\n\r\n&lt;h5&gt;REFINED AESTHETICS&lt;/h5&gt;\r\n\r\n&lt;p&gt;Premium materials and redesigned touch/stress points.&lt;/p&gt;\r\n&lt;/div&gt;\r\n&lt;/div&gt;\r\n&lt;/div&gt;\r\n\r\n&lt;p&gt;&amp;nbsp;&lt;/p&gt;\r\n', 'leash, peak design:::L-BL-3,818373020071,L-SG-3,818373022594,L-MN-3,818373022600,L-AS-3,818373020040', 'Peak Design Leash', 'Peak Design Leash (New) - L-XX-3 - Chinese New Year - The most versatile and quick-connecting camera strap in the world, the all-new Leash packs thoughtful functionality and endless adaptability into an ultra-portable package. Configurable as a sling stra', 'leash, peak design', 'peak-design-leash-v3', '', '', '', '', ''),
(38, 1, 'Travel Duffel | Peak Design', '&lt;h3 itemprop=&quot;name&quot;&gt;TRAVEL DUFFEL&lt;/h3&gt;\r\n\r\n&lt;p&gt;Peak Design&amp;rsquo;s ode to the timeless and utilitarian duffel bag, the Travel Duffel (now in 2 sizes) is as beautiful as it is simple.&amp;nbsp;The carry-on-sized 35L Duffel is a perfect weekender, over-nighter, gym bag, or sidekick to one of our larger travel bags. The 65L Duffel is a monster gear-hauler, ruggedly dependable for airline check-in and road trips. Both bags feature removable padded top handles, a removable padded shoulder strap, 2 internal mesh pockets, and 4 external side pockets for added organization. A burly #10 weatherproof UltraZip can withstand decades of use thanks to its proprietary abrasion-resistant thread. The single zip gives high-visibility internal access. Weatherproof 100% recycled 600D nylon canvas shell with ultra-durable waterproof bottom liner. Fair Trade Certified and 100% carbon neutral.&lt;/p&gt;\r\n\r\n&lt;p data-mce-fragment=&quot;1&quot;&gt;Both sizes work seamlessly with Peak Design&amp;nbsp;&lt;a data-mce-fragment=&quot;1&quot; data-mce-href=&quot;https://pddevelopment.myshopify.com/products/packing-cube/&quot; href=&quot;https://www.peakdesign.com/products/packing-cube/&quot;&gt;Packing Cubes&lt;/a&gt;,&amp;nbsp;&lt;a data-mce-fragment=&quot;1&quot; data-mce-href=&quot;https://pddevelopment.myshopify.com/products/camera-cube/&quot; href=&quot;https://www.peakdesign.com/products/camera-cube/&quot;&gt;Camera Cubes&lt;/a&gt;, and&amp;nbsp;&lt;a data-mce-fragment=&quot;1&quot; data-mce-href=&quot;https://pddevelopment.myshopify.com/collections/pouches-cubes&quot; href=&quot;https://www.peakdesign.com/collections/pouches-cubes&quot;&gt;Pouches&lt;/a&gt;, sold separately. The 35L holds 3 units of Packing/Camera Cubes, the 65L holds 4 units, with tons of bonus space for additional storage.&lt;/p&gt;\r\n\r\n&lt;p data-mce-fragment=&quot;1&quot;&gt;Need help choosing the right bag? Try our&amp;nbsp;&lt;a data-mce-fragment=&quot;1&quot; data-mce-href=&quot;https://pddevelopment.myshopify.com/pages/gear-finder&quot; href=&quot;https://www.peakdesign.com/pages/gear-finder&quot;&gt;Bag Finder&lt;/a&gt;.&lt;/p&gt;\r\n\r\n&lt;div class=&quot;ckebs-grid&quot;&gt;\r\n&lt;div class=&quot;row row-1&quot;&gt;\r\n&lt;div class=&quot;col-md-6&quot;&gt;\r\n&lt;h4&gt;GET THE 35L FOR&lt;/h4&gt;\r\n\r\n&lt;ol&gt;\r\n	&lt;li&gt;Use as a carry-on when flying&lt;/li&gt;\r\n	&lt;li&gt;Weekend trips&lt;/li&gt;\r\n	&lt;li&gt;A duffel that can be carried atop a roller&lt;/li&gt;\r\n	&lt;li&gt;Lugging photo/video gear on the plane or in the field&lt;/li&gt;\r\n	&lt;li&gt;Use a gym bag, baby bag, or other everyday carry needs&lt;/li&gt;\r\n&lt;/ol&gt;\r\n\r\n&lt;h4&gt;GET THE 65L FOR&lt;/h4&gt;\r\n\r\n&lt;ol&gt;\r\n	&lt;li&gt;Use as a check-in bag when flying&lt;/li&gt;\r\n	&lt;li&gt;Extended trips&lt;/li&gt;\r\n	&lt;li&gt;Hauling tons of bulky gear and clothing&lt;/li&gt;\r\n&lt;/ol&gt;\r\n&lt;/div&gt;\r\n\r\n&lt;div class=&quot;col-md-6&quot;&gt;&lt;img alt=&quot;&quot; src=&quot;https://www.isbestbuy.com/image/catalog/all/items/peak-design/travel-duffle/content/2-Features-Image-Duffel65-1.webp&quot; /&gt;&lt;/div&gt;\r\n&lt;/div&gt;\r\n&lt;/div&gt;\r\n\r\n&lt;p&gt;&amp;nbsp;&lt;/p&gt;\r\n\r\n&lt;div class=&quot;ckebs-grid&quot;&gt;\r\n&lt;div class=&quot;row row-1&quot;&gt;\r\n&lt;div class=&quot;col-md-4&quot;&gt;\r\n&lt;h5&gt;BETTER ACCESS&lt;/h5&gt;\r\n\r\n&lt;ol&gt;\r\n	&lt;li&gt;Extra long zip path gives significantly wider access than traditional duffels for easy packing and total visibility&lt;/li&gt;\r\n	&lt;li&gt;High-visibility grey interior&lt;/li&gt;\r\n	&lt;li&gt;2 internal mesh pockets and 4 external zip pockets&lt;/li&gt;\r\n&lt;/ol&gt;\r\n\r\n&lt;h5&gt;CARRY WITH EASE&lt;/h5&gt;\r\n\r\n&lt;ol&gt;\r\n	&lt;li&gt;2x padded hand-carry straps with magnetic clasp&lt;/li&gt;\r\n	&lt;li&gt;Padded shoulder strap allows shoulder or sling-style carry&lt;/li&gt;\r\n	&lt;li&gt;Cord Hook strap quick-connection system allows instant strap removal and reconfiguration&lt;/li&gt;\r\n	&lt;li&gt;Hand straps can be reconfigured for backpack-style carry&lt;/li&gt;\r\n&lt;/ol&gt;\r\n\r\n&lt;h5&gt;RUGGED PROTECTION&lt;/h5&gt;\r\n\r\n&lt;ol&gt;\r\n	&lt;li&gt;Burly #10 weatherproof UltraZip&lt;/li&gt;\r\n	&lt;li&gt;Weatherproof 100% recycled 600D nylon canvas shell&lt;/li&gt;\r\n	&lt;li&gt;Waterproof 900D bottom liner&lt;/li&gt;\r\n&lt;/ol&gt;\r\n&lt;/div&gt;\r\n\r\n&lt;div class=&quot;col-md-4&quot;&gt;\r\n&lt;h5&gt;TRAVEL READY&lt;/h5&gt;\r\n\r\n&lt;ol&gt;\r\n	&lt;li&gt;Theft-deterrent zipper pulls&lt;/li&gt;\r\n	&lt;li&gt;Protected luggage tag holder&lt;/li&gt;\r\n	&lt;li&gt;Hand straps double as luggage pass-through for roller bag carry&lt;/li&gt;\r\n&lt;/ol&gt;\r\n\r\n&lt;h5&gt;SUSTAINABLY BUILT&lt;/h5&gt;\r\n\r\n&lt;ol&gt;\r\n	&lt;li&gt;Fair Trade Certified and 100% carbon neutral&lt;/li&gt;\r\n	&lt;li&gt;Lifetime guarantee&lt;/li&gt;\r\n&lt;/ol&gt;\r\n\r\n&lt;h5&gt;PD TRAVEL ECOSYSTEM&lt;/h5&gt;\r\n\r\n&lt;ol&gt;\r\n	&lt;li&gt;Designed to fit Peak Design&amp;nbsp;&lt;a href=&quot;https://www.peakdesign.com/products/packing-cube/&quot;&gt;Packing&lt;/a&gt;/&lt;a href=&quot;https://www.peakdesign.com/products/camera-cube/&quot;&gt;Camera&lt;/a&gt;&amp;nbsp;Cubes (35L fits 3 units, 65L fits 4 units)&lt;/li&gt;\r\n	&lt;li&gt;Clip-in points for Peak Design Camera Cubes&lt;/li&gt;\r\n&lt;/ol&gt;\r\n&lt;/div&gt;\r\n\r\n&lt;div class=&quot;col-md-4&quot;&gt;\r\n&lt;h4&gt;35L V. 65L DIFFERENCES&lt;/h4&gt;\r\n\r\n&lt;h5&gt;35L UNIQUE FEATURES&lt;/h5&gt;\r\n\r\n&lt;ol&gt;\r\n	&lt;li&gt;International carry-on approved&lt;/li&gt;\r\n	&lt;li&gt;Fits 3 units of PD Packing/Camera Cubes&lt;/li&gt;\r\n&lt;/ol&gt;\r\n\r\n&lt;h5&gt;65L UNIQUE FEATURES&lt;/h5&gt;\r\n\r\n&lt;ol&gt;\r\n	&lt;li&gt;Removable handle wrap for carrying heavier loads&lt;/li&gt;\r\n	&lt;li&gt;Extra reinforcement of strap connection points&lt;/li&gt;\r\n	&lt;li&gt;Fits 4 units of PD Packing/Camera Cubes plus tons of bonus space for additional storage. When carrying camera gear we do not recommend checking this bag.&lt;/li&gt;\r\n&lt;/ol&gt;\r\n&lt;/div&gt;\r\n&lt;/div&gt;\r\n&lt;/div&gt;\r\n\r\n&lt;p&gt;&amp;nbsp;&lt;/p&gt;\r\n', 'peak,design,peak,design,travel,duffel,duffle,35l,btrd-35:::BTRD-35-BK-1,818373020873,BTRD-65-BK-1,818373022815,BTRD-35-SG-1,818373020880,BTRD-65-SG-1,818373022808', 'Peak Design Travel Duffel 35L - BTRD-35', 'Peak Design Travel Duffel 35L - BTRD-35 - Singles Day (11/11) - Travel Duffel 35L | Peak Design - BTRD-35 - Camera Bags-', 'peak design, peak design travel duffel 35l, btrd-35, singles day (11/11)', 'peak-design-travel-duffel-35l', '', '', '', '', ''),
(48, 1, 'Travel Tripod  | Peak Design', '&lt;h3 itemprop=&quot;name&quot;&gt;TRAVEL TRIPOD&lt;/h3&gt;\r\n\r\n&lt;p&gt;For years, traditional tripods have suffered from needless bulk and wasted space.&amp;nbsp;We spent 4 years redesigning the tripod from the ground up,&amp;nbsp;creating a travel tripod that packs down to the diameter of a water bottle&amp;mdash;without compromising height, stability, or features.&lt;br /&gt;\r\n&lt;br /&gt;\r\nRadically faster to setup and takedown, our tripod features ergonomic adjustment points, built-in mobile compatibility, and thoughtful details at every turn.&amp;nbsp;Plus, it&amp;rsquo;s built for life on the road: durable, 100% serviceable, and backed by the Peak Design lifetime guarantee.&lt;/p&gt;\r\n\r\n&lt;p&gt;Tripod includes legs, ballhead, protective soft case, ARCA-compatbile Standard Plate, mobile mount, hex tool with carrying clip, and bushing removal tool for maintenance. See Specs section below for details.&lt;/p&gt;\r\n\r\n&lt;div class=&quot;ckebs-grid&quot;&gt;\r\n&lt;div class=&quot;row row-1&quot;&gt;\r\n&lt;div class=&quot;col-md-6&quot;&gt;\r\n&lt;h4&gt;PRO PERFORMANCE. HALF THE SIZE.&lt;/h4&gt;\r\n\r\n&lt;p&gt;The Travel Tripod brings you pro-level stability, load capacity, and deployed height, yet packs down to the diameter of a water bottle. A ground-up redesign of the traditional tripod, the Travel Tripod is the result of 4 years of engineering.&lt;/p&gt;\r\n&lt;/div&gt;\r\n\r\n&lt;div class=&quot;col-md-6&quot;&gt;&lt;img alt=&quot;&quot; src=&quot;https://www.isbestbuy.com/image/catalog/all/items/peak-design/tripod/content/travel-tripod.webp&quot; /&gt;&lt;/div&gt;\r\n&lt;/div&gt;\r\n&lt;/div&gt;\r\n\r\n&lt;p&gt;&amp;nbsp;&lt;/p&gt;\r\n\r\n&lt;div class=&quot;ckebs-grid&quot;&gt;\r\n&lt;div class=&quot;row row-1&quot;&gt;\r\n&lt;div class=&quot;col-md-4&quot; style=&quot;padding-right: 5px&quot;&gt;\r\n&lt;h5&gt;GROUNDBREAKING ARCHITECTURE&lt;/h5&gt;\r\n\r\n&lt;p&gt;Spatially efficient design eliminates wasted volume when packed down. Packs down to the diameter of a water bottle. No protruding knobs.&lt;/p&gt;\r\n\r\n&lt;h5&gt;LIGHTNING-FAST DEPLOYMENT&lt;/h5&gt;\r\n\r\n&lt;p&gt;Unique design allows quicker, easier setup/takedown.&lt;/p&gt;\r\n\r\n&lt;p&gt;Secure, fast, and ergonomic camera quick release.&lt;/p&gt;\r\n\r\n&lt;p&gt;Fast-locking, low profile leg cams.&lt;/p&gt;\r\n\r\n&lt;p&gt;Legs deploy in seconds, without having to flip over like traditional travel tripod legs.&lt;/p&gt;\r\n&lt;/div&gt;\r\n\r\n&lt;div class=&quot;col-md-4&quot; style=&quot;padding-right: 5px&quot;&gt;\r\n&lt;h5&gt;PRO-LEVEL STABILITY &amp;amp; FEATURES&lt;/h5&gt;\r\n\r\n&lt;p&gt;20lb weight capacity (optimized for a full-frame DSLR + telephoto lens).&lt;br /&gt;\r\n&lt;br /&gt;\r\nStability and vibration damping performance comparable, if not better, than most tripods in its class.&lt;br /&gt;\r\n&lt;br /&gt;\r\nLow and inverted modes position your camera inches off the ground .&lt;br /&gt;\r\n&lt;br /&gt;\r\nIntegrated load hanging hook .&lt;br /&gt;\r\n&lt;br /&gt;\r\nAnchor attachment points for carrying with Peak Design straps (sold separately).&lt;/p&gt;\r\n\r\n&lt;h5&gt;ERGONOMIC BALL HEAD&lt;/h5&gt;\r\n\r\n&lt;p&gt;Ultra-smooth, omnidirectional Compact Ball Head.&lt;/p&gt;\r\n\r\n&lt;p&gt;One single adjustment ring. No bulky or confusing knobs .&lt;/p&gt;\r\n\r\n&lt;p&gt;Simple locking ring for total security.&lt;/p&gt;\r\n\r\n&lt;p&gt;Compatible with all PD plates and most 3rd party Arca-type plates. &lt;/p&gt;\r\n\r\n&lt;p&gt;Removable pins allow use with most Arca-type L-brackets .&lt;/p&gt;\r\n&lt;/div&gt;\r\n\r\n&lt;div class=&quot;col-md-4&quot; style=&quot;padding-right: 5px&quot;&gt;\r\n&lt;h5&gt;FOR YOUR PHONE, TOO&lt;/h5&gt;\r\n\r\n&lt;p&gt;Built-in and stowable mobile mount.&lt;/p&gt;\r\n\r\n&lt;p&gt;Securely grips any phone/case .&lt;/p&gt;\r\n\r\n&lt;h5&gt;BUILT TO LAST&lt;/h5&gt;\r\n\r\n&lt;p&gt;Weather and impact-resistant materials.&lt;/p&gt;\r\n\r\n&lt;p&gt;All parts are serviceable, cleanable, and replaceable.&lt;/p&gt;\r\n\r\n&lt;p&gt;Includes a padded, weatherproof case.&lt;/p&gt;\r\n\r\n&lt;p&gt;Guaranteed for life.&lt;/p&gt;\r\n&lt;/div&gt;\r\n&lt;/div&gt;\r\n&lt;/div&gt;\r\n\r\n&lt;p&gt;&amp;nbsp;&lt;/p&gt;\r\n', 'peak,design,travel,tripod,|,peak,design,tt-cb:::TT-CB-5-150-AL-1,818373021276,TT-CB-5-150-CF-1,818373021269', 'Travel Tripod Carbon Fiber', 'Travel Tripod | Peak Design - TT-CB - Chinese New Year - Travel Tripod | Peak Design - TT-CB - Camera Accessories- For years, traditional tripods have suffered from needless bulk and wasted space. We spent 4 years redesigning the tripod from the ground up', 'peak design, travel tripod | peak design, tt-cb, chinese new year', 'peak-design-travel-tripod', '', '', '', '', ''),
(43, 1, 'Tech Pouch 2L | Peak Design', '&lt;h3 itemprop=&quot;name&quot;&gt;TECH POUCH&lt;/h3&gt;\r\n\r\n&lt;p&gt;Whether storing cables, everyday gear, or travel essentials, Tech Pouch offers unrivaled organization and ease of access.&amp;nbsp;Origami-style pockets create enormous spatial efficiency, letting you pack more into a smaller space while keeping your items neatly organized and easy to find. Elastic accessory loops keep items like pens, knives, SD cards, and batteries always within reach. Exterior handles and a clamshell-style opening make this pouch a delight to hold and access. External zip pocket has a cable pass-through for easy device charging. The 200D recycled nylon canvas shell is weatherproof and aesthetically clean.&lt;/p&gt;\r\n\r\n&lt;div class=&quot;ckebs-grid&quot;&gt;\r\n&lt;div class=&quot;row row-1&quot;&gt;\r\n&lt;div class=&quot;col-md-6&quot;&gt;\r\n&lt;h4&gt;REIMAGINED ORGANIZATION&lt;/h4&gt;\r\n\r\n&lt;p&gt;Origami-style internal pocket layouts for aesthetic and sleek organization.&lt;/p&gt;\r\n&lt;/div&gt;\r\n\r\n&lt;div class=&quot;col-md-6&quot;&gt;&lt;img alt=&quot;&quot; src=&quot;https://www.isbestbuy.com/image/catalog/all/items/peak-design/tech-pouch/content/2-FEATURES-1200x800-BTP-2.jpg&quot; /&gt;&lt;/div&gt;\r\n&lt;/div&gt;\r\n&lt;/div&gt;\r\n\r\n&lt;p&gt;&amp;nbsp;&lt;/p&gt;\r\n\r\n&lt;div class=&quot;ckebs-grid&quot;&gt;\r\n&lt;div class=&quot;row row-1&quot;&gt;\r\n&lt;div class=&quot;col-md-4&quot; style=&quot;padding-right: 5px&quot;&gt;\r\n&lt;h5&gt;STORAGE&lt;/h5&gt;\r\n\r\n&lt;p&gt;Smaller accessory pockets to store pens, SD cards, batteries, and more. External passport and document pocket included.&lt;/p&gt;\r\n\r\n&lt;h5&gt;SYNCS WITH GEAR&lt;/h5&gt;\r\n\r\n&lt;p&gt;Anchor attachment points connect to Peak Design straps, sold separately.&lt;/p&gt;\r\n&lt;/div&gt;\r\n\r\n&lt;div class=&quot;col-md-4&quot; style=&quot;padding-right: 5px&quot;&gt;\r\n&lt;h5&gt;POCKETS FOR DAYS&lt;/h5&gt;\r\n\r\n&lt;p&gt;Various top and side soft-lined, zippered stash pockets for items.&lt;/p&gt;\r\n\r\n&lt;h5&gt;PERFECT FORM&lt;/h5&gt;\r\n\r\n&lt;p&gt;Bag holds its shape. Sits upright, packed or empty.&lt;/p&gt;\r\n&lt;/div&gt;\r\n\r\n&lt;div class=&quot;col-md-4&quot; style=&quot;padding-right: 5px&quot;&gt;\r\n&lt;h5&gt;BUILT FOR TECH&lt;/h5&gt;\r\n\r\n&lt;p&gt;Cable pass-through for charging devices.&lt;/p&gt;\r\n\r\n&lt;h5&gt;WEATHERPROOF DURABILITY&lt;/h5&gt;\r\n\r\n&lt;p&gt;100% recycled 200D nylon and DWR impregnated shell. Water resistant. Oversized, sturdy #8 weatherproof zip.&lt;/p&gt;\r\n&lt;/div&gt;\r\n&lt;/div&gt;\r\n&lt;/div&gt;\r\n\r\n&lt;p&gt;&amp;nbsp;&lt;/p&gt;\r\n', 'peak design,tech pouch, pouches, 2l, btp:::BTP-BK-2,818373020927,BTP-SG-2,818373021023,BTP-CH-2,818373022402,BTP-MN-2,818373022419,BTP-BO-2,818373022426', 'Tech Pouch 2L | Peak Design - BTP', 'Tech Pouch 2L | Peak Design - BTP - Chinese New Year - Peak Design Tech Pouch 2L', 'peak design, tech pouch 2l | peak design, btp, chinese new year', 'peak-design-tech-pouch', '', '', '', '', ''),
(31, 1, 'Everyday Backpack ZIP | Peak Design', '&lt;h3 itemprop=&quot;name&quot;&gt;EVERYDAY BACKPACK ZIP&lt;/h3&gt;\r\n\r\n&lt;p&gt;A&amp;nbsp;visually and functionally simpler version of our iconic Everyday Backpack, the Everyday Backpack Zip&amp;#39;s ultra-clean aesthetic makes it ideal&amp;nbsp;for&amp;nbsp;discreet urban everyday or photo carry.&amp;nbsp; Accessible on the top and sides via a single weatherproof 270-degree ultra-durable #8 zip.&amp;nbsp;2 internal&amp;nbsp;FlexFold dividers keep gear organized, protected, and not bunched at the bottom of your bag.&amp;nbsp;Dedicated sleeves for up to 15&amp;rdquo; laptop (or 16&amp;quot; MacBook Pro), tablet,&amp;nbsp;or documents, plus a variety of internal slip pockets for small items. 100% recycled 400D weatherproof shell keeps everything safe. Expandable side pockets for water bottles or tripod. Integrated luggage carry pass-through. 2 stowable cinch straps let you carry more externally. All-custom hardware, minimal dangling straps.&lt;/p&gt;\r\n\r\n&lt;p&gt;Available in standard 20L and smaller 15L sizes. Want more deets?&amp;nbsp;&lt;a href=&quot;https://youtu.be/eUkp4dStSLA&quot; target=&quot;_blank&quot; title=&quot;Watch the Peak Design Everyday Backpack Zip Instructional - Setup and Tips.&quot;&gt;Watch our Everyday Backpack Zip Instructional.&lt;/a&gt;&amp;nbsp;Questions about sizing and what fits?&amp;nbsp;See Features below, or check out&amp;nbsp;&lt;a data-mce-fragment=&quot;1&quot; data-mce-href=&quot;https://support.peakdesign.com/hc/en-us/articles/360043010291-Comparing-Relative-Size-of-the-Everyday-Bag-Line&quot; href=&quot;https://support.peakdesign.com/hc/en-us/articles/360043010291-Comparing-Relative-Size-of-the-Everyday-Bag-Line&quot;&gt;exact dimensions&lt;/a&gt;.&lt;br /&gt;\r\n&lt;br /&gt;\r\nCheck out the standard&amp;nbsp;&lt;a href=&quot;https://peakdesign.com/products/everyday-backpack&quot; target=&quot;_blank&quot;&gt;Everyday Backpack&lt;/a&gt;&amp;nbsp;for more internal/external capacity, expandability, and organization.&lt;/p&gt;\r\n\r\n&lt;p&gt;&amp;nbsp;&lt;/p&gt;\r\n\r\n&lt;div class=&quot;ckebs-grid&quot;&gt;\r\n&lt;div class=&quot;row row-1&quot;&gt;\r\n&lt;div class=&quot;col-md-6&quot;&gt;\r\n&lt;h4&gt;VERSATILITY, SIMPLIFIED&lt;/h4&gt;\r\n\r\n&lt;p&gt;The Everyday Backpack Zip is a visually and functionally simplified version of our iconic Everyday Backpack, with a sleek, urban-inspired design.&lt;/p&gt;\r\n\r\n&lt;p&gt;&lt;a href=&quot;https://youtu.be/eUkp4dStSLA&quot; target=&quot;_blank&quot;&gt;Watch our Everyday Backpack Zip Instructional.&lt;/a&gt;&lt;/p&gt;\r\n\r\n&lt;h4&gt;A NEW ARRIVAL&lt;/h4&gt;\r\n\r\n&lt;p&gt;The Everyday Backpack Zip is one of several brand new bags in the Everyday Line V2. For a comprehensive view of the line,&amp;nbsp;&lt;a href=&quot;https://cdn.shopify.com/s/files/1/2986/1172/files/EDLv2-WhatsNew-All.pdf?v=1583965053&quot; target=&quot;_blank&quot;&gt;check out the What&amp;#39;s New PDF&lt;/a&gt;, which you can print out, laminate, and read in the shower. Or don&amp;#39;t do that.&lt;/p&gt;\r\n&lt;/div&gt;\r\n\r\n&lt;div class=&quot;col-md-6&quot;&gt;&lt;img alt=&quot;&quot; src=&quot;https://www.isbestbuy.com/image/catalog/all/items/peak-design/everyday-backpack-zip/content/EDBZ-Feature.jpg&quot; /&gt;&lt;/div&gt;\r\n&lt;/div&gt;\r\n&lt;/div&gt;\r\n\r\n&lt;p&gt;&amp;nbsp;&lt;/p&gt;\r\n\r\n&lt;div class=&quot;ckebs-grid&quot;&gt;\r\n&lt;div class=&quot;row row-1&quot;&gt;\r\n&lt;div class=&quot;col-md-4&quot; style=&quot;padding-right: 5px&quot;&gt;\r\n&lt;h4&gt;15L EVERYDAY BACKPACK ZIP&lt;/h4&gt;\r\n\r\n&lt;h5&gt;EXAMPLE CAMERA CARRY&lt;/h5&gt;\r\n\r\n&lt;ol&gt;\r\n	&lt;li&gt;Mirrorless camera body/lens + 3-4 extra lenses &amp;amp; accessories&lt;/li&gt;\r\n	&lt;li&gt;DJI Mavic drone + controller, batteries, charger&lt;/li&gt;\r\n	&lt;li&gt;Crop-sensor DSLR/lens + 2-3 extra lenses &amp;amp; accessories&lt;/li&gt;\r\n	&lt;li&gt;DLSR camera body/lens + 1-2 extra lens&lt;/li&gt;\r\n	&lt;li&gt;Fits a full-frame DSLR + 70-200 pro lens + another lens and/or accessories&lt;/li&gt;\r\n&lt;/ol&gt;\r\n\r\n&lt;h5&gt;EXAMPLE EVERYDAY CARRY&lt;/h5&gt;\r\n\r\n&lt;ol&gt;\r\n	&lt;li&gt;13&amp;quot; laptop, notebook, lunch, jacket, wallet, phone, keys, sunglasses, passport&lt;/li&gt;\r\n	&lt;li&gt;A solid 12-er of cold snacks (aka beer) + 2 white claws to boot&lt;/li&gt;\r\n&lt;/ol&gt;\r\n&amp;nbsp;\r\n\r\n&lt;h4&gt;20L EVERYDAY BACKPACK ZIP&lt;/h4&gt;\r\n\r\n&lt;h5&gt;EXAMPLE CAMERA CARRY&lt;/h5&gt;\r\n\r\n&lt;ol&gt;\r\n	&lt;li&gt;Mirrorless camera body/lens + 4-5 extra lenses &amp;amp; accessories&lt;/li&gt;\r\n	&lt;li&gt;DJI Mavic drone + controller, batteries, charger &amp;amp; accessories&lt;/li&gt;\r\n	&lt;li&gt;Crop-sensor DSLR/lens + 3-4 extra lenses &amp;amp; accessories&lt;/li&gt;\r\n	&lt;li&gt;DLSR camera body/lens + 2-3 extra lens&lt;/li&gt;\r\n	&lt;li&gt;Fits a full-frame DSLR + 70-200 pro lens + another lens &amp;amp; accessories&lt;/li&gt;\r\n&lt;/ol&gt;\r\n\r\n&lt;h5&gt;EXAMPLE EVERYDAY CARRY&lt;/h5&gt;\r\n\r\n&lt;ol&gt;\r\n	&lt;li&gt;13-15&amp;quot; laptop, notebook, lunch, jacket, wallet, phone, keys, sunglasses, passport&lt;/li&gt;\r\n	&lt;li&gt;A solid 12-er of cold snacks (aka beer) + 4 white claws to boot&lt;/li&gt;\r\n&lt;/ol&gt;\r\n\r\n&lt;p&gt;For more example loadouts, check out&amp;nbsp;&lt;a href=&quot;https://www.youtube.com/watch?v=eUkp4dStSLA&quot;&gt;Zona&amp;#39;s Loadouts on Youtube.&lt;/a&gt;&lt;/p&gt;\r\n&lt;/div&gt;\r\n\r\n&lt;div class=&quot;col-md-4&quot; style=&quot;padding-right: 5px&quot;&gt;\r\n&lt;h4&gt;DIFFERENCES VS. THE STANDARD EVERYDAY BACKPACK&lt;/h4&gt;\r\n\r\n&lt;ol&gt;\r\n	&lt;li&gt;Wrap-around zipper instead of MagLatch closure hardware&lt;/li&gt;\r\n	&lt;li&gt;No internal expansion&lt;/li&gt;\r\n	&lt;li&gt;Less internal organization for photo gear (fewer FlexFold dividers)&lt;/li&gt;\r\n	&lt;li&gt;Smaller external carry capacity, 2 cinch straps instead of 4&lt;/li&gt;\r\n	&lt;li&gt;EDB Zip available in 15L + 20L sizes&lt;/li&gt;\r\n	&lt;li&gt;EDB available in 20L + 30L sizes&lt;/li&gt;\r\n	&lt;li&gt;No magnetic straps for stowage during travel&lt;/li&gt;\r\n&lt;/ol&gt;\r\n\r\n&lt;h4&gt;HIPBELT ACCESSORY&lt;/h4&gt;\r\n\r\n&lt;p&gt;A padded, stowable&amp;nbsp;&lt;a href=&quot;https://www.peakdesign.com/products/everyday-hip-belt&quot;&gt;Hipbelt accessory&lt;/a&gt;&amp;nbsp;is available for purchase for those who want added stability and comfort with heavy loads.&lt;/p&gt;\r\n\r\n&lt;h4&gt;INSTANT ACCESS&lt;/h4&gt;\r\n\r\n&lt;ol&gt;\r\n	&lt;li&gt;Top and dual side access via a single 270-degree wrap-around zipper&lt;/li&gt;\r\n	&lt;li&gt;Extra-durable UltraZip design&lt;/li&gt;\r\n&lt;/ol&gt;\r\n\r\n&lt;h4&gt;CUSTOM ORGANIZATION&lt;/h4&gt;\r\n\r\n&lt;p&gt;Brilliantly customizable and protective internal organization via 2 easy-to-configure FlexFold dividers&lt;/p&gt;\r\n\r\n&lt;h4&gt;POCKETS FOR DAYS&lt;/h4&gt;\r\n\r\n&lt;ol&gt;\r\n	&lt;li&gt;Stretchy, waterproof internal side and top pockets for cards, cords, and peripherals&lt;/li&gt;\r\n	&lt;li&gt;3 internal slip pockets for wallet, passport, and important items&lt;/li&gt;\r\n	&lt;li&gt;Dual external side pockets stretch to fit water bottles, tripods, etc&lt;/li&gt;\r\n&lt;/ol&gt;\r\n&lt;/div&gt;\r\n\r\n&lt;div class=&quot;col-md-4&quot; style=&quot;padding-right: 5px&quot;&gt;\r\n&lt;h4&gt;LAPTOP SLEEVE&lt;/h4&gt;\r\n\r\n&lt;ol&gt;\r\n	&lt;li&gt;Protective laptop sleeve with pockets for tablets and documents&lt;/li&gt;\r\n	&lt;li&gt;15L holds 13&amp;rdquo; laptop, 20L holds 15&amp;rdquo; laptop&lt;/li&gt;\r\n	&lt;li&gt;Adjustable for easy access to smaller laptops (20L only)&lt;/li&gt;\r\n&lt;/ol&gt;\r\n\r\n&lt;h4&gt;ULTIMATE COMFORT&lt;/h4&gt;\r\n\r\n&lt;ol&gt;\r\n	&lt;li&gt;Vented, quick-drying mesh back padding for breathable comfort&lt;/li&gt;\r\n	&lt;li&gt;Shoulder straps pivot at axial points to optimize comfort with all body types&lt;/li&gt;\r\n	&lt;li&gt;Quick-connecting, stowable sternum strap&lt;/li&gt;\r\n&lt;/ol&gt;\r\n\r\n&lt;h4&gt;EXTERNAL CARRY&lt;/h4&gt;\r\n\r\n&lt;ol&gt;\r\n	&lt;li&gt;2 external carry straps for cinching down bulky items via our Cord Hook system&lt;/li&gt;\r\n	&lt;li&gt;Quick-connecting, stowable sternum strap&lt;/li&gt;\r\n&lt;/ol&gt;\r\n\r\n&lt;h4&gt;TRAVEL-FRIENDLY&lt;/h4&gt;\r\n\r\n&lt;ol&gt;\r\n	&lt;li&gt;Luggage pass-through for easy and secure roller-top carry&lt;/li&gt;\r\n	&lt;li&gt;3 padded grab handles for upright or briefcase style hand carry&lt;/li&gt;\r\n	&lt;li&gt;Padded, stowable waist belt available (sold separately)&lt;/li&gt;\r\n&lt;/ol&gt;\r\n\r\n&lt;h4&gt;WEATHERPROOF&lt;/h4&gt;\r\n\r\n&lt;p&gt;Weatherproof, 100% recycled 400D nylon canvas shell is DWR impregnated, double PU-coated.&lt;/p&gt;\r\n&lt;/div&gt;\r\n&lt;/div&gt;\r\n&lt;/div&gt;\r\n\r\n&lt;p&gt;&amp;nbsp;&lt;/p&gt;\r\n', 'peakdesign, Everyday Backpack ZIP, backpack:::BEDBZ-15-BK-2,818373021481,BEDBZ-20-BK-2,818373021528,BEDBZ-15-MN-2,818373021504,BEDBZ-20-MN-2,818373021542,BEDBZ-15-AS-2,818373021498,BEDBZ-20-AS-2,818373021535,BEDBZ-15-BO-2,818373021511', 'Peak Design Everyday Backpack ZIP 20L', 'Everyday Backpack ZIP 20L | Peak Design - BEDBZ-20 - Chrismas (12/25) - Everyday Backpack ZIP 20L Version 2 | Peak Design - BEDBZ-20 - Chrismas (12/25)-', 'peak design, everyday backpack zip 20l | peak design, bedbz-20, chrismas (12/25)', 'peak-design-everyday-backpack-zip-20l-1', '', '', '', '', ''),
(53, 1, 'Ultralight Conversion Kit for Travel Tripod | Peak Design', '&lt;h3 itemprop=&quot;name&quot;&gt;Ultralight Conversion Kit&lt;/h3&gt;\r\n\r\n&lt;p&gt;Quickly convert the &lt;a href=&quot;https://www.peakdesign.com/tripod&quot;&gt;Travel Tripod&lt;/a&gt; into an ultralight tabletop-sized tripod, ideal for backpacking and other times when weight is of the essence.&lt;/p&gt;\r\n\r\n&lt;p&gt;This kit contains 3 lightweight rugged plastic foot plugs that easily install in place of the lower 4 tripod leg sections. With the leg sections removed and the foot plugs installed, you&amp;rsquo;re left with a pro-quality tripod that is half the weight, yet still deploys to 57.2cm (22.5&amp;rdquo;). Removing the lower 4 leg sections and installing the foot plugs is fast and easy&amp;mdash;it requires no tools whatsoever.&lt;/p&gt;\r\n\r\n&lt;p&gt;&lt;a href=&quot;https://youtu.be/xV9Pcw0a0Jo?t=1673&quot; rel=&quot;noopener noreferrer&quot; target=&quot;_blank&quot;&gt;Watch our video on Travel Tripod accessories and how to install them.&lt;/a&gt;&lt;/p&gt;\r\n\r\n&lt;p&gt;&lt;i&gt;(Works with both carbon and aluminum Peak Design Travel Tripod models. Tripod sold separately.)&lt;/i&gt;&lt;/p&gt;\r\n\r\n&lt;p&gt;&amp;nbsp;&lt;/p&gt;\r\n\r\n&lt;div class=&quot;ckebs-grid&quot;&gt;\r\n&lt;div class=&quot;row row-1&quot;&gt;\r\n&lt;div class=&quot;col-md-6&quot;&gt;&lt;a id=&quot;featurestab&quot;&gt;&lt;/a&gt;\r\n\r\n&lt;h4&gt;2 Tripods in 1&lt;/h4&gt;\r\n\r\n&lt;p&gt;The Ultralight Conversion kit quickly converts the Peak Design Travel Tripod&amp;mdash;which is ultra-portable to begin with&amp;mdash;into an ultralight, full-featured backpacking tripod that you can take with you when weight is of the essence.&lt;/p&gt;\r\n&lt;/div&gt;\r\n\r\n&lt;div class=&quot;col-md-6&quot;&gt;&lt;img alt=&quot;&quot; src=&quot;https://www.isbestbuy.com/image/catalog/all/items/peak-design/ultralight-conversion-kit/content/ULCK-Feature.jpg&quot; /&gt;&lt;/div&gt;\r\n&lt;/div&gt;\r\n&lt;/div&gt;\r\n\r\n&lt;p&gt;&amp;nbsp;&lt;/p&gt;\r\n\r\n&lt;div class=&quot;ckebs-grid&quot;&gt;\r\n&lt;div class=&quot;row row-1&quot;&gt;\r\n&lt;div class=&quot;col-md-4&quot;&gt;&lt;a id=&quot;featurestab&quot;&gt;&lt;/a&gt;\r\n\r\n&lt;h4&gt;2 Tripods in 1&lt;/h4&gt;\r\n\r\n&lt;p&gt;The Ultralight Conversion kit quickly converts the Peak Design Travel Tripod&amp;mdash;which is ultra-portable to begin with&amp;mdash;into an ultralight, full-featured backpacking tripod that you can take with you when weight is of the essence.&lt;/p&gt;\r\n\r\n&lt;h4&gt;Cut your weight in half&lt;/h4&gt;\r\n\r\n&lt;p&gt;Reduces Carbon tripod weight by 40%&amp;mdash;from 1.29 kg (2.81 lbs) down to 0.774 kg (1.71 lbs)&lt;/p&gt;\r\n\r\n&lt;p&gt;Reduces Aluminum tripod weight by 45%&amp;mdash;from 1.56 kg (3.44 lbs) down to 0.854 kg (1.88 lbs)&lt;/p&gt;\r\n&lt;/div&gt;\r\n\r\n&lt;div class=&quot;col-md-4&quot;&gt;\r\n&lt;h4&gt;Quick installation,&lt;br /&gt;\r\nanytime, anywhere&lt;/h4&gt;\r\n\r\n&lt;p&gt;Installs and uninstalls quickly and easily, no tools necessary.&lt;/p&gt;\r\n\r\n&lt;p&gt;Watch our video on &lt;a href=&quot;https://youtu.be/xV9Pcw0a0Jo?t=1673&quot; target=&quot;_blank&quot;&gt;how to install the Ultralight Conversion Kit&lt;/a&gt;.&lt;/p&gt;\r\n&lt;/div&gt;\r\n\r\n&lt;div class=&quot;col-md-4&quot;&gt;\r\n&lt;h4&gt;Durability + Performance&lt;/h4&gt;\r\n\r\n&lt;p&gt;Made from lightweight, rugged, weatherproof reinforced plastic.&lt;/p&gt;\r\n\r\n&lt;p&gt;Tips of foot plugs are made from rubbery TPU for superior grip and vibration damping&lt;/p&gt;\r\n\r\n&lt;p&gt;When installed, you have full function and articulation of the Compact Ball He&lt;/p&gt;\r\n&lt;/div&gt;\r\n&lt;/div&gt;\r\n&lt;/div&gt;\r\n\r\n&lt;p&gt;&amp;nbsp;&lt;/p&gt;\r\n', 'Peak Design, Ultralight Conversion Kit for Travel Tripod | Peak Design, TT-ULCK-5-150-1, Chrismas (12/25)', 'Ultralight Conversion Kit for Travel Tripod | Peak Design - TT-ULCK-5-150-1', 'Ultralight Conversion Kit for Travel Tripod | Peak Design - TT-ULCK-5-150-1 - Chrismas (12/25) -', 'Peak Design, Ultralight Conversion Kit for Travel Tripod | Peak Design, TT-ULCK-5-150-1, Chrismas (12/25)', 'peak-design-ultrlight-conversion-kit', '', '', '', '', ''),
(32, 1, 'Everyday Sling v2 | Peak Design', '&lt;h3 itemprop=&quot;name&quot;&gt;EVERYDAY SLING&lt;/h3&gt;\r\n\r\n&lt;p&gt;The smallest, lightest bag in our Everyday Line, the all-new Everyday Sling now comes in 3L, 6L, and 10L sizes so you can pick the perfect companion for minimalist, on-the-go carry of everyday or photo gear.&lt;/p&gt;\r\n\r\n&lt;p&gt;Different sizes work for a&amp;nbsp;range of creative setups, from a rangefinder camera to a pro DSLR, lenses, and laptop.&amp;nbsp;The Sling&amp;rsquo;s padded cross-body strap features a quick-adjuster that you can loosen when accessing gear and tighten when actively hiking or biking.&amp;nbsp;A weatherproof&amp;nbsp;UltraZip provides quick, expansive access and FlexFold dividers allow instantly customizable organization and protection.&amp;nbsp;Internal stretchy pockets for small items and a dedicated tablet sleeve (6L and 10L only). A weatherproof 100% recycled 400D shell keeps your gear safe.&amp;nbsp;Now in its 2nd generation, v2 boasts&amp;nbsp;&lt;a data-mce-fragment=&quot;1&quot; data-mce-href=&quot;https://support.peakdesign.com/hc/en-us/articles/360036482011&quot; href=&quot;https://support.peakdesign.com/hc/en-us/articles/360036482011&quot;&gt;aesthetic and functional updates&lt;/a&gt;&amp;nbsp;based on feedback from thousands of passionate customers.&lt;/p&gt;\r\n\r\n&lt;p&gt;Pick your size: the 3L&amp;nbsp;bag is designed for a single mirrorless body/lens. The 6L can fit a DSLR. The 10L can fit a small kit, and is an ideal minimalist 13&amp;quot; laptop bag. See Features + Specs for details.&lt;/p&gt;\r\n\r\n&lt;p&gt;Want more deets?&amp;nbsp;&lt;a href=&quot;https://youtu.be/tm7pufxVdGQ&quot; target=&quot;_blank&quot; title=&quot;Watch the Peak Design Everyday Sling Instructional - Setup and Tips&quot;&gt;Watch our Everyday Sling Instructional.&lt;/a&gt;&amp;nbsp;Questions about sizing and what fits?&amp;nbsp;See Features below, or check out&amp;nbsp;&lt;a data-mce-fragment=&quot;1&quot; data-mce-href=&quot;https://support.peakdesign.com/hc/en-us/articles/360043010291-Comparing-Relative-Size-of-the-Everyday-Bag-Line&quot; href=&quot;https://support.peakdesign.com/hc/en-us/articles/360043010291-Comparing-Relative-Size-of-the-Everyday-Bag-Line&quot;&gt;exact dimensions&lt;/a&gt;.&lt;/p&gt;\r\n\r\n&lt;div class=&quot;ckebs-grid&quot;&gt;\r\n&lt;div class=&quot;row row-1&quot;&gt;\r\n&lt;div class=&quot;col-md-6&quot;&gt;\r\n&lt;h4&gt;A SLING FOR EVERYONE&lt;/h4&gt;\r\n\r\n&lt;p&gt;The Everyday Sling now comes in 3L, 6L, and 10L sizes, so you can get the perfect bag for your everyday or photo carry needs.&lt;/p&gt;\r\n\r\n&lt;p&gt;&lt;a href=&quot;https://youtu.be/tm7pufxVdGQ&quot; target=&quot;_blank&quot;&gt;Watch our Everyday Sling Instructional.&lt;/a&gt;&lt;/p&gt;\r\n\r\n&lt;h4&gt;ALL-NEW V2&lt;/h4&gt;\r\n\r\n&lt;p&gt;First launched in 2016, we recently redesigned the Everyday Sling from the ground up based on feedback from thousands of passionate customers.&amp;nbsp;&lt;a href=&quot;https://cdn.shopify.com/s/files/1/2986/1172/files/EDLv2-WhatsNew-All.pdf?v=1583965053&quot; target=&quot;_blank&quot;&gt;Check out the What&amp;#39;s New PDF&lt;/a&gt;, which you can print out, laminate, and read in the shower. Or don&amp;#39;t do that.&lt;/p&gt;\r\n&lt;/div&gt;\r\n\r\n&lt;div class=&quot;col-md-6&quot;&gt;&lt;img alt=&quot;&quot; src=&quot;https://www.isbestbuy.com/image/catalog/all/items/peak-design/everyday-sling-v2/content/EDS-Feature.webp&quot; /&gt;&lt;/div&gt;\r\n&lt;/div&gt;\r\n&lt;/div&gt;\r\n\r\n&lt;p&gt;&amp;nbsp;&lt;/p&gt;\r\n\r\n&lt;div class=&quot;ckebs-grid&quot;&gt;\r\n&lt;div class=&quot;row row-1&quot;&gt;\r\n&lt;div class=&quot;col-lg-4&quot;&gt;\r\n&lt;h4&gt;3L SLING FEATURES&lt;/h4&gt;\r\n\r\n&lt;h5&gt;OVERVIEW&lt;/h5&gt;\r\n\r\n&lt;p&gt;The ideal minimalist 1-camera bag. Great for a single body+lens and a few accessories. Also ideal for essential everyday or travel carry. A sling that&amp;#39;s also wearable as a hip bag.&lt;/p&gt;\r\n\r\n&lt;h5&gt;EXAMPLE CAMERA CARRY&lt;/h5&gt;\r\n\r\n&lt;ol&gt;\r\n	&lt;li&gt;Mirrorless camera body/lens + 1 extra prime lens&lt;/li&gt;\r\n	&lt;li&gt;Crop-sensor DSLR/lens + 1 extra prime lens&lt;/li&gt;\r\n	&lt;li&gt;DSLR camera body/lens&lt;/li&gt;\r\n&lt;/ol&gt;\r\n\r\n&lt;h5&gt;EXAMPLE EVERYDAY CARRY&lt;/h5&gt;\r\n\r\n&lt;ol&gt;\r\n	&lt;li&gt;Wallet, phone, keys, sunglasses, and passport&lt;/li&gt;\r\n	&lt;li&gt;3 Beers; 4 white claws&lt;/li&gt;\r\n&lt;/ol&gt;\r\n\r\n&lt;h5&gt;INCLUDES&lt;/h5&gt;\r\n\r\n&lt;ol&gt;\r\n	&lt;li&gt;1 FlexFold divider&lt;/li&gt;\r\n	&lt;li&gt;2 large and 4 small internal stretchy pockets&lt;/li&gt;\r\n	&lt;li&gt;2 external carry straps&lt;/li&gt;\r\n	&lt;li&gt;No tablet sleeve&lt;/li&gt;\r\n&lt;/ol&gt;\r\n\r\n&lt;h5&gt;CARRY STYLE&lt;/h5&gt;\r\n\r\n&lt;p&gt;Wear as a sling or hip bag&lt;/p&gt;\r\n&lt;/div&gt;\r\n\r\n&lt;div class=&quot;col-lg-4&quot;&gt;\r\n&lt;h4&gt;6L SLING FEATURES&lt;/h4&gt;\r\n\r\n&lt;h5&gt;OVERVIEW&lt;/h5&gt;\r\n\r\n&lt;p&gt;A step up from the 3L, the 6L is a great solution for a small mirrorless, DSLR, or drone kit. Also makes the perfect travel personal item with it&amp;#39;s dedicated tablet sleeve.&lt;/p&gt;\r\n\r\n&lt;h5&gt;EXAMPLE CAMERA CARRY&lt;/h5&gt;\r\n\r\n&lt;ol&gt;\r\n	&lt;li&gt;Mirrorless camera body/lens + 1-2 extra lenses &amp;amp; accessories&lt;/li&gt;\r\n	&lt;li&gt;DJI Mavic drone + controller, batteries, charger&lt;/li&gt;\r\n	&lt;li&gt;Crop-sensor DSLR/lens + 1-2 extra lenses &amp;amp; accessories&lt;/li&gt;\r\n	&lt;li&gt;DLSR camera body/lens + 1 extra lens&lt;/li&gt;\r\n	&lt;li&gt;Fits a full-frame DSLR + 70-200 pro lens&lt;/li&gt;\r\n&lt;/ol&gt;\r\n\r\n&lt;h5&gt;EXAMPLE EVERYDAY CARRY&lt;/h5&gt;\r\n\r\n&lt;ol&gt;\r\n	&lt;li&gt;Tablet, snack, wallet, phone, keys, sunglasses, passport&lt;/li&gt;\r\n	&lt;li&gt;5 Beers (maybe a 6-er if you really stuff &amp;#39;em in)&lt;/li&gt;\r\n&lt;/ol&gt;\r\n\r\n&lt;h5&gt;INCLUDES&lt;/h5&gt;\r\n\r\n&lt;ol&gt;\r\n	&lt;li&gt;2 FlexFold divider&lt;/li&gt;\r\n	&lt;li&gt;2 large and 4 small internal stretchy pockets&lt;/li&gt;\r\n	&lt;li&gt;2 external carry straps&lt;/li&gt;\r\n	&lt;li&gt;Padded tablet sleeve for up to 11&amp;rdquo; tablets&lt;/li&gt;\r\n&lt;/ol&gt;\r\n\r\n&lt;h5&gt;CARRY STYLE&lt;/h5&gt;\r\n\r\n&lt;p&gt;Wear as a sling or hip bag&lt;/p&gt;\r\n&lt;/div&gt;\r\n\r\n&lt;div class=&quot;col-lg-4&quot;&gt;\r\n&lt;h4&gt;10L SLING FEATURES&lt;/h4&gt;\r\n\r\n&lt;h5&gt;OVERVIEW&lt;/h5&gt;\r\n\r\n&lt;p&gt;With an 13&amp;quot; laptop sleeve, the 10L Sling sets up perfectly as a minimalist everyday work bag. As a photo bag, it&amp;#39;ll give you substantially more capacity than the 6L, while still feeling compact and streamlined. The only sling with a strap for roller bag luggage carry.&lt;/p&gt;\r\n\r\n&lt;h5&gt;EXAMPLE CAMERA CARRY&lt;/h5&gt;\r\n\r\n&lt;ol&gt;\r\n	&lt;li&gt;Mirrorless camera body/lens + 3-4 extra lenses &amp;amp; accessories&lt;/li&gt;\r\n	&lt;li&gt;DJI Mavic drone + controller, batteries, charger&lt;/li&gt;\r\n	&lt;li&gt;Crop-sensor DSLR/lens + 2-3 extra lenses &amp;amp; accessories&lt;/li&gt;\r\n	&lt;li&gt;DLSR camera body/lens + 1-2 extra lens&lt;/li&gt;\r\n	&lt;li&gt;Fits a full-frame DSLR + 70-200 pro lens + another lens and/or accessories&lt;/li&gt;\r\n&lt;/ol&gt;\r\n\r\n&lt;h5&gt;EXAMPLE EVERYDAY CARRY&lt;/h5&gt;\r\n\r\n&lt;ol&gt;\r\n	&lt;li&gt;11 in laptop, notebook, lunch, wallet, phone, keys, sunglasses, passport&lt;/li&gt;\r\n	&lt;li&gt;a solid 12-er of cold snacks (aka beer)&lt;/li&gt;\r\n&lt;/ol&gt;\r\n\r\n&lt;h5&gt;INCLUDES&lt;/h5&gt;\r\n\r\n&lt;ol&gt;\r\n	&lt;li&gt;2 FlexFold divider&lt;/li&gt;\r\n	&lt;li&gt;4 small internal stretchy pockets (no large ones)&lt;/li&gt;\r\n	&lt;li&gt;2 external carry straps&lt;/li&gt;\r\n	&lt;li&gt;Padded tablet sleeve for up to 13&amp;rdquo; tablets or 13&amp;rdquo; laptops&lt;/li&gt;\r\n	&lt;li&gt;High-volume external zip pocket&lt;/li&gt;\r\n&lt;/ol&gt;\r\n\r\n&lt;h5&gt;CARRY STYLE&lt;/h5&gt;\r\n\r\n&lt;ol&gt;\r\n	&lt;li&gt;Wear as a sling only&lt;/li&gt;\r\n	&lt;li&gt;Luggage carry pass-through for roller-top carry&lt;/li&gt;\r\n&lt;/ol&gt;\r\n&lt;/div&gt;\r\n&lt;/div&gt;\r\n&lt;/div&gt;\r\n\r\n&lt;p&gt;&amp;nbsp;&lt;/p&gt;\r\n', 'Peak Design, Everyday Sling v2 3L | Peak Design, BEDS, Chrismas (12/25):::BEDS-3-BK-2,818373021351,BEDS-6-BK-2,818373021375,BEDS-10-BK-2,818373021405,BEDS-6-MN-2,818373021399,BEDS-3-AS-2,818373021368,BEDS-6-AS-2,818373021382,BEDS-10-AS-2,818373021429', 'Everyday Sling v2 3L | Peak Design - BEDS', 'Everyday Sling v2 3L | Peak Design - BEDS - Chrismas (12/25) -', 'Peak Design, Everyday Sling v2 3L | Peak Design, BEDS, Chrismas (12/25)', 'peak-design-everyday-sling-3l', '', '', '', '', '');
INSERT INTO `product_description` (`product_id`, `language_id`, `name`, `description`, `tag`, `meta_title`, `meta_description`, `meta_keyword`, `seo_keyword`, `seo_h1`, `seo_h2`, `seo_h3`, `image_title`, `image_alt`) VALUES
(55, 1, 'Mobile Wallet | Peak Design', '&lt;h3 itemprop=&quot;name&quot;&gt;MOBILE WALLET&lt;/h3&gt;\r\n\r\n&lt;p&gt;SLIMLINK&amp;trade; PHONE ACCESSORY&lt;/p&gt;\r\n\r\n&lt;p&gt;Designed by the award-winning Peak Design softgoods team, the Mobile Wallet magnetically consolidates your wallet and phone while adding brilliant utility that you won&amp;#39;t want to live without.&amp;nbsp;The Slim Wallet is crafted for card-carrying minimalists, while the Stand Wallet sports an on-demand fully-adjustable kickstand, ensuring you&amp;#39;ll never again be forced to haphazardly prop your phone up against your coffee. Made from durable 100% recycled nylon canvas, the unique patterning and construction minimizes bulk in your pocket. Holds up to 7 cards, which can be accessed instantly via a magnetically sealed flap. Ultra-strong MagSafe-compatible magnets grab your phone with a satisfying &amp;#39;pop&amp;#39; and keep your phone and wallet securely connected. The unique connection system is called SlimLink and it&amp;#39;s so fast and secure, it borders on magic. Once attached, a precision-tuned friction hinge lets you safely position your phone at any viewing angle, in portrait or landscape. Built to age gracefully, not stretch out, and last for many years (and phones) to come.&lt;/p&gt;\r\n\r\n&lt;p&gt;Requires a&amp;nbsp;&lt;a href=&quot;https://www.peakdesign.com/products/everyday-case&quot;&gt;Peak Design Case&lt;/a&gt;&amp;nbsp;or&amp;nbsp;&lt;a href=&quot;https://www.peakdesign.com/products/universal-adapter&quot;&gt;Universal Adapter&lt;/a&gt;&amp;nbsp;(sold separately). Also works with MagSafe phones and phone cases.&lt;/p&gt;\r\n\r\n&lt;div class=&quot;ckebs-grid&quot;&gt;\r\n&lt;div class=&quot;row row-1&quot;&gt;\r\n&lt;div class=&quot;col-md-6&quot;&gt;\r\n&lt;h4&gt;UNDERSTATED BRILLIANCE&lt;/h4&gt;\r\n\r\n&lt;p&gt;There&amp;#39;s plenty of phone wallets out there, but none of them pack this kind of can&amp;#39;t-live-without utility into such a minimalist, classically beautiful, elegantly simple form.&lt;/p&gt;\r\n&lt;/div&gt;\r\n\r\n&lt;div class=&quot;col-md-6&quot;&gt;&lt;img alt=&quot;&quot; src=&quot;https://www.isbestbuy.com/image/catalog/all/items/peak-design/mobile-wallet/content/2-FEATURES-Wallet-Stand-01.webp&quot; /&gt;&lt;/div&gt;\r\n&lt;/div&gt;\r\n&lt;/div&gt;\r\n\r\n&lt;div class=&quot;ckebs-grid&quot;&gt;\r\n&lt;div class=&quot;row row-1&quot;&gt;\r\n&lt;div class=&quot;col-md-4&quot;&gt;\r\n&lt;h5&gt;SLIMLINK&amp;trade;&lt;/h5&gt;\r\n\r\n&lt;ol&gt;\r\n	&lt;li&gt;Magnetic locking technology (called SlimLink&amp;trade;) is ultra secure and feels like magic&lt;/li&gt;\r\n	&lt;li&gt;Works with Peak Design Cases and MagSafe* phones/cases&lt;/li&gt;\r\n&lt;/ol&gt;\r\n\r\n&lt;h5&gt;SUPER SLIM&lt;/h5&gt;\r\n\r\n&lt;ol&gt;\r\n	&lt;li&gt;Consolidate your most important everyday carry with minimal bulk&lt;/li&gt;\r\n	&lt;li&gt;Stand Wallet is just 6mm thick (when empty)&lt;/li&gt;\r\n	&lt;li&gt;Slim Wallet is a mere 3.75mm thick (when empty)&lt;/li&gt;\r\n&lt;/ol&gt;\r\n\r\n&lt;h5&gt;BUILT TO LAST&lt;/h5&gt;\r\n\r\n&lt;ol&gt;\r\n	&lt;li&gt;Durable, weatherproof 100% recycled nylon canvas construction&lt;/li&gt;\r\n	&lt;li&gt;Fabric is ultra-strong, abrasion-resistant, ages gracefully and won&amp;#39;t stretch&lt;/li&gt;\r\n	&lt;li&gt;Built to last for many phones to come&lt;/li&gt;\r\n	&lt;li&gt;&lt;a href=&quot;http://peakdesign.com/warranty&quot;&gt;Guaranteed for life&lt;/a&gt;, like all Peak Design products&lt;/li&gt;\r\n&lt;/ol&gt;\r\n\r\n&lt;p&gt;&lt;i&gt;*MagSafe is registered trademark of Apple, Inc.&lt;/i&gt;&lt;/p&gt;\r\n&lt;/div&gt;\r\n\r\n&lt;div class=&quot;col-md-4&quot;&gt;\r\n&lt;h5&gt;ON-DEMAND STAND**&lt;/h5&gt;\r\n\r\n&lt;ol&gt;\r\n	&lt;li&gt;Precision-tuned friction hinge holds your phone at any angle for optimal viewing&lt;/li&gt;\r\n	&lt;li&gt;Holds phone in portrait or landscape mode&lt;/li&gt;\r\n	&lt;li&gt;Ideal for FaceTiming and content viewing&lt;/li&gt;\r\n&lt;/ol&gt;\r\n\r\n&lt;h5&gt;DELIGHTFUL STORAGE + ACCESS&lt;/h5&gt;\r\n\r\n&lt;ol&gt;\r\n	&lt;li&gt;Holds up to 7 cards (both styles)&lt;/li&gt;\r\n	&lt;li&gt;Instant card access via a clever magnetic pull-tab&lt;/li&gt;\r\n	&lt;li&gt;Will not de-magnetize credit cards &amp;amp; safe for use with most hotel key cards&lt;/li&gt;\r\n&lt;/ol&gt;\r\n\r\n&lt;p&gt;&lt;i&gt;**Stand Wallet only&lt;/i&gt;&lt;/p&gt;\r\n&lt;/div&gt;\r\n\r\n&lt;div class=&quot;col-md-4&quot;&gt;\r\n&lt;h5&gt;PHONE/CASE COMPATIBILITY&lt;/h5&gt;\r\n\r\n&lt;ol&gt;\r\n	&lt;li&gt;Works with any phone with a&amp;nbsp;&lt;a href=&quot;https://www.peakdesign.com/products/everyday-case&quot;&gt;Peak Design Case&lt;/a&gt;&amp;nbsp;or&amp;nbsp;&lt;a href=&quot;https://www.peakdesign.com/products/universal-adapter&quot;&gt;Universal Adapter&lt;/a&gt;&amp;nbsp;(sold separately)&lt;/li&gt;\r\n	&lt;li&gt;Also works with any MagSafe phone or case&lt;/li&gt;\r\n&lt;/ol&gt;\r\n&lt;/div&gt;\r\n&lt;/div&gt;\r\n&lt;/div&gt;\r\n\r\n&lt;p&gt;&amp;nbsp;&lt;/p&gt;\r\n', 'peak,design,peak,design,mobile,wallet,m-ck-aa-bk-1:::M-WA-AB-CH-1,818373023249,M-WA-AA-CH-1,818373023232', 'Peak Design Mobile Wallet - M-CK-AA-BK-1', 'Peak Design Mobile Wallet - M-CK-AA-BK-1 - Chinese New Year - Peak Design Mobile Creator Kit Unleash the full photography and filmmaking potential of your phone with Creator Kit, a brilliantly versatile phone mount that adapts to tripods, GoPro mounts, 1/', 'peak design, peak design mobile wallet, m-ck-aa-bk-1, chinese new year', 'peak-design-mobile-wallet', '', '', '', '', ''),
(41, 1, 'Packing Cube | Peak Design ', '&lt;h3 itemprop=&quot;name&quot;&gt;PACKING CUBE&lt;/h3&gt;\r\n\r\n&lt;p&gt;Compressible, easy to access, and instantly dividable, Peak Design Packing Cubes are functionally and aesthetically unmatched.&amp;nbsp;A unique tear-away zipper lets you access contents quickly, unlike standard packing cubes with U-zip openings. An internal divider lets you separate clean and dirty clothes, and allows each compartment to expand/contract based on its contents. And, an expansion/compression zip provides additional space, or the ability to compress contents once packed. Outer shell is a beautiful, self-healing 70D nylon/poly blend.&lt;/p&gt;\r\n\r\n&lt;p&gt;Available in Small and Medium sizes. Designed for use in any suitcase or bag, and sized to fit perfectly in any bag in the Peak Design Travel Line.&lt;/p&gt;\r\n\r\n&lt;div class=&quot;ckebs-grid&quot;&gt;\r\n&lt;div class=&quot;row row-1&quot;&gt;\r\n&lt;div class=&quot;col-md-6&quot;&gt;\r\n&lt;h4&gt;THE BEST PACKING CUBES&lt;/h4&gt;\r\n\r\n&lt;p&gt;We admit that it&amp;#39;s lazy marketing to just claim our Packing Cubes are &amp;#39;the best.&amp;#39; But with their dual storage zones, UltraZips, expansion/compression, and self-healing 100% recycled shells, they&amp;#39;re better than anything else we&amp;#39;ve ever come across. The folks at&amp;nbsp;&lt;a href=&quot;https://www.gearpatrol.com/outdoors/a466737/best-packing-cubes-buying-guide/&quot;&gt;Gear Patrol&lt;/a&gt;&amp;nbsp;agree.&lt;/p&gt;\r\n&lt;/div&gt;\r\n\r\n&lt;div class=&quot;col-md-6&quot;&gt;&lt;img alt=&quot;&quot; src=&quot;https://www.isbestbuy.com/image/catalog/all/items/peak-design/packing-cube/content/packing-cube.jpg&quot; /&gt;&lt;/div&gt;\r\n&lt;/div&gt;\r\n&lt;/div&gt;\r\n\r\n&lt;p&gt;&amp;nbsp;&lt;/p&gt;\r\n\r\n&lt;div class=&quot;ckebs-grid&quot;&gt;\r\n&lt;div class=&quot;row row-1&quot;&gt;\r\n&lt;div class=&quot;col-md-4&quot;&gt;\r\n&lt;h5&gt;EXPAND &amp;amp; COMPRESS&lt;/h5&gt;\r\n\r\n&lt;ol&gt;\r\n	&lt;li&gt;Expansion/compression zip provides additional space, plus ability to compress contents once packed&lt;/li&gt;\r\n	&lt;li&gt;In compressed state, fit 2 Packing Cubes in the space of 1&lt;/li&gt;\r\n&lt;/ol&gt;\r\n\r\n&lt;h5&gt;SMART ACCESS &amp;amp; STORAGE&lt;/h5&gt;\r\n\r\n&lt;ol&gt;\r\n	&lt;li&gt;Ultra-fast tear-away main opening&lt;/li&gt;\r\n	&lt;li&gt;Dual compartments for separating clean and dirty clothes&lt;/li&gt;\r\n	&lt;li&gt;Moving divider auto-adjusts size of each compartment&lt;/li&gt;\r\n	&lt;li&gt;Top and bottom handles for easy handling&lt;/li&gt;\r\n&lt;/ol&gt;\r\n&lt;/div&gt;\r\n\r\n&lt;div class=&quot;col-md-4&quot;&gt;\r\n&lt;h5&gt;USE IT FOR DECADES&lt;/h5&gt;\r\n\r\n&lt;ol&gt;\r\n	&lt;li&gt;#5 UltraZips built to withstand decades of use thanks to proprietary abrasion-resistant thread&lt;/li&gt;\r\n	&lt;li&gt;Ultralight weatherproof ripstop 70D nylon/poly shell&lt;/li&gt;\r\n	&lt;li&gt;Self-healing nylon/poly shell automatically closes small punctures and abrasions&lt;/li&gt;\r\n	&lt;li&gt;Lifetime guarantee&lt;/li&gt;\r\n&lt;/ol&gt;\r\n&lt;/div&gt;\r\n\r\n&lt;div class=&quot;col-md-4&quot;&gt;\r\n&lt;h5&gt;SUSTAINABLY BUILT&lt;/h5&gt;\r\n\r\n&lt;ol&gt;\r\n	&lt;li&gt;Fair Trade Certified&lt;/li&gt;\r\n	&lt;li&gt;100% carbon neutral&lt;/li&gt;\r\n	&lt;li&gt;100% recycled shell fabric&lt;/li&gt;\r\n&lt;/ol&gt;\r\n&lt;/div&gt;\r\n&lt;/div&gt;\r\n&lt;/div&gt;\r\n\r\n&lt;p&gt;&amp;nbsp;&lt;/p&gt;\r\n', 'Packing Cube | Peak Design,BPC-M-CH-1,Camera Accessories:::BPC-S-SG-1,818373022716,BPC-S-CH-1,818373020941,BPC-S-RW-1,818373022723,BPC-M-SG-1,818373022730,BPC-M-CH-1,818373020958,BPC-M-RW-1,818373022747', 'Packing Cube | Peak Design - BPC-M-CH-1', 'Packing Cube | Peak Design - BPC-M-CH-1 - Camera Accessories - Peak Design Packing Cube - Medium Compressible, easy to access, and instantly dividable, Peak Design Packing Cubes are functionally and aesthetically unmatched. A unique tear-away zipper lets ', 'packing cube | peak design, bpc-m-ch-1, camera accessories', 'peak-design-packing-cube', 'Packing Cube | Peak Design', 'Packing Cube | Peak Design', 'Packing Cube | Peak Design', 'Packing Cube | Peak Design', 'Packing Cube | Peak Design'),
(54, 1, 'Everyday Mobile Case for iPhone | Peak Design', '&lt;h3 itemprop=&quot;name&quot;&gt;EVERYDAY CASE FOR IPHONE&lt;/h3&gt;\r\n\r\n&lt;p&gt;SLIMLINK&amp;trade; PHONE ACCESSORY&lt;/p&gt;\r\n\r\n&lt;p&gt;A Magsafe-compatible phone case with the perfect balance of slimness, smart aesthetics, and protection, plus it brilliantly connects to the entire Peak Design Mobile Ecosystem.&amp;nbsp;It&amp;#39;s a case with zero compromise&amp;mdash;and you don&amp;#39;t have to take our word. The Wirecutter frankly admits &amp;quot;we don&amp;#39;t say this often, but there aren&amp;#39;t any flaws.&amp;quot; Features a slim 2.4mm profile and protective rubberized bumper, all wrapped in beautiful nylon canvas shell. But what truly sets this case apart is the brilliant magnetic/mechanical lock that&amp;#39;s built right into it. We call this mounting technology&amp;nbsp;&lt;b&gt;SlimLink&amp;trade;&lt;/b&gt;, and it&amp;#39;s so fast and secure that it borders on magic. With this case on your phone, you can instantly connect to all Peak Design Mobile mounts, chargers, and accessories. It even works with Apple MagSafe chargers and accessories, however compatibility with all 3rd party chargers is not guaranteed.&lt;/p&gt;\r\n\r\n&lt;p&gt;Available with or without a radical flat-stowing, quick-deploying finger loop for added grip and security. Security, slimness, grip, and beauty ready to have everything you want in a phone case, with zero compromise.&lt;/p&gt;\r\n\r\n&lt;p&gt;Also available for&amp;nbsp;&lt;a href=&quot;https://www.peakdesign.com/products/everyday-case-samsung&quot; title=&quot;Everyday Case for Samsung&quot;&gt;Samsung&amp;nbsp;Galaxy Series&lt;/a&gt;&amp;nbsp;or try&amp;nbsp;the&amp;nbsp;&lt;a data-sk=&quot;tooltip_parent&quot; delay=&quot;150&quot; href=&quot;https://www.peakdesign.com/products/universal-adapter&quot; target=&quot;_blank&quot; title=&quot;Universal Adapter for Mobile by Peak Design&quot;&gt;Universal Adapter&lt;/a&gt;&amp;nbsp;for other phone models.&lt;/p&gt;\r\n\r\n&lt;div class=&quot;ckebs-grid&quot;&gt;\r\n&lt;div class=&quot;row row-1&quot;&gt;\r\n&lt;div class=&quot;col-md-6&quot;&gt;\r\n&lt;h4&gt;HERALDED AS THE BEST&lt;/h4&gt;\r\n\r\n&lt;p&gt;&lt;a href=&quot;https://www.nytimes.com/wirecutter/reviews/best-iphone-13-case/#an-accessory-friendly-case-peak-design-everyday-case&quot; target=&quot;_blank&quot;&gt;The Wirecutter&lt;/a&gt;&amp;nbsp;(New York Times&amp;#39; product review department) calls the Everyday Case flawless.&amp;nbsp;&lt;a href=&quot;https://gearjunkie.com/news/gear-of-the-year-2021&quot; target=&quot;_blank&quot;&gt;Gear Junkie&lt;/a&gt;&amp;nbsp;bestowed a &amp;quot;Gear Of The Year&amp;quot; accolade, and&amp;nbsp;&lt;a href=&quot;https://www.gearpatrol.com/tech/a34494544/peaks-design-mobile-accessories-iphone-12/&quot; target=&quot;&quot;&gt;Gear Patrol&lt;/a&gt;&amp;nbsp;suggested it &amp;quot;might be the best MagSafe case.&amp;quot;&lt;/p&gt;\r\n\r\n&lt;p&gt;Thanks to a built-in connection system, the Everyday Case does more than any other phone case on the planet. Yet it&amp;#39;s slim, beautiful, and highly protective. That is total capability, with zero compromise.&lt;/p&gt;\r\n&lt;/div&gt;\r\n\r\n&lt;div class=&quot;col-md-6&quot;&gt;&lt;img alt=&quot;&quot; src=&quot;https://www.isbestbuy.com/image/catalog/all/items/peak-design/everyday-case-iphone/content/2-FEATURES-Everyday-Case-01.webp&quot; /&gt;&lt;/div&gt;\r\n&lt;/div&gt;\r\n&lt;/div&gt;\r\n\r\n&lt;p&gt;&amp;nbsp;&lt;/p&gt;\r\n\r\n&lt;div class=&quot;ckebs-grid&quot;&gt;\r\n&lt;div class=&quot;row row-1&quot;&gt;\r\n&lt;div class=&quot;col-md-4&quot;&gt;\r\n&lt;h5&gt;SLIMLINK&amp;trade;&lt;/h5&gt;\r\n\r\n&lt;ol&gt;\r\n	&lt;li&gt;Built-in connection system (called SlimLink&amp;trade;) is ultra secure and feels like magic&lt;/li&gt;\r\n	&lt;li&gt;Connects to all Peak Design Mobile mounts &amp;amp; accessories&lt;/li&gt;\r\n	&lt;li&gt;Locks to some accessories magnetically and other accessories mechanically&lt;/li&gt;\r\n&lt;/ol&gt;\r\n\r\n&lt;h5&gt;WORKS WITH MAGSAFE*&lt;/h5&gt;\r\n\r\n&lt;ol&gt;\r\n	&lt;li&gt;Compatible with MagSafe accessories &amp;amp; chargers&lt;/li&gt;\r\n	&lt;li&gt;&lt;b&gt;Note that compatibility with all 3rd party chargers (even Qi certified chargers) is not guaranteed.&lt;/b&gt;&lt;/li&gt;\r\n&lt;/ol&gt;\r\n\r\n&lt;h5&gt;SLIM &amp;amp; PROTECTIVE&lt;/h5&gt;\r\n\r\n&lt;ol&gt;\r\n	&lt;li&gt;Super-slim 2.4mm profile&lt;/li&gt;\r\n	&lt;li&gt;Rubberized full-surround shock-absorbing bumper&lt;/li&gt;\r\n	&lt;li&gt;Protective lip around screen and camera lenses&amp;nbsp;&lt;i&gt;(iPhone 12 Pro Max and 13 models have a raised bezel)&lt;/i&gt;&lt;/li&gt;\r\n	&lt;li&gt;Rugged 2m (6ft) drop protection&lt;/li&gt;\r\n	&lt;li&gt;&lt;b&gt;Works with many but not all screen protectors. More info in&amp;nbsp;&lt;a href=&quot;https://support.peakdesign.com/hc/en-us/articles/4410677768212-Using-the-Everyday-Case-with-a-Screen-Protector&quot; target=&quot;_blank&quot;&gt;this article&lt;/a&gt;.&lt;/b&gt;&lt;/li&gt;\r\n&lt;/ol&gt;\r\n\r\n&lt;p&gt;&lt;i&gt;*MagSafe is a registered trademark of Apple, Inc.&lt;/i&gt;&lt;/p&gt;\r\n&lt;/div&gt;\r\n\r\n&lt;div class=&quot;col-md-4&quot;&gt;\r\n&lt;h5&gt;BETTER MATERIALS = BETTER CASE&lt;/h5&gt;\r\n\r\n&lt;ol&gt;\r\n	&lt;li&gt;Nylon canvas fabric shell is weatherproof, 100% recycled, and Bluesign-approved&lt;/li&gt;\r\n	&lt;li&gt;Ultralight polycarbonate body&lt;/li&gt;\r\n&lt;/ol&gt;\r\n\r\n&lt;h5&gt;WORKS WITH PEAK DESIGN STRAPS&lt;/h5&gt;\r\n\r\n&lt;ol&gt;\r\n	&lt;li&gt;2 mounting points for Peak Design Anchors let you tether/carry your phone with any Peak Design strap&lt;/li&gt;\r\n&lt;/ol&gt;\r\n&lt;/div&gt;\r\n\r\n&lt;div class=&quot;col-md-4&quot;&gt;\r\n&lt;h5&gt;BYE BYE, POP SOCKETS&lt;/h5&gt;\r\n\r\n&lt;ol&gt;\r\n	&lt;li&gt;Loop Case models feature deployable finger loop for easy grip&lt;/li&gt;\r\n	&lt;li&gt;Loop deploys with one finger for instant security&lt;/li&gt;\r\n	&lt;li&gt;Loop is magnetically held flush when not in use&lt;/li&gt;\r\n	&lt;li&gt;Convenient security for exercise, photography, viewing, and communicating&lt;/li&gt;\r\n&lt;/ol&gt;\r\n&lt;/div&gt;\r\n&lt;/div&gt;\r\n&lt;/div&gt;\r\n\r\n&lt;p&gt;&amp;nbsp;&lt;/p&gt;\r\n', 'peak,design,peak,design,everyday,mobile,case,-,fabric,charcoal,m-mc-as-ch-1:::M-MC-AS-CH-1,818373023065,M-LC-AS-CH-1,818373023034,M-MC-AR-CH-1,818373023041,M-LC-AR-CH-1,818373023010,M-MC-AQ-CH-1,818373023058,M-LC-AQ-CH-1,818373023027,M-MC-AT-CH-1,818373023072,M-MC-AG-CH-1,818373022952,M-LC-AG-CH-1,818373023003', 'Peak Design Everyday Mobile Case - Fabric Charcoal - M-MC-AS-CH-1', 'Peak Design Everyday Mobile Case - Fabric Charcoal - M-MC-AS-CH-1 - Chinese New Year - Peak Design Field Pouch V2 - BP-2 - Chinese New Year-', 'peak design, peak design everyday mobile case - fabric charcoal, m-mc-as-ch-1, chinese new year', 'peak-design-everyday-mobile-case-fabric-charcoal', '', '', '', '', ''),
(60, 1, 'Travel Tripod Tool Kit | Peak Design', '&lt;h3 itemprop=&quot;name&quot;&gt;Travel Tripod Tool Kit&lt;/h3&gt;\r\n\r\n&lt;p&gt;Replacement tools to do anything you need to your &lt;a href=&quot;https://www.peakdesign.com/tripod&quot;&gt;Travel Tripod&lt;/a&gt;.&lt;/p&gt;\r\n\r\n&lt;p&gt;Includes Folding Hex Wrench, Folding Hex Wrench leg clip, and bushing removal tool&amp;mdash;all the tools you need to adjust and maintain your tripod.&lt;/p&gt;\r\n\r\n&lt;p&gt;The tools in this kit are used to screw in your tripod plate, convert your tripod into low/inverted mode, spike feet and universal head adapter installation, Ball Head pin removal for L-bracket plates, as well as perform general maintenance such as cam lever tension and bushing replacement.&lt;/p&gt;\r\n\r\n&lt;p&gt;&lt;a href=&quot;https://youtu.be/9nWZIuiMRzw&quot; rel=&quot;noopener noreferrer&quot; target=&quot;_blank&quot;&gt;Watch our video on how to tune and maintain your Travel Tripod.&lt;/a&gt;&lt;/p&gt;\r\n\r\n&lt;p&gt;&lt;i&gt;(These are replacement tools. One kit ships with every new tripod. Tripod not included.)&lt;/i&gt;&lt;/p&gt;\r\n\r\n&lt;p&gt;&amp;nbsp;&lt;/p&gt;\r\n\r\n&lt;div class=&quot;ckebs-grid&quot;&gt;\r\n&lt;div class=&quot;row row-1&quot;&gt;\r\n&lt;div class=&quot;col-md-6&quot;&gt;&lt;a id=&quot;featurestab&quot;&gt;&lt;/a&gt;\r\n\r\n&lt;h4&gt;Hey, Be Tool&lt;/h4&gt;\r\n\r\n&lt;p&gt;The Folding Hex Wrench has both 4mm and 2.5mm sizes, used to remove the center column to convert into low/inverted mode, remove ball head pins for L-Bracket or longer Arca-Swiss plates, install both the &lt;a href=&quot;https://www.peakdesign.com/collections/tripods/products/universal-head-adapter&quot;&gt;Universal Head Adapter&lt;/a&gt; and the &lt;a href=&quot;https://www.peakdesign.com/collections/tripods/products/spike-feet-set&quot;&gt;Spike Feet Set&lt;/a&gt;, and to tune up tension on the leg cam levers.&lt;/p&gt;\r\n\r\n&lt;p&gt;The leg clip easily snaps on any of the three Travel Tripod legs to keep your Folding Hex Wrench handy.&lt;/p&gt;\r\n\r\n&lt;p&gt;The bushing removal tool is used to remove legs inner bushings if they were to get damaged or clogged with debris.&lt;/p&gt;\r\n\r\n&lt;p&gt;Watch our video on &lt;a href=&quot;https://youtu.be/9nWZIuiMRzw&quot; target=&quot;_blank&quot;&gt;how to tune and maintain your Travel Tripod.&lt;/a&gt;&lt;/p&gt;\r\n&lt;/div&gt;\r\n\r\n&lt;div class=&quot;col-md-6&quot;&gt;\r\n&lt;div&gt;Col 2&lt;/div&gt;\r\n&lt;/div&gt;\r\n&lt;/div&gt;\r\n&lt;/div&gt;\r\n\r\n&lt;p&gt;&amp;nbsp;&lt;/p&gt;\r\n', 'Travel Tripod Tool Kit | Peak Design,TT-PM-5-150-1', 'Travel Tripod Tool Kit | Peak Design - TT-PM-5-150-1', 'Travel Tripod Tool Kit | Peak Design - TT-PM-5-150-1 -  - Travel Tripod Tool Kit Replacement tools to do anything you need to your Travel Tripod. Includes Folding Hex Wrench, Folding Hex Wrench leg clip, and bushing removal tool—all the tools you need to ', 'travel tripod tool kit | peak design, tt-pm-5-150-1', 'peak-design-travel-tripod-tool-kit', 'Travel Tripod Tool Kit | Peak Design', 'Travel Tripod Tool Kit | Peak Design', 'Travel Tripod Tool Kit | Peak Design', 'Travel Tripod Tool Kit | Peak Design', 'Travel Tripod Tool Kit | Peak Design'),
(61, 1, 'Motorcycle Bar Mount for Mobile | Peak Design', '&lt;h3 itemprop=&quot;name&quot;&gt;Motorcycle Bar Mount&lt;/h3&gt;\r\n\r\n&lt;p&gt;SLIMLINK&amp;trade; PHONE ACCESSORY&lt;/p&gt;\r\n\r\n&lt;p&gt;A versatile, bomb-proof motorcycle phone mount that is beautiful, durable, adjustable, and delightfully easy to use. Stop hassling with mounting systems that are bulky, fidgety, and unsightly. Securely installs on a wide variety of handlebars (from 7/8&amp;quot; to 1.25&amp;quot; diameter). Features an ultra-strong magnetic/mechanical mounting technology (called SlimLink) that grabs and locks your phone so effortlessly, it feels like magic. Remove your phone instantly with the press of a button-even with riding gloves on. A rigid adjustment arm lets you customize your phone position for optimized viewing. Remove the arm for lower-profile mounting. Best-in-class vibration isolator prevents phone damage, yet preserves enough stiffness so you can easily interact with your phone while mounted. Weatherproof machined and anodized aluminum construction with stainless steel fasteners.&lt;br data-mce-fragment=&quot;1&quot; /&gt;\r\n&lt;br data-mce-fragment=&quot;1&quot; /&gt;\r\nRequires a&amp;nbsp;&lt;a data-mce-fragment=&quot;1&quot; data-mce-href=&quot;/products/everyday-case&quot; href=&quot;https://www.peakdesign.com/products/everyday-case&quot;&gt;Peak Design Case&lt;/a&gt; or &lt;a data-mce-fragment=&quot;1&quot; data-mce-href=&quot;/products/universal-adapter&quot; href=&quot;https://www.peakdesign.com/products/universal-adapter&quot;&gt;Universal Adapter&lt;/a&gt;&amp;nbsp;(sold separately).&lt;/p&gt;\r\n\r\n&lt;p&gt;Ride a sport/street bike with clip-on style bars? Get the &lt;a href=&quot;https://www.peakdesign.com/products/motorcycle-stem-mount&quot; title=&quot;Motorcycle Stem Mount by Peak Design&quot;&gt;Motorcycle Stem Mount&lt;/a&gt;&lt;/p&gt;\r\n\r\n&lt;p&gt;&amp;nbsp;&lt;/p&gt;\r\n\r\n&lt;div class=&quot;ckebs-grid&quot;&gt;\r\n&lt;div class=&quot;row row-1&quot;&gt;\r\n&lt;div class=&quot;col-md-6&quot;&gt;\r\n&lt;h4&gt;More Riding, Less Futzing&lt;/h4&gt;\r\n\r\n&lt;p&gt;Having a bulky, cumbersome phone mount on your bike is annoying, distracting, and unsafe. Peak Design Motorcycle Mounts maximize your phone&amp;#39;s security and usability with a minimal footprint.&lt;/p&gt;\r\n&lt;/div&gt;\r\n\r\n&lt;div class=&quot;col-md-6&quot;&gt;&lt;img alt=&quot;&quot; src=&quot;https://www.isbestbuy.com/image/catalog/all/items/peak-design/motorcycle-bar-mount/content/2-FEATURES-Moto-Bar-01.webp&quot; /&gt;&lt;/div&gt;\r\n&lt;/div&gt;\r\n&lt;/div&gt;\r\n\r\n&lt;p&gt;&amp;nbsp;&lt;/p&gt;\r\n\r\n&lt;div class=&quot;ckebs-grid&quot;&gt;\r\n&lt;div class=&quot;row row-1&quot;&gt;\r\n&lt;div class=&quot;col-md-4&quot;&gt;\r\n&lt;h5&gt;SLIMLINK: A BULLETPROOF CONNECTION SYSTEM&lt;/h5&gt;\r\n\r\n&lt;ol&gt;\r\n	&lt;li&gt;Magnetic locking technology (called SlimLink&amp;trade;) is ultra secure and feels like magic&lt;/li&gt;\r\n	&lt;li&gt;No-look, 1-handed phone attachment and removal&lt;/li&gt;\r\n	&lt;li&gt;Phone is held in place rigidly yet accessible with the press of a button&lt;/li&gt;\r\n	&lt;li&gt;Rugged enough for any ride&lt;/li&gt;\r\n	&lt;li&gt;Easily connect/disconnect phone with gloves on&lt;/li&gt;\r\n&lt;/ol&gt;\r\n\r\n&lt;h5&gt;Built To Last&lt;/h5&gt;\r\n\r\n&lt;ol&gt;\r\n	&lt;li&gt;Premium materials and stout construction mean this mount will last for many phones to come&lt;/li&gt;\r\n	&lt;li&gt;&lt;a href=&quot;https://www.peakdesign.com/pages/warranty&quot;&gt;Guaranteed for life&lt;/a&gt;, like all Peak Design products&lt;/li&gt;\r\n&lt;/ol&gt;\r\n&lt;/div&gt;\r\n\r\n&lt;div class=&quot;col-md-4&quot;&gt;\r\n&lt;h5&gt;Ultimate Vibration Protection&lt;/h5&gt;\r\n\r\n&lt;ol&gt;\r\n	&lt;li&gt;Best-in-class vibration isolator prevents damage to delicate phone components&lt;/li&gt;\r\n	&lt;li&gt;Road-tested for thousands of miles with diverse terrains, bikes, and phone models&lt;/li&gt;\r\n&lt;/ol&gt;\r\n\r\n&lt;h5&gt;Versatile Positioning&lt;/h5&gt;\r\n\r\n&lt;ol&gt;\r\n	&lt;li&gt;Mounting arm can be rotated and locked into 24 different positions for optimal phone placement and viewing angle&lt;/li&gt;\r\n	&lt;li&gt;Mounting arm can be removed for low-profile mounting&lt;/li&gt;\r\n	&lt;li&gt;Holds phone in portrait or landscape mode&lt;/li&gt;\r\n&lt;/ol&gt;\r\n&lt;/div&gt;\r\n\r\n&lt;div class=&quot;col-md-4&quot;&gt;\r\n&lt;h5&gt;Phone/Case Compatibility&lt;/h5&gt;\r\n\r\n&lt;ol&gt;\r\n	&lt;li&gt;Requires a &lt;a href=&quot;https://www.peakdesign.com/products/everyday-case&quot;&gt;Peak Design Case,&lt;/a&gt; or &lt;a href=&quot;https://www.peakdesign.com/products/universal-adapter&quot;&gt;Universal Adapter&lt;/a&gt; (sold separately)&lt;/li&gt;\r\n&lt;/ol&gt;\r\n\r\n&lt;h5&gt;Motorcycle/Handlebar Compatibility&lt;/h5&gt;\r\n\r\n&lt;ol&gt;\r\n	&lt;li&gt;Fits common bar sizes with included collars: 1-1/4&amp;quot;, 1-1/8&amp;quot;, 1&amp;quot; and 7/8&amp;quot;&lt;/li&gt;\r\n	&lt;li&gt;Ride a sport/street bike with clip-on style bars? Get the &lt;a href=&quot;https://www.peakdesign.com/products/motorcycle-stem-mount&quot;&gt;Motorcycle Stem Mount&lt;/a&gt;.&lt;/li&gt;\r\n&lt;/ol&gt;\r\n&lt;/div&gt;\r\n&lt;/div&gt;\r\n&lt;/div&gt;\r\n\r\n&lt;p&gt;&amp;nbsp;&lt;/p&gt;\r\n', 'Motorcycle Bar Mount for Mobile | Peak Design,M-MM-AB-BK-1,Mobile Phone Accessories', 'Motorcycle Bar Mount for Mobile | Peak Design - M-MM-AB-BK-1', 'Motorcycle Bar Mount for Mobile | Peak Design - M-MM-AB-BK-1 - Mobile Phone Accessories - Motorcycle Bar Mount SLIMLINK™ PHONE ACCESSORY A versatile, bomb-proof motorcycle phone mount that is beautiful, durable, adjustable, and delightfully easy to use. S', 'motorcycle bar mount for mobile | peak design, m-mm-ab-bk-1, mobile phone accessories', 'peak-design-motorcycle-bar-mount-for-mobile', 'Motorcycle Bar Mount for Mobile | Peak Design', 'Motorcycle Bar Mount for Mobile | Peak Design', 'Motorcycle Bar Mount for Mobile | Peak Design', 'Motorcycle Bar Mount for Mobile | Peak Design', 'Motorcycle Bar Mount for Mobile | Peak Design'),
(62, 1, 'Motorcycle Stem Mount for Mobile | Peak Design', '&lt;h3 itemprop=&quot;name&quot;&gt;Motorcycle Stem Mount&lt;/h3&gt;\r\n\r\n&lt;p&gt;SLIMLINK&amp;trade; PHONE ACCESSORY&lt;/p&gt;\r\n\r\n&lt;form action=&quot;/cart/add&quot; enctype=&quot;multipart/form-data&quot; id=&quot;AddToCartForm&quot; method=&quot;post&quot;&gt;\r\n&lt;p&gt;Ideal for sport and street bikes with clip-on style handlebars, the low-profile Motorcycle Stem Mount keeps your phone rigidly mounted, easily viewable, and instantly accessible. Securely installs in most hollow-center steering stem nuts using an expansion plug. Features an ultra-strong magnetic/mechanical mounting technology (called SlimLink) that grabs and locks your phone so effortlessly, it feels like magic. Attach your phone in portrait or landscape, and remove it instantly with the press of a button-even with riding gloves on. A rigid adjustment arm lets you customize your phone position and viewing angle. Best-in-class vibration isolator prevents phone damage, yet preserves enough stiffness so you can easily interact with your phone while mounted. Weatherproof machined and anodized aluminum construction with stainless steel fasteners.&lt;br data-mce-fragment=&quot;1&quot; /&gt;\r\n&lt;br data-mce-fragment=&quot;1&quot; /&gt;\r\nRequires a&amp;nbsp;&lt;a data-mce-fragment=&quot;1&quot; data-mce-href=&quot;/products/everyday-case&quot; href=&quot;https://www.peakdesign.com/products/everyday-case&quot;&gt;Peak Design Case&lt;/a&gt; or &lt;a data-mce-fragment=&quot;1&quot; data-mce-href=&quot;/products/universal-adapter&quot; href=&quot;https://www.peakdesign.com/products/universal-adapter&quot;&gt;Universal Adapter&lt;/a&gt;&amp;nbsp;(sold separately).&lt;/p&gt;\r\n\r\n&lt;p&gt;Don&amp;#39;t have clip-on style bars? Get the &lt;a href=&quot;https://www.peakdesign.com/products/motorcycle-bar-mount&quot; title=&quot;Motorcycle Bar Mount&quot;&gt;Motorcycle Bar Mount&lt;/a&gt;.&lt;/p&gt;\r\n&lt;/form&gt;\r\n\r\n&lt;p&gt;&amp;nbsp;&lt;/p&gt;\r\n\r\n&lt;div class=&quot;ckebs-grid&quot;&gt;\r\n&lt;div class=&quot;row row-1&quot;&gt;\r\n&lt;div class=&quot;col-md-6&quot;&gt;\r\n&lt;h4&gt;More Riding, Less Futzing&lt;/h4&gt;\r\n\r\n&lt;p&gt;Having a bulky, cumbersome phone mount on your bike is annoying, distracting, and unsafe. Peak Design Motorcycle Mounts maximize your phone&amp;#39;s security and usability with a minimal footprint.&lt;/p&gt;\r\n&lt;/div&gt;\r\n\r\n&lt;div class=&quot;col-md-6&quot;&gt;&lt;img alt=&quot;&quot; src=&quot;https://www.isbestbuy.com/image/catalog/all/items/peak-design/motocycle-stem-mount/content/2-FEATURES-Moto-Stem-01.webp&quot; /&gt;&lt;/div&gt;\r\n&lt;/div&gt;\r\n&lt;/div&gt;\r\n\r\n&lt;p&gt;&amp;nbsp;&lt;/p&gt;\r\n\r\n&lt;div class=&quot;ckebs-grid&quot;&gt;\r\n&lt;div class=&quot;row row-1&quot;&gt;\r\n&lt;div class=&quot;col-md-4&quot;&gt;\r\n&lt;h5&gt;SLIMLINK: A BULLETPROOF CONNECTION SYSTEM&lt;/h5&gt;\r\n\r\n&lt;ol&gt;\r\n	&lt;li&gt;Magnetic locking technology (called SlimLink&amp;trade;) is ultra secure and feels like magic&lt;/li&gt;\r\n	&lt;li&gt;No-look, 1-handed phone attachment and removal&lt;/li&gt;\r\n	&lt;li&gt;Phone is held in place rigidly yet accessible with the press of a button&lt;/li&gt;\r\n	&lt;li&gt;Rugged enough for any ride&lt;/li&gt;\r\n	&lt;li&gt;Easily connect/disconnect phone with gloves on&lt;/li&gt;\r\n&lt;/ol&gt;\r\n\r\n&lt;h5&gt;Built To Last&lt;/h5&gt;\r\n\r\n&lt;ol&gt;\r\n	&lt;li&gt;Premium materials and stout construction mean this mount will last for many phones to come&lt;/li&gt;\r\n	&lt;li&gt;&lt;a href=&quot;https://www.peakdesign.com/pages/warranty&quot;&gt;Guaranteed for life&lt;/a&gt;, like all Peak Design products&lt;/li&gt;\r\n&lt;/ol&gt;\r\n&lt;/div&gt;\r\n\r\n&lt;div class=&quot;col-md-4&quot;&gt;\r\n&lt;h5&gt;Ultimate Vibration Protection&lt;/h5&gt;\r\n\r\n&lt;ol&gt;\r\n	&lt;li&gt;Best-in-class vibration isolator prevents damage to delicate phone components&lt;/li&gt;\r\n	&lt;li&gt;Road-tested for thousands of miles with diverse terrains, bikes, and phone models&lt;/li&gt;\r\n&lt;/ol&gt;\r\n\r\n&lt;h5&gt;Versatile Positioning&lt;/h5&gt;\r\n\r\n&lt;ol&gt;\r\n	&lt;li&gt;Mounting arm has 180-degrees of rotation for optimal phone placement and viewing angle&lt;/li&gt;\r\n	&lt;li&gt;Holds phone in portrait or landscape mode&lt;/li&gt;\r\n&lt;/ol&gt;\r\n&lt;/div&gt;\r\n\r\n&lt;div class=&quot;col-md-4&quot;&gt;\r\n&lt;h5&gt;Phone/Case Compatibility&lt;/h5&gt;\r\n\r\n&lt;ol&gt;\r\n	&lt;li&gt;Requires a &lt;a href=&quot;https://www.peakdesign.com/products/everyday-case&quot;&gt;Peak Design Case,&lt;/a&gt; or &lt;a href=&quot;https://www.peakdesign.com/products/universal-adapter&quot;&gt;Universal Adapter&lt;/a&gt; (sold separately)&lt;/li&gt;\r\n&lt;/ol&gt;\r\n\r\n&lt;h5&gt;Motorcycle/Stem Compatibility&lt;/h5&gt;\r\n\r\n&lt;ol&gt;\r\n	&lt;li&gt;Fits any bike that has (or can be outfitted with) a hollow steering stem nut (inner diameter 13mm-26mm)&lt;/li&gt;\r\n	&lt;li&gt;Don&amp;#39;t have clip-on style bars? Get the &lt;a href=&quot;https://www.peakdesign.com/products/motorcycle-bar-mount&quot;&gt;Motorcycle Bar Mount&lt;/a&gt;.&lt;/li&gt;\r\n&lt;/ol&gt;\r\n&lt;/div&gt;\r\n&lt;/div&gt;\r\n&lt;/div&gt;\r\n\r\n&lt;p&gt;&amp;nbsp;&lt;/p&gt;\r\n', 'Motorcycle Stem Mount for Mobile | Peak Design,M-MM-AB-BK-1,Mobile Phone Accessories', 'Motorcycle Stem Mount for Mobile | Peak Design - M-MM-AB-BK-1', 'Motorcycle Stem Mount for Mobile | Peak Design - M-MM-AB-BK-1 - Mobile Phone Accessories - Motorcycle Stem Mount SLIMLINK™ PHONE ACCESSORY Ideal for sport and street bikes with clip-on style handlebars, the low-profile Motorcycle Stem Mount keeps your pho', 'motorcycle stem mount for mobile | peak design, m-mm-ab-bk-1, mobile phone accessories', 'peak-design-motorcycle-stem-mount-for-mobile', 'Motorcycle Stem Mount for Mobile | Peak Design', 'Motorcycle Stem Mount for Mobile | Peak Design', 'Motorcycle Stem Mount for Mobile | Peak Design', 'Motorcycle Stem Mount for Mobile | Peak Design', 'Motorcycle Stem Mount for Mobile | Peak Design'),
(21, 1, 'Capture v3 | Peak Design ', '&lt;div class=&quot;embed-container&quot;&gt;&lt;iframe frameborder=&quot;0&quot; height=&quot;686&quot; src=&quot;https://www.youtube.com/embed/VO8zCYsJye4&quot; width=&quot;976&quot;&gt;&lt;/iframe&gt;&lt;/div&gt;\r\n\r\n&lt;div class=&quot;embed-container&quot;&gt;&lt;iframe frameborder=&quot;0&quot; src=&quot;https://www.youtube.com/embed/U8q3qf-3QwA&quot;&gt;&lt;/iframe&gt;&lt;/div&gt;\r\n\r\n&lt;p&gt;The all-new Capture is the most secure, convenient, accessible way to carry your camera, period. Unlike a camera strap, Capture keeps your camera rigidly stable while hiking, biking, or moving around the studio. Unlike a camera bag, Capture keeps your camera instantly accessible with the click of a button. Includes 2 components: a metal clip that clamps to any backpack strap, belt, or bag, and an Arca tripod-compatible plate that screws into the bottom of your camera. Your camera locks into the clip, where it is held rigidly and securely. Press the lockable quick-release button to remove. Holds well over 200 lbs. (90kg), making it strong enough for the heaviest of pro camera/lens combinations.&lt;/p&gt;\r\n\r\n&lt;p&gt;V3 updates: Way smaller, way lighter, all-metal build, ultra-smooth machined/anodized finish, hella comfy ergonomic design.&lt;/p&gt;\r\n\r\n&lt;p&gt;Expand your options with plates &amp;amp; kits: Need Manfrotto tripod compatibility? Get Capture (Clip Only) + Dual Plate. We also make adapters for carrying lenses, binoculars, and GoPros.&lt;/p&gt;\r\n\r\n&lt;p&gt;TAKE YOUR CAMERA EVERYWHERE&lt;br /&gt;\r\nYou paid good money for that camera, so get it out of your bag and use the dang thing. With Capture, you can safely and comfortably carry your camera anytime, anywhere, and always have instant access.&lt;/p&gt;\r\n\r\n&lt;p&gt;HOLDS ANY CAMERA&lt;br /&gt;\r\nTake your camera out of CapturePRO and put it directly into your ARCA-type tripod with the included PROplate quick-release plate.&lt;/p&gt;\r\n\r\n&lt;p&gt;CLAMPS TO ANY STRAP&lt;br /&gt;\r\nConnects to any strap up to 6.4 cm (2.5&amp;rdquo;) wide and 2.2cm (0.88&amp;quot;) thick&lt;/p&gt;\r\n\r\n&lt;p&gt;CARRY ANY DEVICE&lt;br /&gt;\r\nCarry binoculars, lenses, and GoPro cameras with additional plates/kits (sold separately)&lt;/p&gt;\r\n\r\n&lt;p&gt;INSTANT ACCESS&lt;br /&gt;\r\nInstantly access camera with quick release button&lt;/p&gt;\r\n\r\n&lt;p&gt;TOTAL SECURITY&lt;br /&gt;\r\nRedundant security lock prevents accidental release&lt;/p&gt;\r\n\r\n&lt;p&gt;TRIPOD COMPATIBLE&lt;br /&gt;\r\nIncludes Standard Plate, which works with most Arca-type tripods. Need Manfrotto&amp;reg; RC2 compatibility? Get Dual Plate Capture (Clip Only).&lt;/p&gt;\r\n\r\n&lt;p&gt;FAST LENS CHANGES&lt;br /&gt;\r\nCamera locks into clip in 4 directions, enabling easier lens changes. Speed lens changes up even more with Lens Kit (sold separately)&lt;/p&gt;\r\n\r\n&lt;p&gt;WEATHERPROOF &amp;amp; WATER FRIENDLY&lt;br /&gt;\r\nAll parts are weatherproof and resist rust and saltwater&lt;/p&gt;\r\n\r\n&lt;p&gt;NEW FOR V3&lt;br /&gt;\r\nWAY SMALLER&lt;br /&gt;\r\n30% lighter, 20% narrower, 20% lower profile than Capture v2&lt;/p&gt;\r\n\r\n&lt;p&gt;ALL-METAL BUILD&lt;br /&gt;\r\nAluminum alloy chassis, backplate, quick-release button and stainless steel locking pin&lt;/p&gt;\r\n\r\n&lt;p&gt;ANODIZED FINISH&lt;br /&gt;\r\nFor increased durability and smoothness&lt;/p&gt;\r\n\r\n&lt;p&gt;GRIPPIER&lt;br /&gt;\r\nEmbedded grip in backplate for maximum slip resistance&lt;/p&gt;\r\n\r\n&lt;p&gt;2 SETS OF BOLTS&lt;br /&gt;\r\nThumb-drive bolts for easy clamping and unclamping&lt;br /&gt;\r\nHex-drive bolts for more secure/permanent installation or thicker straps&lt;/p&gt;\r\n\r\n&lt;p&gt;&lt;br /&gt;\r\nCLIP DIMENSION&lt;br /&gt;\r\n8.3 cm (3.3&amp;quot;) x 4.0 cm (1.6&amp;quot;) x 2.0 cm (0.79&amp;quot;)&lt;/p&gt;\r\n\r\n&lt;p&gt;PLATE DIMENSIONS&lt;br /&gt;\r\n3.8 cm (1.5&amp;quot;) x 3.8 cm (1.5&amp;quot;) x 0.7 cm (0.3&amp;quot;)&lt;/p&gt;\r\n\r\n&lt;p&gt;MATERIALS&lt;br /&gt;\r\nCNC-machined aluminum, black anodized finish, injection molded PVC pad, steel screws with oxide finish (hex drive bolts) and machined steel and aluminum assembled screws with anodized finish (hand drive bolts)&lt;/p&gt;\r\n\r\n&lt;p&gt;CLIP WEIGHT&lt;br /&gt;\r\n70 g (2.5 oz) - includes 2 thumb screws&lt;/p&gt;\r\n\r\n&lt;p&gt;PLATE WEIGHT&lt;br /&gt;\r\n14 g (0.5 oz)&lt;/p&gt;\r\n\r\n&lt;p&gt;TOTAL WEIGHT&lt;br /&gt;\r\n84 g (3 oz)&lt;/p&gt;\r\n\r\n&lt;p&gt;STRAP COMPATIBILITY&lt;br /&gt;\r\nFits any strap up to 6.4cm (2.5&amp;rdquo;) wide and 1.5cm (0.6&amp;quot;) thick with standard thumbscrews or 2.2cm (0.88&amp;rdquo;) thick with included hex-head clamping bolts.&lt;/p&gt;\r\n\r\n&lt;p&gt;BACKWARDS COMPATIBILITY&lt;br /&gt;\r\nWorks with all legacy Peak Design plates except DUALplate v1 (discontinued 2014).&lt;br /&gt;\r\nOnly works with Pro Pad v2, not v1.&lt;br /&gt;\r\nIncluded Standard Plate is not compatible with legacy Capture models (v1 and v2).&lt;/p&gt;\r\n\r\n&lt;p&gt;STRENGTH RATING&lt;br /&gt;\r\nCan withstand well over 200 lbs (90 kg). Safe for use with the largest of professional cameras in during any activity or environment.&lt;/p&gt;\r\n\r\n&lt;p&gt;WARRANTY&lt;br /&gt;\r\nGuaranteed for life&lt;/p&gt;\r\n', 'camera accessories:::cp-xx-3-silver,cp-xx-3-black', 'Peak Design Capture v3', 'Peak Design Capture v3 - CP-XX-3 - Camera Clips - The all-new Capture is the most secure, convenient, accessible way to carry your camera, period. Unlike a camera strap, Capture keeps your camera rigidly stable while hiking, biking, or moving around the s', 'peak design capture v3, peak design capture 3, capture 3,  camera clips', 'peak-design-capture-v3', '', '', '', '', '');

-- --------------------------------------------------------

--
-- Table structure for table `product_discount`
--

CREATE TABLE `product_discount` (
  `product_discount_id` int(11) NOT NULL,
  `product_id` int(11) NOT NULL,
  `customer_group_id` int(11) NOT NULL,
  `quantity` int(4) NOT NULL DEFAULT 0,
  `priority` int(5) NOT NULL DEFAULT 1,
  `price` decimal(15,4) NOT NULL DEFAULT 0.0000,
  `date_start` date NOT NULL DEFAULT '0000-00-00',
  `date_end` date NOT NULL DEFAULT '0000-00-00',
  `reward_points` varchar(255) DEFAULT NULL
) ENGINE=MyISAM DEFAULT CHARSET=utf8;

-- --------------------------------------------------------

--
-- Table structure for table `product_filter`
--

CREATE TABLE `product_filter` (
  `product_id` int(11) NOT NULL,
  `filter_id` int(11) NOT NULL
) ENGINE=MyISAM DEFAULT CHARSET=utf8;

-- --------------------------------------------------------

--
-- Table structure for table `product_image`
--

CREATE TABLE `product_image` (
  `product_image_id` int(11) NOT NULL,
  `product_id` int(11) NOT NULL,
  `image` varchar(255) DEFAULT NULL,
  `sort_order` int(3) NOT NULL DEFAULT 0
) ENGINE=MyISAM DEFAULT CHARSET=utf8;

--
-- Dumping data for table `product_image`
--

INSERT INTO `product_image` (`product_image_id`, `product_id`, `image`, `sort_order`) VALUES
(17215, 32, 'catalog/all/items/peak-design/everyday-sling-v2/peakdesign-everyday-sling-v2-ash-00-low.jpg', 0),
(15891, 3, 'catalog/all/items/evpad/5p/evpad-5p-04.jpg', 4),
(15904, 6, 'catalog/all/items/bosstv/bossv3x/bosstv-v3x-01.jpg', 1),
(15903, 5, 'catalog/all/items/unblock-tech/ubox8-pro-max/unblock-ubox8-intl-06-low.jpg', 5),
(15901, 5, 'catalog/all/items/unblock-tech/ubox8-pro-max/unblock-ubox8-intl-04-low.jpg', 3),
(15902, 5, 'catalog/all/items/unblock-tech/ubox8-pro-max/unblock-ubox8-intl-05-low.jpg', 4),
(15900, 5, 'catalog/all/items/unblock-tech/ubox8-pro-max/unblock-ubox8-intl-03-low.jpg', 2),
(15907, 7, 'catalog/all/items/bosstv/bossv4/bosstv-v4-low-03.jpg', 3),
(15906, 7, 'catalog/all/items/bosstv/bossv4/bosstv-v4-low-02.jpg', 2),
(15887, 2, 'catalog/all/items/bosstv/bossv3-jzb1/bosstv-power-adapter-03.jpg', 3),
(15886, 2, 'catalog/all/items/bosstv/bossv3-jzb1/bosstv-power-adapter-02.jpg', 2),
(15890, 3, 'catalog/all/items/evpad/5p/evpad-5p-03.jpg', 3),
(15899, 5, 'catalog/all/items/unblock-tech/ubox8-pro-max/unblock-ubox8-intl-02-low.jpg', 1),
(15897, 4, 'catalog/all/items/unblock-tech/ubox8-pro-max/unblock-ubox8-06-low.jpg', 5),
(15896, 4, 'catalog/all/items/unblock-tech/ubox8-pro-max/unblock-ubox8-05-low.jpg', 4),
(15895, 4, 'catalog/all/items/unblock-tech/ubox8-pro-max/unblock-ubox8-04-low.jpg', 3),
(15894, 4, 'catalog/all/items/unblock-tech/ubox8-pro-max/unblock-ubox8-03-low.jpg', 2),
(15893, 4, 'catalog/all/items/unblock-tech/ubox8-pro-max/unblock-ubox8-02-low.jpg', 1),
(15892, 4, 'catalog/all/items/unblock-tech/ubox8-pro-max/unblock-ubox8-01-low.jpg', 0),
(15914, 11, 'catalog/all/items/peak-design/long-clamping-bolts/long-clamping-bolts-01.jpg', 0),
(16538, 13, 'catalog/all/items/peak-design/shell/peakdesign-shell-07-low.jpg', 7),
(16537, 13, 'catalog/all/items/peak-design/shell/peakdesign-shell-06-low.jpg', 6),
(16536, 13, 'catalog/all/items/peak-design/shell/peakdesign-shell-05-low.jpg', 5),
(16535, 13, 'catalog/all/items/peak-design/shell/peakdesign-shell-04-low.jpg', 4),
(16534, 13, 'catalog/all/items/peak-design/shell/peakdesign-shell-03-low.jpg', 3),
(16533, 13, 'catalog/all/items/peak-design/shell/peakdesign-shell-02-low.jpg', 2),
(16532, 13, 'catalog/all/items/peak-design/shell/peakdesign-shell-01-low.jpg', 1),
(15917, 12, 'catalog/all/items/peak-design/clamping-bolts/replacement-clamping-bolts-02.jpg', 1),
(15916, 12, 'catalog/all/items/peak-design/clamping-bolts/replacement-clamping-bolts-01.jpg', 0),
(15910, 9, 'catalog/all/items/unblock-tech/ubox9-pro-max/unblock-ubox9-03.jpg', 2),
(15911, 9, 'catalog/all/items/unblock-tech/ubox9-pro-max/unblock-ubox9-05.jpg', 3),
(15912, 9, 'catalog/all/items/unblock-tech/ubox9-pro-max/unblock-ubox9-06.jpg', 4),
(15913, 9, 'catalog/all/items/unblock-tech/ubox9-pro-max/unblock-ubox9-07.jpg', 5),
(15898, 5, 'catalog/all/items/unblock-tech/ubox8-pro-max/unblock-ubox8-intl-01-low.jpg', 0),
(16836, 15, 'catalog/all/items/peak-design/pov-kit-v2/peakdesign-pov-kit-v2-05-low.jpg', 4),
(16835, 15, 'catalog/all/items/peak-design/pov-kit-v2/peakdesign-pov-kit-v2-04-low.jpg', 3),
(16834, 15, 'catalog/all/items/peak-design/pov-kit-v2/peakdesign-pov-kit-v2-03-low.jpg', 2),
(16714, 16, 'catalog/all/items/peak-design/dual-plate-v2/peakdesign-dual-plate-v2-03-low-isbb.jpg', 3),
(16713, 16, 'catalog/all/items/peak-design/dual-plate-v2/peakdesign-dual-plate-v2-02-low.jpg', 2),
(16712, 16, 'catalog/all/items/peak-design/dual-plate-v2/peakdesign-dual-plate-v2-01-low.jpg', 1),
(16902, 17, 'catalog/all/items/peak-design/standard-plate-v2/peakdesign-standard-plate-v2-01-low.jpg', 0),
(16903, 17, 'catalog/all/items/peak-design/standard-plate-v2/peakdesign-standard-plate-v2-02-low.jpg', 1),
(15885, 2, 'catalog/all/items/bosstv/bossv3-jzb1/bosstv-power-adapter-01.jpg', 1),
(17373, 22, 'catalog/all/items/peak-design/capture-v3/peakdesign-capture-v3-silver-01-low.jpg', 0),
(16691, 24, 'catalog/all/items/peak-design/clutch-v3/peakdesign-clutch-v3-01-low.jpg', 1),
(16694, 24, 'catalog/all/items/peak-design/clutch-v3/peakdesign-clutch-v3-04-low.jpg', 4),
(16695, 24, 'catalog/all/items/peak-design/clutch-v3/peakdesign-clutch-v3-05-low.jpg', 5),
(16696, 24, 'catalog/all/items/peak-design/clutch-v3/peakdesign-clutch-v3-06-low.jpg', 6),
(16693, 24, 'catalog/all/items/peak-design/clutch-v3/peakdesign-clutch-v3-03-low.jpg', 3),
(16692, 24, 'catalog/all/items/peak-design/clutch-v3/peakdesign-clutch-v3-02-low.jpg', 2),
(17164, 51, 'catalog/all/items/peak-design/universal-bar-mount/peakdesign-mobile-universal-bar-mount-10-low.jpg', 10),
(16945, 29, 'catalog/all/items/peak-design/messenger-v2/peak-design-everyday-messenger-v2-13l-01-low.jpg', 0),
(17165, 51, 'catalog/all/items/peak-design/universal-bar-mount/peakdesign-mobile-universal-bar-mount-11-low.jpg', 11),
(17166, 51, 'catalog/all/items/peak-design/universal-bar-mount/peakdesign-mobile-universal-bar-mount-12-low.jpg', 12),
(17167, 51, 'catalog/all/items/peak-design/universal-bar-mount/peakdesign-mobile-universal-bar-mount-13-low.jpg', 13),
(17168, 51, 'catalog/all/items/peak-design/universal-bar-mount/peakdesign-mobile-universal-bar-mount-14-low.jpg', 14),
(17204, 54, 'catalog/all/items/peak-design/everyday-case-iphone/peakdesign-everyday-case-iphone-10-low.jpg', 3),
(17201, 54, 'catalog/all/items/peak-design/everyday-case-iphone/peakdesign-everyday-case-loop-iphone-00-low.jpg', 0),
(17203, 54, 'catalog/all/items/peak-design/everyday-case-iphone/peakdesign-everyday-case-iphone-08-low.jpg', 2),
(17202, 54, 'catalog/all/items/peak-design/everyday-case-iphone/peakdesign-everyday-case-iphone-01-low.jpg', 1),
(16843, 33, 'catalog/all/items/peak-design/everyday-tote-v2/peak-design-everyday-tote-15l-01-low.jpg', 0),
(16847, 34, 'catalog/all/items/peak-design/everyday-totepack-v2/peak-design-everday-totepack-20l-02-low.jpg', 1),
(16986, 30, 'catalog/all/items/peak-design/everyday-backpack-v2/peakdesign-everyday-backpack-v2-30l-00-low.jpg', 0),
(17366, 38, 'catalog/all/items/peak-design/travel-duffle/peakdesign-travel-duffel-sage-00-low.jpg', 0),
(16812, 39, 'catalog/all/items/peak-design/rain-fly/peakdesign-rainfly-03-low.jpg', 2),
(16813, 39, 'catalog/all/items/peak-design/rain-fly/peakdesign-rainfly-04-low.jpg', 3),
(16814, 39, 'catalog/all/items/peak-design/rain-fly/peakdesign-rainfly-05-low.jpg', 4),
(16815, 39, 'catalog/all/items/peak-design/rain-fly/peakdesign-rainfly-06-low.jpg', 5),
(16816, 39, 'catalog/all/items/peak-design/rain-fly/peakdesign-rainfly-07-low.jpg', 6),
(17372, 40, 'catalog/all/items/peak-design/camera-cube/peakdesign-camera-cube-06-low.jpg', 7),
(17371, 40, 'catalog/all/items/peak-design/camera-cube/peakdesign-camera-cube-05-low.jpg', 6),
(17370, 40, 'catalog/all/items/peak-design/camera-cube/peakdesign-camera-cube-04-low.jpg', 5),
(17367, 40, 'catalog/all/items/peak-design/camera-cube/peakdesign-camera-cube-02-low.jpg', 2),
(17368, 40, 'catalog/all/items/peak-design/camera-cube/peakdesign-camera-cube-01-low.jpg', 3),
(17369, 40, 'catalog/all/items/peak-design/camera-cube/peakdesign-camera-cube-03-low.jpg', 4),
(16193, 45, 'catalog/all/items/peak-design/travel-backpack-45l/peakdesign-travel-backpack-45l-00-low.jpg', 0),
(16194, 45, 'catalog/all/items/peak-design/wash-pouch/peakdesign-wash-pouch-black-01-low.jpg', 1),
(16195, 45, 'catalog/all/items/peak-design/travel-backpack-45l/peakdesign-travel-backpack-45l-black-01-low.jpg', 1),
(16196, 45, 'catalog/all/items/peak-design/wash-pouch/peakdesign-wash-pouch-sage-01-low.jpg', 2),
(16197, 45, 'catalog/all/items/peak-design/travel-backpack-45l/peakdesign-travel-backpack-45l-sage-01-low.jpg', 2),
(16199, 45, 'catalog/all/items/peak-design/wash-pouch/peakdesign-wash-pouch-sage-02-low.jpg', 4),
(16198, 45, 'catalog/all/items/peak-design/wash-pouch/peakdesign-wash-pouch-black-02-low.jpg', 3),
(16934, 48, 'catalog/all/items/peak-design/tripod/peakdesign-travel-tripod-01-low.jpg', 0),
(16936, 48, 'catalog/all/items/peak-design/tripod/peakdesign-travel-tripod-05-low.jpg', 2),
(16935, 48, 'catalog/all/items/peak-design/tripod/peakdesign-travel-tripod-04-low.jpg', 1),
(16900, 49, 'catalog/all/items/peak-design/spike-feet-set/peakdesign-spike-feet-set-04-low.jpg', 3),
(16899, 49, 'catalog/all/items/peak-design/spike-feet-set/peakdesign-spike-feet-set-03-low.jpg', 2),
(16957, 50, 'catalog/all/items/peak-design/tripod-phone-mount/peakdesign-tripod-phone-mount-04-low.jpg', 3),
(16956, 50, 'catalog/all/items/peak-design/tripod-phone-mount/peakdesign-tripod-phone-mount-03-low.jpg', 2),
(16954, 50, 'catalog/all/items/peak-design/tripod-phone-mount/peakdesign-tripod-phone-mount-01-low.jpg', 0),
(17163, 51, 'catalog/all/items/peak-design/universal-bar-mount/peakdesign-mobile-universal-bar-mount-09-low.jpg', 9),
(17162, 51, 'catalog/all/items/peak-design/universal-bar-mount/peakdesign-mobile-universal-bar-mount-08-low.jpg', 8),
(17161, 51, 'catalog/all/items/peak-design/universal-bar-mount/peakdesign-mobile-universal-bar-mount-07-low.jpg', 7),
(17160, 51, 'catalog/all/items/peak-design/universal-bar-mount/peakdesign-mobile-universal-bar-mount-06-low.jpg', 6),
(17159, 51, 'catalog/all/items/peak-design/universal-bar-mount/peakdesign-mobile-universal-bar-mount-05-low.jpg', 5),
(17158, 51, 'catalog/all/items/peak-design/universal-bar-mount/peakdesign-mobile-universal-bar-mount-04-low.jpg', 4),
(17155, 51, 'catalog/all/items/peak-design/universal-bar-mount/peakdesign-mobile-universal-bar-mount-01-low.jpg', 1),
(17157, 51, 'catalog/all/items/peak-design/universal-bar-mount/peakdesign-mobile-universal-bar-mount-03-low.jpg', 3),
(16248, 52, 'catalog/all/items/peak-design/universal-head/peakdesign-universal-head-adapter-00-low.jpg', 0),
(16249, 52, 'catalog/all/items/peak-design/universal-head/peakdesign-universal-head-adapter-01-low.jpg', 1),
(16250, 52, 'catalog/all/items/peak-design/universal-head/peakdesign-universal-head-adapter-02-low.jpg', 2),
(17309, 60, 'catalog/all/items/peak-design/tripod-tool-kit/peakdesign-toolkit-01-low.jpg', 0),
(17310, 60, 'catalog/all/items/peak-design/tripod-tool-kit/peakdesign-toolkit-02-low.jpg', 1),
(17311, 60, 'catalog/all/items/peak-design/tripod-tool-kit/peakdesign-toolkit-03-low.jpg', 2),
(17312, 60, 'catalog/all/items/peak-design/tripod-tool-kit/peakdesign-toolkit-04-low.jpg', 3),
(17364, 62, 'catalog/all/items/peak-design/motocycle-stem-mount/peakdesign-mobile-motorcycle-stem-mount-07-low.jpg', 6),
(17363, 62, 'catalog/all/items/peak-design/motocycle-stem-mount/peakdesign-mobile-motorcycle-stem-mount-06-low.jpg', 5),
(17362, 62, 'catalog/all/items/peak-design/motocycle-stem-mount/peakdesign-mobile-motorcycle-stem-mount-05-low.jpg', 4),
(17361, 62, 'catalog/all/items/peak-design/motocycle-stem-mount/peakdesign-mobile-motorcycle-stem-mount-04-low.jpg', 3),
(17360, 62, 'catalog/all/items/peak-design/motocycle-stem-mount/peakdesign-mobile-motorcycle-stem-mount-03-low.jpg', 2),
(17359, 62, 'catalog/all/items/peak-design/motocycle-stem-mount/peakdesign-mobile-motorcycle-stem-mount-02-low.jpg', 1),
(17358, 62, 'catalog/all/items/peak-design/motocycle-stem-mount/peakdesign-mobile-motorcycle-stem-mount-01-low.jpg', 0),
(17357, 61, 'catalog/all/items/peak-design/motorcycle-bar-mount/peakdesign-mobile-motorcycle-bar-mount-09-low.jpg', 8),
(17356, 61, 'catalog/all/items/peak-design/motorcycle-bar-mount/peakdesign-mobile-motorcycle-bar-mount-08-low.jpg', 7),
(17355, 61, 'catalog/all/items/peak-design/motorcycle-bar-mount/peakdesign-mobile-motorcycle-bar-mount-07-low.jpg', 6),
(17354, 61, 'catalog/all/items/peak-design/motorcycle-bar-mount/peakdesign-mobile-motorcycle-bar-mount-06-low.jpg', 5),
(17353, 61, 'catalog/all/items/peak-design/motorcycle-bar-mount/peakdesign-mobile-motorcycle-bar-mount-05-low.jpg', 4),
(17352, 61, 'catalog/all/items/peak-design/motorcycle-bar-mount/peakdesign-mobile-motorcycle-bar-mount-04-low.jpg', 3),
(17351, 61, 'catalog/all/items/peak-design/motorcycle-bar-mount/peakdesign-mobile-motorcycle-bar-mount-03-low.jpg', 2),
(17350, 61, 'catalog/all/items/peak-design/motorcycle-bar-mount/peakdesign-mobile-motorcycle-bar-mount-02-low.jpg', 1),
(17349, 61, 'catalog/all/items/peak-design/motorcycle-bar-mount/peakdesign-mobile-motorcycle-bar-mount-01-low.jpg', 0),
(17295, 41, 'catalog/all/items/peak-design/packing-cube/peakdesign-packing-cube-medium-00-low.jpg', 0),
(17296, 41, 'catalog/all/items/peak-design/packing-cube/peakdesign-packing-cube-00.jpg', 1),
(16766, 56, 'catalog/all/items/peak-design/creator-kit/peakdesign-mobile-creator-kit-1000x-low-07.jpg', 7),
(16764, 56, 'catalog/all/items/peak-design/creator-kit/peakdesign-mobile-creator-kit-1000x-low-05.jpg', 5),
(17216, 32, 'catalog/all/items/peak-design/everyday-sling-v2/peakdesign-everyday-sling-v2-6l-00-low.jpg', 1),
(16765, 56, 'catalog/all/items/peak-design/creator-kit/peakdesign-mobile-creator-kit-1000x-low-06.jpg', 6),
(16762, 56, 'catalog/all/items/peak-design/creator-kit/peakdesign-mobile-creator-kit-1000x-low-03.jpg', 3),
(16763, 56, 'catalog/all/items/peak-design/creator-kit/peakdesign-mobile-creator-kit-1000x-low-04.jpg', 4),
(16545, 57, 'catalog/all/items/peak-design/car-mount/peakdesign-mobile-car-mount-noncharging-00-low.jpg', 1),
(16802, 58, 'catalog/all/items/peak-design/out-front-bike-mount/peakdesign-mobile-outdoor-bike-mount-12-low.jpg', 8),
(16801, 58, 'catalog/all/items/peak-design/out-front-bike-mount/peakdesign-mobile-outdoor-bike-mount-11-low.jpg', 7),
(16800, 58, 'catalog/all/items/peak-design/out-front-bike-mount/peakdesign-mobile-outdoor-bike-mount-10-low.jpg', 6),
(16799, 58, 'catalog/all/items/peak-design/out-front-bike-mount/peakdesign-mobile-outdoor-bike-mount-07-low.jpg', 5),
(16798, 58, 'catalog/all/items/peak-design/out-front-bike-mount/peakdesign-mobile-outdoor-bike-mount-06-low.jpg', 4),
(16797, 58, 'catalog/all/items/peak-design/out-front-bike-mount/peakdesign-mobile-outdoor-bike-mount-04-low.jpg', 3),
(16796, 58, 'catalog/all/items/peak-design/out-front-bike-mount/peakdesign-mobile-outdoor-bike-mount-03-low.jpg', 2),
(16314, 59, 'catalog/all/items/peak-design/mobile-wall-mount/peakdesign-mobile-wall-mount-charcoal-00-low.jpg', 0),
(16392, 14, 'catalog/all/items/peak-design/anchor-mount/peakdesign-anchor-mount-04-low.jpg', 3),
(16391, 14, 'catalog/all/items/peak-design/anchor-mount/peakdesign-anchor-mount-03-low.jpg', 2),
(16390, 14, 'catalog/all/items/peak-design/anchor-mount/peakdesign-anchor-mount-02-low.jpg', 1),
(16389, 14, 'catalog/all/items/peak-design/anchor-mount/peakdesign-anchor-mount-01-low.jpg', 0),
(16395, 19, 'catalog/all/items/peak-design/anchor-4-pack-v4/peakdesign-anchor-4-pack-black-01-low.jpg', 2),
(16394, 19, 'catalog/all/items/peak-design/anchor-4-pack-v4/peakdesign-anchor-4-pack-red-01-low.jpg', 1),
(16393, 19, 'catalog/all/items/peak-design/anchor-4-pack-v4/peakdesign-anchor-4-pack-black-00-low.jpg', 0),
(15949, 20, 'catalog/all/items/peak-design/anchor-links-v4/peakdesign-anchor-links-v4-03-low.jpg', 3),
(15948, 20, 'catalog/all/items/peak-design/anchor-links-v4/peakdesign-anchor-links-v4-02-low.jpg', 2),
(15947, 20, 'catalog/all/items/peak-design/anchor-links-v4/peakdesign-anchor-links-v4-01-low.jpg', 1),
(15889, 3, 'catalog/all/items/evpad/5p/evpad-5p-02.jpg', 2),
(15888, 3, 'catalog/all/items/evpad/5p/evpad-5p-01.jpg', 1),
(15905, 7, 'catalog/all/items/bosstv/bossv4/bosstv-v4-low-01.jpg', 1),
(15909, 9, 'catalog/all/items/unblock-tech/ubox9-pro-max/unblock-ubox9-02.jpg', 1),
(15908, 9, 'catalog/all/items/unblock-tech/ubox9-pro-max/unblock-ubox9-01.jpg', 0),
(15915, 11, 'catalog/all/items/peak-design/long-clamping-bolts/long-clamping-bolts-02.jpg', 1),
(16833, 15, 'catalog/all/items/peak-design/pov-kit-v2/peakdesign-pov-kit-v2-02-low.jpg', 1),
(16832, 15, 'catalog/all/items/peak-design/pov-kit-v2/peakdesign-pov-kit-v2-01-low.jpg', 0),
(16396, 19, 'catalog/all/items/peak-design/anchor-4-pack-v4/peakdesign-anchor-4-pack-black-02-low.jpg', 3),
(16654, 23, 'catalog/all/items/peak-design/propad-v2/peakdesign-propad-v2-05-low.jpg', 5),
(16653, 23, 'catalog/all/items/peak-design/propad-v2/peakdesign-propad-v2-04-low.jpg', 4),
(16652, 23, 'catalog/all/items/peak-design/propad-v2/peakdesign-propad-v2-03-low.jpg', 3),
(16651, 23, 'catalog/all/items/peak-design/propad-v2/peakdesign-propad-v2-02-low.jpg', 2),
(16650, 23, 'catalog/all/items/peak-design/propad-v2/peakdesign-propad-v2-01-low.jpg', 1),
(16846, 34, 'catalog/all/items/peak-design/everyday-totepack-v2/peak-design-everday-totepack-20l-01-low.jpg', 0),
(17173, 31, 'catalog/all/items/peak-design/everyday-backpack-zip/peakdesign-everyday-backpack-zip-20l-00-low.jpg', 0),
(17174, 31, 'catalog/all/items/peak-design/everyday-backpack-zip/peakdesign-everyday-backpack-zip-15l-01-low.jpg', 1),
(17175, 31, 'catalog/all/items/peak-design/everyday-backpack-zip/peakdesign-everyday-backpack-zip-20l-01-low.jpg', 2),
(16811, 39, 'catalog/all/items/peak-design/rain-fly/peakdesign-rainfly-02-low.jpg', 1),
(16810, 39, 'catalog/all/items/peak-design/rain-fly/peakdesign-rainfly-01-low.jpg', 0),
(16840, 42, 'catalog/all/items/peak-design/field-pouch-v2/peakdesign-field-pouch-01-low.jpg', 0),
(16976, 36, 'catalog/all/items/peak-design/travel-backpack-45l/peakdesign-travel-backpack-45l-02-low.jpg', 1),
(16977, 36, 'catalog/all/items/peak-design/travel-backpack-45l/peakdesign-travel-backpack-45l-03-low.jpg', 2),
(16965, 43, 'catalog/all/items/peak-design/tech-pouch/peakdesign-tech-pouch-01-low.jpg', 0),
(16975, 36, 'catalog/all/items/peak-design/travel-backpack-45l/peakdesign-travel-backpack-45l-01-low.jpg', 0),
(16192, 45, 'catalog/all/items/peak-design/wash-pouch/peakdesign-wash-pouch-00-low.jpg', 0),
(16898, 49, 'catalog/all/items/peak-design/spike-feet-set/peakdesign-spike-feet-set-02-low.jpg', 1),
(16897, 49, 'catalog/all/items/peak-design/spike-feet-set/peakdesign-spike-feet-set-01-low.jpg', 0),
(17156, 51, 'catalog/all/items/peak-design/universal-bar-mount/peakdesign-mobile-universal-bar-mount-02-low.jpg', 2),
(16251, 52, 'catalog/all/items/peak-design/universal-head/peakdesign-universal-head-adapter-03-low.jpg', 3),
(17265, 53, 'catalog/all/items/peak-design/ultralight-conversion-kit/peakdesign-conversion-kit-01-low.jpg', 0),
(17266, 53, 'catalog/all/items/peak-design/ultralight-conversion-kit/peakdesign-conversion-kit-02-low.jpg', 1),
(17267, 53, 'catalog/all/items/peak-design/ultralight-conversion-kit/peakdesign-conversion-kit-03-low.jpg', 2),
(17290, 55, 'catalog/all/items/peak-design/mobile-wallet/peakdesign-mobile-wallet-01-low.jpg', 0),
(16761, 56, 'catalog/all/items/peak-design/creator-kit/peakdesign-mobile-creator-kit-1000x-low-02.jpg', 2),
(16794, 58, 'catalog/all/items/peak-design/out-front-bike-mount/peakdesign-mobile-outdoor-bike-mount-01-low.jpg', 0),
(16795, 58, 'catalog/all/items/peak-design/out-front-bike-mount/peakdesign-mobile-outdoor-bike-mount-02-low.jpg', 1),
(16313, 59, 'catalog/all/items/peak-design/mobile-wall-mount/peakdesign-mobile-wall-mount-bone-00-low.jpg', 0),
(16955, 50, 'catalog/all/items/peak-design/tripod-phone-mount/peakdesign-tripod-phone-mount-02-low.jpg', 1),
(16760, 56, 'catalog/all/items/peak-design/creator-kit/peakdesign-mobile-creator-kit-1000x-low-01.jpg', 1);

-- --------------------------------------------------------

--
-- Table structure for table `product_option`
--

CREATE TABLE `product_option` (
  `product_option_id` int(11) NOT NULL,
  `product_id` int(11) NOT NULL,
  `option_id` int(11) NOT NULL,
  `value` text NOT NULL,
  `required` tinyint(1) NOT NULL
) ENGINE=MyISAM DEFAULT CHARSET=utf8;

--
-- Dumping data for table `product_option`
--

INSERT INTO `product_option` (`product_option_id`, `product_id`, `option_id`, `value`, `required`) VALUES
(999, 27, 2, 'may_advanced_option', 1),
(1006, 29, 2, 'may_advanced_option', 1),
(992, 30, 11, 'may_advanced_option', 1),
(949, 33, 2, '', 1),
(1009, 35, 2, 'may_advanced_option', 1),
(994, 42, 2, 'may_advanced_option', 1),
(960, 45, 2, '', 1),
(961, 46, 2, '', 1),
(977, 57, 15, 'may_advanced_option', 1),
(968, 59, 2, '', 1),
(971, 41, 2, 'may_advanced_option', 1),
(970, 41, 2, 'may_advanced_option', 1),
(969, 41, 11, 'may_advanced_option', 1),
(974, 18, 2, 'may_advanced_option', 1),
(973, 13, 11, 'may_advanced_option', 1),
(1042, 22, 2, 'may_advanced_option', 1),
(976, 40, 11, 'may_advanced_option', 1),
(979, 25, 2, 'may_advanced_option', 1),
(991, 30, 11, 'may_advanced_option', 1),
(990, 30, 11, 'may_advanced_option', 1),
(989, 30, 11, 'may_advanced_option', 1),
(988, 30, 2, 'may_advanced_option', 1),
(993, 47, 2, 'may_advanced_option', 1),
(995, 33, 2, 'may_advanced_option', 1),
(996, 34, 2, 'may_advanced_option', 1),
(950, 34, 2, '', 1),
(997, 44, 2, 'may_advanced_option', 1),
(959, 44, 2, '', 1),
(1000, 26, 2, 'may_advanced_option', 1),
(998, 28, 2, 'may_advanced_option', 1),
(943, 27, 2, '', 1),
(1003, 38, 11, 'may_advanced_option', 1),
(1002, 38, 11, 'may_advanced_option', 1),
(1001, 38, 2, 'may_advanced_option', 1),
(1004, 37, 2, 'may_advanced_option', 1),
(1005, 48, 14, 'may_advanced_option', 1),
(1007, 43, 2, 'may_advanced_option', 1),
(1008, 36, 2, 'may_advanced_option', 1),
(1014, 31, 11, 'may_advanced_option', 1),
(1013, 31, 11, 'may_advanced_option', 1),
(1012, 31, 11, 'may_advanced_option', 1),
(1011, 31, 11, 'may_advanced_option', 1),
(1010, 31, 2, 'may_advanced_option', 1),
(1040, 55, 16, 'may_advanced_option', 1),
(1018, 32, 11, 'may_advanced_option', 1),
(1017, 32, 11, 'may_advanced_option', 1),
(1016, 32, 11, 'may_advanced_option', 1),
(1015, 32, 2, 'may_advanced_option', 1),
(1039, 54, 16, 'may_advanced_option', 1),
(1038, 54, 16, 'may_advanced_option', 1),
(1037, 54, 16, 'may_advanced_option', 1),
(1036, 54, 16, 'may_advanced_option', 1),
(1035, 54, 16, 'may_advanced_option', 1),
(1034, 54, 13, 'may_advanced_option', 1),
(1041, 21, 2, 'may_advanced_option', 1);

-- --------------------------------------------------------

--
-- Table structure for table `product_option_value`
--

CREATE TABLE `product_option_value` (
  `product_option_value_id` int(11) NOT NULL,
  `product_option_id` int(11) NOT NULL,
  `product_id` int(11) NOT NULL,
  `option_id` int(11) NOT NULL,
  `option_value_id` int(11) NOT NULL,
  `quantity` int(3) NOT NULL,
  `subtract` tinyint(1) NOT NULL,
  `price` decimal(15,4) NOT NULL,
  `price_prefix` varchar(1) NOT NULL,
  `points` int(8) NOT NULL,
  `points_prefix` varchar(1) NOT NULL,
  `weight` decimal(15,8) NOT NULL,
  `weight_prefix` varchar(1) NOT NULL
) ENGINE=MyISAM DEFAULT CHARSET=utf8;

--
-- Dumping data for table `product_option_value`
--

INSERT INTO `product_option_value` (`product_option_value_id`, `product_option_id`, `product_id`, `option_id`, `option_value_id`, `quantity`, `subtract`, `price`, `price_prefix`, `points`, `points_prefix`, `weight`, `weight_prefix`) VALUES
(2448, 993, 47, 2, 80, 0, 0, 0.0000, '+', 0, '+', 0.00000000, '+'),
(2447, 993, 47, 2, 73, 1, 0, 0.0000, '+', 0, '+', 0.00000000, '+'),
(2446, 992, 30, 11, 70, 1, 0, 0.0000, '+', 0, '+', 0.00000000, '+'),
(2412, 979, 25, 2, 75, 0, 0, 0.0000, '+', 0, '+', 0.00000000, '+'),
(2395, 973, 13, 11, 79, 1, 0, 13.0000, '+', 0, '+', 0.00000000, '+'),
(2469, 1000, 26, 2, 74, 1, 0, 0.0000, '+', 0, '+', 0.00000000, '+'),
(2470, 1000, 26, 2, 75, 1, 0, 0.0000, '+', 0, '+', 0.00000000, '+'),
(2466, 999, 27, 2, 75, 1, 0, 0.0000, '+', 0, '+', 0.00000000, '+'),
(2465, 999, 27, 2, 74, 1, 0, 0.0000, '+', 0, '+', 0.00000000, '+'),
(2464, 999, 27, 2, 72, 1, 0, 0.0000, '+', 0, '+', 0.00000000, '+'),
(2463, 999, 27, 2, 71, 1, 0, 0.0000, '+', 0, '+', 0.00000000, '+'),
(2316, 943, 27, 2, 75, 0, 1, 0.0000, '+', 0, '+', 0.00000000, '+'),
(2482, 1006, 29, 2, 75, 1, 0, 0.0000, '+', 0, '+', 0.00000000, '+'),
(2492, 1009, 35, 2, 74, 1, 0, 0.0000, '+', 0, '+', 0.00000000, '+'),
(2445, 992, 30, 11, 69, 1, 0, 0.0000, '+', 0, '+', 0.00000000, '+'),
(2444, 991, 30, 11, 70, 1, 0, 0.0000, '+', 0, '+', 0.00000000, '+'),
(2443, 991, 30, 11, 69, 1, 0, 0.0000, '+', 0, '+', 0.00000000, '+'),
(2504, 1014, 31, 11, 69, 0, 0, 0.0000, '', 0, '+', 0.00000000, '+'),
(2503, 1014, 31, 11, 68, 1, 0, 0.0000, '+', 0, '+', 0.00000000, '+'),
(2502, 1013, 31, 11, 69, 1, 0, 38.0000, '+', 0, '+', 0.00000000, '+'),
(2516, 1018, 32, 11, 67, 1, 0, 0.0000, '+', 0, '+', 0.00000000, '+'),
(2334, 949, 33, 2, 71, 0, 1, 0.0000, '+', 0, '+', 0.00000000, '+'),
(2335, 949, 33, 2, 76, 0, 1, 0.0000, '+', 0, '+', 0.00000000, '+'),
(2455, 996, 34, 2, 76, 1, 0, 0.0000, '+', 0, '+', 0.00000000, '+'),
(2491, 1009, 35, 2, 72, 1, 0, 0.0000, '+', 0, '+', 0.00000000, '+'),
(2490, 1009, 35, 2, 71, 1, 0, 0.0000, '+', 0, '+', 0.00000000, '+'),
(2489, 1008, 36, 2, 72, 1, 0, 0.0000, '+', 0, '+', 0.00000000, '+'),
(2478, 1004, 37, 2, 72, 1, 0, 0.0000, '+', 0, '+', 0.00000000, '+'),
(2411, 979, 25, 2, 74, 0, 0, 0.0000, '+', 0, '+', 0.00000000, '+'),
(2574, 1042, 22, 2, 71, 0, 0, 0.0000, '+', 0, '+', 0.00000000, '+'),
(2573, 1042, 22, 2, 49, 0, 0, 0.0000, '+', 0, '+', 0.00000000, '+'),
(2568, 1039, 54, 16, 89, 1, 0, 12.0000, '+', 0, '+', 0.00000000, '+'),
(2506, 1015, 32, 2, 74, 1, 0, 0.0000, '+', 0, '+', 0.00000000, '+'),
(2453, 995, 33, 2, 76, 1, 0, 0.0000, '+', 0, '+', 0.00000000, '+'),
(2452, 995, 33, 2, 71, 1, 0, 0.0000, '+', 0, '+', 0.00000000, '+'),
(2487, 1007, 43, 2, 76, 1, 0, 0.0000, '+', 0, '+', 0.00000000, '+'),
(2486, 1007, 43, 2, 74, 1, 0, 0.0000, '+', 0, '+', 0.00000000, '+'),
(2485, 1007, 43, 2, 73, 1, 0, 0.0000, '+', 0, '+', 0.00000000, '+'),
(2457, 997, 44, 2, 73, 1, 0, 0.0000, '+', 0, '+', 0.00000000, '+'),
(2456, 997, 44, 2, 72, 1, 0, 0.0000, '+', 0, '+', 0.00000000, '+'),
(2364, 960, 45, 2, 72, 1, 1, 0.0000, '+', 0, '+', 0.00000000, '+'),
(2363, 960, 45, 2, 71, 3, 1, 0.0000, '+', 0, '+', 0.00000000, '+'),
(2366, 961, 46, 2, 72, 1, 1, 0.0000, '+', 0, '+', 0.00000000, '+'),
(2365, 961, 46, 2, 71, 1, 1, 0.0000, '+', 0, '+', 0.00000000, '+'),
(2451, 994, 42, 2, 74, 1, 0, 0.0000, '+', 0, '+', 0.00000000, '+'),
(2484, 1007, 43, 2, 72, 1, 0, 0.0000, '+', 0, '+', 0.00000000, '+'),
(2481, 1006, 29, 2, 71, 1, 0, 0.0000, '+', 0, '+', 0.00000000, '+'),
(2567, 1039, 54, 16, 88, 1, 0, 0.0000, '+', 0, '+', 0.00000000, '+'),
(2566, 1038, 54, 16, 89, 1, 0, 12.0000, '+', 0, '+', 0.00000000, '+'),
(2563, 1037, 54, 16, 88, 1, 0, 0.0000, '+', 0, '+', 0.00000000, '+'),
(2564, 1037, 54, 16, 89, 1, 0, 12.0000, '+', 0, '+', 0.00000000, '+'),
(2515, 1018, 32, 11, 66, 1, 0, 0.0000, '+', 0, '+', 0.00000000, '+'),
(2570, 1040, 55, 16, 91, 1, 0, 0.0000, '+', 0, '+', 0.00000000, '+'),
(2569, 1040, 55, 16, 90, 1, 0, 11.0000, '+', 0, '+', 0.00000000, '+'),
(2404, 977, 57, 15, 87, 0, 0, 0.0000, '+', 0, '+', 0.00000000, '+'),
(2403, 977, 57, 15, 86, 0, 0, 0.0000, '+', 0, '+', 0.00000000, '+'),
(2382, 968, 59, 2, 92, 1, 1, 0.0000, '+', 0, '+', 0.00000000, '+'),
(2381, 968, 59, 2, 73, 1, 1, 0.0000, '+', 0, '+', 0.00000000, '+'),
(2394, 973, 13, 11, 78, 1, 0, 9.0000, '+', 0, '+', 0.00000000, '+'),
(2393, 973, 13, 11, 77, 0, 0, 0.0000, '+', 0, '+', 0.00000000, '+'),
(2390, 971, 41, 2, 80, 1, 0, 10.0000, '+', 0, '+', 0.10000000, '-'),
(2389, 971, 41, 2, 73, 1, 0, 10.0000, '+', 0, '+', 0.10000000, '-'),
(2388, 971, 41, 2, 72, 1, 0, 10.0000, '+', 0, '+', 0.10000000, '-'),
(2387, 970, 41, 2, 80, 1, 0, 0.0000, '+', 0, '+', 0.20000000, '-'),
(2386, 970, 41, 2, 73, 1, 0, 0.0000, '+', 0, '+', 0.20000000, '-'),
(2385, 970, 41, 2, 72, 1, 0, 0.0000, '+', 0, '+', 0.20000000, '-'),
(2384, 969, 41, 11, 78, 3, 0, 10.0000, '+', 0, '+', 0.10000000, '-'),
(2383, 969, 41, 11, 77, 3, 0, 0.0000, '+', 0, '+', 0.20000000, '-'),
(2397, 974, 18, 2, 71, 1, 1, 0.0000, '+', 0, '+', 0.00000000, '+'),
(2396, 974, 18, 2, 49, 0, 1, 0.0000, '+', 0, '+', 0.00000000, '+'),
(2402, 976, 40, 11, 79, 2, 0, 46.0000, '+', 0, '+', 0.74000000, '+'),
(2401, 976, 40, 11, 78, 2, 0, 23.0000, '+', 0, '+', 0.78000000, '+'),
(2400, 976, 40, 11, 77, 0, 0, 0.0000, '+', 0, '+', 0.06000000, '+'),
(2410, 979, 25, 2, 72, 0, 0, 0.0000, '+', 0, '+', 0.00000000, '+'),
(2409, 979, 25, 2, 71, 0, 0, 0.0000, '+', 0, '+', 0.00000000, '+'),
(2442, 990, 30, 11, 70, 1, 0, 0.0000, '+', 0, '+', 0.00000000, '+'),
(2441, 990, 30, 11, 69, 1, 0, 0.0000, '+', 0, '+', 0.00000000, '+'),
(2440, 989, 30, 11, 70, 1, 0, 0.0000, '+', 0, '+', 0.00000000, '+'),
(2439, 989, 30, 11, 69, 1, 0, 0.0000, '+', 0, '+', 0.00000000, '+'),
(2438, 988, 30, 2, 75, 2, 0, 0.0000, '+', 0, '+', 0.00000000, '+'),
(2437, 988, 30, 2, 74, 2, 0, 0.0000, '+', 0, '+', 0.00000000, '+'),
(2436, 988, 30, 2, 73, 2, 0, 0.0000, '+', 0, '+', 0.00000000, '+'),
(2435, 988, 30, 2, 71, 2, 0, 0.0000, '+', 0, '+', 0.00000000, '+'),
(2450, 994, 42, 2, 73, 1, 0, 0.0000, '+', 0, '+', 0.00000000, '+'),
(2449, 994, 42, 2, 71, 1, 0, 0.0000, '+', 0, '+', 0.00000000, '+'),
(2454, 996, 34, 2, 71, 1, 0, 0.0000, '+', 0, '+', 0.00000000, '+'),
(2337, 950, 34, 2, 76, 0, 1, 0.0000, '+', 0, '+', 0.00000000, '+'),
(2336, 950, 34, 2, 71, 0, 1, 0.0000, '+', 0, '+', 0.00000000, '+'),
(2458, 997, 44, 2, 80, 1, 0, 0.0000, '+', 0, '+', 0.00000000, '+'),
(2362, 959, 44, 2, 80, 0, 1, 0.0000, '+', 0, '+', 0.00000000, '+'),
(2361, 959, 44, 2, 73, 0, 1, 0.0000, '+', 0, '+', 0.00000000, '+'),
(2360, 959, 44, 2, 72, 0, 1, 0.0000, '+', 0, '+', 0.00000000, '+'),
(2314, 943, 27, 2, 72, 0, 1, 0.0000, '+', 0, '+', 0.00000000, '+'),
(2315, 943, 27, 2, 74, 0, 1, 0.0000, '+', 0, '+', 0.00000000, '+'),
(2462, 998, 28, 2, 75, 1, 0, 0.0000, '+', 0, '+', 0.00000000, '+'),
(2461, 998, 28, 2, 74, 1, 0, 0.0000, '+', 0, '+', 0.00000000, '+'),
(2460, 998, 28, 2, 72, 1, 0, 0.0000, '+', 0, '+', 0.00000000, '+'),
(2459, 998, 28, 2, 71, 1, 0, 0.0000, '+', 0, '+', 0.00000000, '+'),
(2313, 943, 27, 2, 71, 0, 1, 0.0000, '+', 0, '+', 0.00000000, '+'),
(2468, 1000, 26, 2, 72, 1, 0, 0.0000, '+', 0, '+', 0.00000000, '+'),
(2467, 1000, 26, 2, 71, 1, 0, 0.0000, '+', 0, '+', 0.00000000, '+'),
(2477, 1004, 37, 2, 71, 1, 0, 0.0000, '+', 0, '+', 0.00000000, '+'),
(2476, 1003, 38, 11, 95, 1, 0, 0.0000, '+', 0, '+', 0.00000000, '+'),
(2475, 1003, 38, 11, 93, 1, 0, 0.0000, '+', 0, '+', 0.00000000, '+'),
(2474, 1002, 38, 11, 95, 1, 0, 0.0000, '+', 0, '+', 0.00000000, '+'),
(2473, 1002, 38, 11, 93, 1, 0, 0.0000, '+', 0, '+', 0.00000000, '+'),
(2472, 1001, 38, 2, 72, 2, 0, 0.0000, '+', 0, '+', 0.00000000, '+'),
(2471, 1001, 38, 2, 71, 2, 0, 0.0000, '+', 0, '+', 0.00000000, '+'),
(2480, 1005, 48, 14, 82, 1, 0, 300.0000, '+', 0, '+', 0.30000000, '-'),
(2479, 1005, 48, 14, 81, 3, 0, 0.0000, '+', 0, '+', 0.00000000, '+'),
(2483, 1007, 43, 2, 71, 1, 0, 0.0000, '+', 0, '+', 0.00000000, '+'),
(2488, 1008, 36, 2, 71, 1, 0, 0.0000, '+', 0, '+', 0.00000000, '+'),
(2501, 1013, 31, 11, 68, 1, 0, 0.0000, '+', 0, '+', 0.00000000, '+'),
(2500, 1012, 31, 11, 69, 1, 0, 38.0000, '+', 0, '+', 0.00000000, '+'),
(2499, 1012, 31, 11, 68, 1, 0, 0.0000, '+', 0, '+', 0.00000000, '+'),
(2498, 1011, 31, 11, 69, 1, 0, 38.0000, '+', 0, '+', 0.00000000, '+'),
(2497, 1011, 31, 11, 68, 1, 0, 0.0000, '+', 0, '+', 0.00000000, '+'),
(2496, 1010, 31, 2, 76, 1, 0, 0.0000, '+', 0, '+', 0.00000000, '+'),
(2495, 1010, 31, 2, 75, 2, 0, 0.0000, '+', 0, '+', 0.00000000, '+'),
(2494, 1010, 31, 2, 74, 2, 0, 0.0000, '+', 0, '+', 0.00000000, '+'),
(2493, 1010, 31, 2, 71, 2, 0, 0.0000, '+', 0, '+', 0.00000000, '+'),
(2514, 1018, 32, 11, 65, 1, 0, 0.0000, '+', 0, '+', 0.00000000, '+'),
(2513, 1017, 32, 11, 67, 0, 0, 0.0000, '+', 0, '+', 0.00000000, '+'),
(2510, 1016, 32, 11, 67, 1, 0, 0.0000, '+', 0, '+', 0.00000000, '+'),
(2511, 1017, 32, 11, 65, 0, 0, 0.0000, '+', 0, '+', 0.00000000, '+'),
(2512, 1017, 32, 11, 66, 1, 0, 0.0000, '+', 0, '+', 0.00000000, '+'),
(2509, 1016, 32, 11, 66, 1, 0, 0.0000, '+', 0, '+', 0.00000000, '+'),
(2508, 1016, 32, 11, 65, 1, 0, 0.0000, '+', 0, '+', 0.00000000, '+'),
(2507, 1015, 32, 2, 75, 3, 0, 0.0000, '+', 0, '+', 0.00000000, '+'),
(2565, 1038, 54, 16, 88, 1, 0, 0.0000, '+', 0, '+', 0.00000000, '+'),
(2561, 1036, 54, 16, 88, 1, 0, 0.0000, '+', 0, '+', 0.00000000, '+'),
(2562, 1036, 54, 16, 89, 1, 0, 12.0000, '+', 0, '+', 0.00000000, '+'),
(2560, 1035, 54, 16, 89, 1, 0, 12.0000, '+', 0, '+', 0.00000000, '+'),
(2557, 1034, 54, 13, 85, 2, 0, 0.0000, '+', 0, '+', 0.00000000, '+'),
(2558, 1034, 54, 13, 96, 2, 0, 0.0000, '+', 0, '+', 0.00000000, '+'),
(2559, 1035, 54, 16, 88, 1, 0, 0.0000, '+', 0, '+', 0.00000000, '+'),
(2556, 1034, 54, 13, 84, 2, 0, 0.0000, '+', 0, '+', 0.00000000, '+'),
(2555, 1034, 54, 13, 83, 2, 0, 0.0000, '+', 0, '+', 0.00000000, '+'),
(2554, 1034, 54, 13, 64, 2, 0, 0.0000, '+', 0, '+', 0.00000000, '+'),
(2505, 1015, 32, 2, 71, 3, 0, 0.0000, '+', 0, '+', 0.00000000, '+'),
(2572, 1041, 21, 2, 71, 0, 0, 0.0000, '+', 0, '+', 0.00000000, '+'),
(2571, 1041, 21, 2, 49, 0, 0, 0.0000, '+', 0, '+', 0.00000000, '+');

-- --------------------------------------------------------

--
